{"id":12473,"date":"2019-12-12T09:33:21","date_gmt":"2019-12-12T08:33:21","guid":{"rendered":"https:\/\/www.cai.cz\/?page_id=12473"},"modified":"2024-12-19T10:36:10","modified_gmt":"2024-12-19T09:36:10","slug":"prohlaseni-o-pristupnosti","status":"publish","type":"page","link":"https:\/\/www.cai.cz\/?page_id=12473","title":{"rendered":"Prohl\u00e1\u0161en\u00ed o p\u0159\u00edstupnosti"},"content":{"rendered":"\n<p>\u010cesk\u00fd institut pro akreditaci, o.p.s. se zavazuje k zp\u0159\u00edstupn\u011bn\u00ed sv\u00e9 webov\u00e9 str\u00e1nky <a href=\"http:\/\/www.cai.cz\">www.cai.cz<\/a> v souladu se z\u00e1konem \u010d. 99\/2019 Sb., o p\u0159\u00edstupnosti internetov\u00fdch str\u00e1nek a mobiln\u00edch aplikac\u00ed a o zm\u011bn\u011b z\u00e1kona \u010d.\u00a0365\/2000 Sb., o informa\u010dn\u00edch syst\u00e9mech ve\u0159ejn\u00e9 spr\u00e1vy a o zm\u011bn\u011b n\u011bkter\u00fdch dal\u0161\u00edch z\u00e1kon\u016f, ve zn\u011bn\u00ed pozd\u011bj\u0161\u00edch p\u0159edpis\u016f. \u010cesk\u00fd institut pro akreditaci, o.p.s. nespravuje mobiln\u00ed aplikace.<\/p>\n<p>Toto prohl\u00e1\u0161en\u00ed o p\u0159\u00edstupnosti se vztahuje na webovou str\u00e1nku <a href=\"http:\/\/www.cai.cz\">www.cai.cz<\/a>.<\/p>\n<p>\u00a0<\/p>\n<p><strong>Stav souladu<\/strong><\/p>\n<p>Tato webov\u00e1 str\u00e1nka je pln\u011b v souladu se z\u00e1konem \u010d. 99\/2019 Sb., o p\u0159\u00edstupnosti internetov\u00fdch str\u00e1nek a\u00a0mobiln\u00edch aplikac\u00ed a o zm\u011bn\u011b z\u00e1kona \u010d. 365\/2000 Sb., o informa\u010dn\u00edch syst\u00e9mech ve\u0159ejn\u00e9 spr\u00e1vy a o zm\u011bn\u011b n\u011bkter\u00fdch dal\u0161\u00edch z\u00e1kon\u016f, ve zn\u011bn\u00ed pozd\u011bj\u0161\u00edch p\u0159edpis\u016f.<\/p>\n<p><strong>Vypracov\u00e1n\u00ed tohoto prohl\u00e1\u0161en\u00ed o p\u0159\u00edstupnosti<\/strong><\/p>\n<p>Toto prohl\u00e1\u0161en\u00ed bylo vypracov\u00e1no dne 9. 4. 2019 metodou vlastn\u00edho posouzen\u00ed.<\/p>\n<p>Prohl\u00e1\u0161en\u00ed o p\u0159\u00edstupnosti odpov\u00edd\u00e1 vzoru stanoven\u00e9mu prov\u00e1d\u011bc\u00edm aktem Evropsk\u00e9 komise vydan\u00fdm podle \u010dl. 7 odst. 2 sm\u011brnice Evropsk\u00e9ho parlamentu a Rady (EU) 2016\/2102.<\/p>\n<p><strong>Zp\u011btn\u00e1 vazba a kontaktn\u00ed \u00fadaje<\/strong><\/p>\n<p>Zp\u011btnou vazbu, n\u00e1m\u011bty \u010di informace o probl\u00e9mech p\u0159i zobrazovan\u00ed t\u00e9to str\u00e1nky, stejn\u011b jako p\u0159\u00edpadn\u00e9 dotazy, n\u00e1vrhy nebo p\u0159ipom\u00ednky t\u00fdkaj\u00edc\u00ed se obsahu webov\u00e9 str\u00e1nky \u010di d\u016fvodn\u00e9ho podez\u0159en\u00ed, \u017ee webov\u00e1 str\u00e1nka nespl\u0148uje po\u017eadavky z\u00e1kona \u010d. 99\/2019 Sb., o p\u0159\u00edstupnosti internetov\u00fdch str\u00e1nek a mobiln\u00edch aplikac\u00ed a\u00a0o\u00a0zm\u011bn\u011b z\u00e1kona \u010d.\u00a0365\/2000 Sb., o informa\u010dn\u00edch syst\u00e9mech ve\u0159ejn\u00e9 spr\u00e1vy a o zm\u011bn\u011b n\u011bkter\u00fdch dal\u0161\u00edch z\u00e1kon\u016f, ve zn\u011bn\u00ed pozd\u011bj\u0161\u00edch p\u0159edpis\u016f, v\u010detn\u011b mo\u017enosti podat podn\u011bt v\u016f\u010di p\u0159\u00edslu\u0161n\u00fdm st\u00e1tn\u00edm org\u00e1n\u016fm, m\u016f\u017eete ps\u00e1t na adresu <a href=\"mailto:mail@cai.cz\">mail@cai.cz<\/a>.<\/p>\n<p><strong>Postupy pro prosazov\u00e1n\u00ed pr\u00e1va<\/strong><\/p>\n<p>Kontrolu pln\u011bn\u00ed povinnost\u00ed stanoven\u00fdch z\u00e1konem \u010d. 99\/2019 Sb., o p\u0159\u00edstupnosti internetov\u00fdch str\u00e1nek a\u00a0mobiln\u00edch aplikac\u00ed a o zm\u011bn\u011b z\u00e1kona \u010d. 365\/2000 Sb., o informa\u010dn\u00edch syst\u00e9mech ve\u0159ejn\u00e9 spr\u00e1vy a o zm\u011bn\u011b n\u011bkter\u00fdch dal\u0161\u00edch z\u00e1kon\u016f, ve zn\u011bn\u00ed pozd\u011bj\u0161\u00edch p\u0159edpis\u016f, stejn\u011b jako sledov\u00e1n\u00ed, zda internetov\u00e9 str\u00e1nky a\u00a0mobiln\u00ed aplikace spravovan\u00e9 povinn\u00fdmi subjekty spl\u0148uj\u00ed po\u017eadavky uveden\u00e9ho z\u00e1kona, vykon\u00e1v\u00e1 Ministerstvo vnitra.<\/p>\n<p>\u00a0<\/p>\n<p>Kontaktn\u00ed \u00fadaje p\u0159\u00edslu\u0161n\u00e9ho org\u00e1nu pro prosazov\u00e1n\u00ed pr\u00e1va:<br \/>Ministerstvo vnitra<br \/>odbor eGovernmentu<br \/>n\u00e1m\u011bst\u00ed Hrdin\u016f 1634\/3<br \/>140 21 Praha 4<br \/>e-mail: <a href=\"mailto:pristupnost@mvcr.cz\">pristupnost@mvcr.cz<\/a><\/p>\n\n\n\n<hr class=\"wp-block-separator has-alpha-channel-opacity is-style-wide\"\/>\n\n\n\n<p>\u00a0<\/p>\n<p><strong>POKRA\u010cOVAT D\u00c1L:\u00a0<\/strong>\u00a0<br \/><a href=\"https:\/\/www.cai.cz\/?page_id=1746\" target=\"_blank\" rel=\"noreferrer noopener\"><span style=\"text-decoration: underline;\">\u00da\u0159edn\u00ed deska<\/span><\/a> \u00a0\u00a0&gt; \u00a0\u00a0<br \/><a href=\"https:\/\/www.cai.cz\/?page_id=1762\" target=\"_blank\" rel=\"noreferrer noopener\">Povinn\u011b zve\u0159ej\u0148ovan\u00e9 informace<\/a> \u00a0\u00a0<a href=\"https:\/\/www.cai.cz\/?page_id=1774\" target=\"_blank\" rel=\"noreferrer noopener\">Ochrana osobn\u00edch \u00fadaj\u016f<\/a> \u00a0\u00a0<a href=\"https:\/\/www.cai.cz\/?page_id=1748\" target=\"_blank\" rel=\"noreferrer noopener\">Informace poskytnut\u00e9 dle z\u00e1kona \u010d. 106\/1999 Sb.<\/a> \u00a0\u00a0<a href=\"https:\/\/www.cai.cz\/?page_id=17434\" target=\"_blank\" rel=\"noreferrer noopener\">Podm\u00ednky pr\u00e1ce s\u00a0cookies<\/a><br \/><br \/><span style=\"text-decoration: underline;\"><a href=\"https:\/\/www.cai.cz\/?page_id=23\" target=\"_blank\" rel=\"noreferrer noopener\">O n\u00e1s<\/a><\/span> \u00a0\u00a0&gt; \u00a0\u00a0<br \/><span style=\"text-decoration: underline;\"><a href=\"https:\/\/www.cai.cz\/?page_id=1920\" target=\"_blank\" rel=\"noreferrer noopener\">Statut\u00e1rn\u00ed dokumenty<\/a><\/span> \u00a0\u00a0<span style=\"text-decoration: underline;\"><a href=\"https:\/\/www.cai.cz\/?page_id=1923\" target=\"_blank\" rel=\"noreferrer noopener\">Org\u00e1ny \u010cIA<\/a><\/span> \u00a0\u00a0<a href=\"https:\/\/www.cai.cz\/?page_id=2211\" target=\"_blank\" rel=\"noreferrer noopener\"><span style=\"text-decoration: underline;\">Poradn\u00ed org\u00e1ny \u010cIA<\/span><\/a> \u00a0\u00a0<span style=\"text-decoration: underline;\"><a href=\"https:\/\/www.cai.cz\/?page_id=1925\" target=\"_blank\" rel=\"noreferrer noopener\">V\u00fdro\u010dn\u00ed zpr\u00e1vy<\/a><\/span>\u00a0 \u00a0<a href=\"https:\/\/www.cai.cz\/?page_id=1765\" target=\"_blank\" rel=\"noopener\">Legislativa<\/a>\u00a0 \u00a0<a href=\"https:\/\/www.cai.cz\/?page_id=1963\" target=\"_blank\" rel=\"noreferrer noopener\"><span style=\"text-decoration: underline;\">Publikace<\/span><\/a> \u00a0\u00a0<span style=\"text-decoration: underline;\"><a href=\"https:\/\/www.cai.cz\/?page_id=1753\" target=\"_blank\" rel=\"noreferrer noopener\">CTN<\/a><\/span> \u00a0\u00a0<a href=\"https:\/\/www.cai.cz\/?page_id=1768\" target=\"_blank\" rel=\"noreferrer noopener\"><span style=\"text-decoration: underline;\">Pracovn\u00ed nab\u00eddky<\/span><\/a> \u00a0\u00a0<span style=\"text-decoration: underline;\"><a href=\"https:\/\/www.cai.cz\/?page_id=1771\" target=\"_blank\" rel=\"noreferrer noopener\">Ve\u0159ejn\u00e9 projedn\u00e1v\u00e1n\u00ed<\/a><\/span> \u00a0\u00a0<br \/><span style=\"text-decoration: underline;\"><a href=\"https:\/\/www.cai.cz\/?page_id=1928\" target=\"_blank\" rel=\"noreferrer noopener\">Vz\u00e1jemn\u00e9 hodnocen\u00ed<\/a><\/span> \u00a0\u00a0<span style=\"text-decoration: underline;\"><a href=\"https:\/\/www.cai.cz\/?page_id=15395\" target=\"_blank\" rel=\"noreferrer noopener\">Ochrana oznamovatel\u016f<\/a><\/span> \u00a0\u00a0<span style=\"text-decoration: underline;\"><a href=\"https:\/\/www.cai.cz\/?page_id=19432\" target=\"_blank\" rel=\"noreferrer noopener\">Intern\u00ed protikorup\u010dn\u00ed program<\/a><\/span> \u00a0\u00a0<span style=\"text-decoration: underline;\"><a href=\"https:\/\/www.cai.cz\/?page_id=17508\" target=\"_blank\" rel=\"noreferrer noopener\">Politika nestrannosti<\/a><\/span> \u00a0\u00a0<span style=\"text-decoration: underline;\"><a href=\"https:\/\/www.cai.cz\/?page_id=1777\">Odkazy<\/a><\/span><\/p>\n","protected":false},"excerpt":{"rendered":"<p>\u010cesk\u00fd institut pro akreditaci, o.p.s. se zavazuje k zp\u0159\u00edstupn\u011bn\u00ed sv\u00e9 webov\u00e9 str\u00e1nky www.cai.cz v souladu se z\u00e1konem \u010d. 99\/2019 Sb., o p\u0159\u00edstupnosti internetov\u00fdch str\u00e1nek a&hellip;<\/p>\n","protected":false},"author":2,"featured_media":0,"parent":1746,"menu_order":0,"comment_status":"closed","ping_status":"closed","template":"","meta":{"_acf_changed":false,"_price":"","_stock":"","_tribe_ticket_header":"","_tribe_default_ticket_provider":"","_tribe_ticket_capacity":"0","_ticket_start_date":"","_ticket_end_date":"","_tribe_ticket_show_description":"","_tribe_ticket_show_not_going":false,"_tribe_ticket_use_global_stock":"","_tribe_ticket_global_stock_level":"","_global_stock_mode":"","_global_stock_cap":"","_tribe_rsvp_for_event":"","_tribe_ticket_going_count":"","_tribe_ticket_not_going_count":"","_tribe_tickets_list":"[]","_tribe_ticket_has_attendee_info_fields":false,"footnotes":"","_tec_slr_enabled":"","_tec_slr_layout":""},"class_list":["post-12473","page","type-page","status-publish","hentry"],"acf":[],"ticketed":false,"_links":{"self":[{"href":"https:\/\/www.cai.cz\/index.php?rest_route=\/wp\/v2\/pages\/12473","targetHints":{"allow":["GET"]}}],"collection":[{"href":"https:\/\/www.cai.cz\/index.php?rest_route=\/wp\/v2\/pages"}],"about":[{"href":"https:\/\/www.cai.cz\/index.php?rest_route=\/wp\/v2\/types\/page"}],"author":[{"embeddable":true,"href":"https:\/\/www.cai.cz\/index.php?rest_route=\/wp\/v2\/users\/2"}],"replies":[{"embeddable":true,"href":"https:\/\/www.cai.cz\/index.php?rest_route=%2Fwp%2Fv2%2Fcomments&post=12473"}],"version-history":[{"count":6,"href":"https:\/\/www.cai.cz\/index.php?rest_route=\/wp\/v2\/pages\/12473\/revisions"}],"predecessor-version":[{"id":19491,"href":"https:\/\/www.cai.cz\/index.php?rest_route=\/wp\/v2\/pages\/12473\/revisions\/19491"}],"up":[{"embeddable":true,"href":"https:\/\/www.cai.cz\/index.php?rest_route=\/wp\/v2\/pages\/1746"}],"wp:attachment":[{"href":"https:\/\/www.cai.cz\/index.php?rest_route=%2Fwp%2Fv2%2Fmedia&parent=12473"}],"curies":[{"name":"wp","href":"https:\/\/api.w.org\/{rel}","templated":true}]}}