{"id":139,"date":"2018-07-25T09:21:07","date_gmt":"2018-07-25T07:21:07","guid":{"rendered":"http:\/\/srvwww1.cai.internal\/?page_id=139"},"modified":"2024-09-02T10:23:56","modified_gmt":"2024-09-02T08:23:56","slug":"kontakty","status":"publish","type":"page","link":"https:\/\/www.cai.cz\/?page_id=139","title":{"rendered":"Kontakty"},"content":{"rendered":"\n<p>N\u00e1zev:&nbsp;&nbsp;&nbsp;&nbsp;<strong>\u010cesk\u00fd institut pro akreditaci, o.p.s.<\/strong><br>Zkratka:&nbsp;&nbsp;\u010cIA<\/p>\n\n\n\n<p>S\u00eddlo:\u00a0\u00a0\u00a0\u00a0\u00a0\u00a0H\u00e1jkova 2747\/22, \u017di\u017ekov, 130 00 Praha 3<br>I\u010cO:\u00a0\u00a0\u00a0\u00a0\u00a0\u00a0\u00a0\u00a025677675 <br>DI\u010c:\u00a0\u00a0\u00a0\u00a0\u00a0\u00a0\u00a0\u00a0CZ25677675<\/p>\n\n\n\n<p>\u010cesk\u00fd institut pro akreditaci, o.p.s. je zaps\u00e1n v rejst\u0159\u00edku obecn\u011b prosp\u011b\u0161n\u00fdch spole\u010dnost\u00ed veden\u00e9m M\u011bstsk\u00fdm soudem v Praze, odd\u00edl O, vlo\u017eka 47.<\/p>\n\n\n\n<p>Bankovn\u00ed spojen\u00ed: Komer\u010dn\u00ed banka, a.s. pobo\u010dka Praha 1, Na P\u0159\u00edkop\u011b 969\/33, \u00fa\u010det \u010d\u00edslo: 4000134031\/0100<\/p>\n\n\n\n<p>IBAN: CZ5701000000004000134031, BIC (SWIFT), KOMBCZPPXXX<\/p>\n\n\n\n<form id=\"ctl02\" action=\"\/o-nas\/kontakty.aspx\" method=\"post\">\n<div class=\"content\">\n<div class=\"content\">\n<div class=\"main cs\">\n<div class=\"textHolder\">\n<div class=\"content\">\n<div class=\"content\">\n<div class=\"main cs\">\n<div class=\"textHolder\"><strong>Telefon: +420 272 096 222<\/strong><br>\nE-mail: &nbsp;&nbsp;&nbsp;<span style=\"text-decoration: underline;\"><a href=\"mailto:mail@cai.cz\">mail@cai.cz<\/a><\/span><br>\nWeb: &nbsp;&nbsp;&nbsp;&nbsp;&nbsp;&nbsp;<a href=\"http:\/\/www.cai.cz\"><span style=\"text-decoration: underline;\">www.cai.cz<\/span><\/a><\/div>\n<\/div>\n<\/div>\n<\/div>\n<\/div>\n<\/div>\n<\/div>\n<\/div>\n<\/form>\n\n\n\n<p>Datov\u00e1 schr\u00e1nka ID: c4cnq5k<\/p>\n\n\n\n<hr class=\"wp-block-separator has-css-opacity is-style-wide\"\/>\n\n\n\n<p><strong>POKRA\u010cOVAT D\u00c1L:<\/strong> <br><span style=\"text-decoration: underline;\"><a href=\"https:\/\/www.cai.cz\/?page_id=1703\">Podatelna<\/a><\/span> &nbsp; <span style=\"text-decoration: underline;\"><a href=\"https:\/\/www.cai.cz\/?page_id=1705\">Pracovi\u0161t\u011b Praha<\/a><\/span>&nbsp; <a href=\"https:\/\/www.cai.cz\/?page_id=1709\"><span style=\"text-decoration: underline;\">Pracovi\u0161t\u011b Brno<\/span><\/a>&nbsp;&nbsp; <a href=\"https:\/\/www.cai.cz\/?page_id=1733\"><span style=\"text-decoration: underline;\">\u00datvary a zam\u011bstnanci<\/span><\/a><\/p>\n","protected":false},"excerpt":{"rendered":"<p>N\u00e1zev:&nbsp;&nbsp;&nbsp;&nbsp;\u010cesk\u00fd institut pro akreditaci, o.p.s.Zkratka:&nbsp;&nbsp;\u010cIA S\u00eddlo:\u00a0\u00a0\u00a0\u00a0\u00a0\u00a0H\u00e1jkova 2747\/22, \u017di\u017ekov, 130 00 Praha 3I\u010cO:\u00a0\u00a0\u00a0\u00a0\u00a0\u00a0\u00a0\u00a025677675 DI\u010c:\u00a0\u00a0\u00a0\u00a0\u00a0\u00a0\u00a0\u00a0CZ25677675 \u010cesk\u00fd institut pro akreditaci, o.p.s. je zaps\u00e1n v rejst\u0159\u00edku obecn\u011b prosp\u011b\u0161n\u00fdch spole\u010dnost\u00ed&hellip;<\/p>\n","protected":false},"author":2,"featured_media":0,"parent":0,"menu_order":0,"comment_status":"closed","ping_status":"closed","template":"","meta":{"_acf_changed":false,"_price":"","_stock":"","_tribe_ticket_header":"","_tribe_default_ticket_provider":"","_tribe_ticket_capacity":"0","_ticket_start_date":"","_ticket_end_date":"","_tribe_ticket_show_description":"","_tribe_ticket_show_not_going":false,"_tribe_ticket_use_global_stock":"","_tribe_ticket_global_stock_level":"","_global_stock_mode":"","_global_stock_cap":"","_tribe_rsvp_for_event":"","_tribe_ticket_going_count":"","_tribe_ticket_not_going_count":"","_tribe_tickets_list":"[]","_tribe_ticket_has_attendee_info_fields":false,"footnotes":"","_tec_slr_enabled":"","_tec_slr_layout":""},"class_list":["post-139","page","type-page","status-publish","hentry"],"acf":[],"ticketed":false,"_links":{"self":[{"href":"https:\/\/www.cai.cz\/index.php?rest_route=\/wp\/v2\/pages\/139","targetHints":{"allow":["GET"]}}],"collection":[{"href":"https:\/\/www.cai.cz\/index.php?rest_route=\/wp\/v2\/pages"}],"about":[{"href":"https:\/\/www.cai.cz\/index.php?rest_route=\/wp\/v2\/types\/page"}],"author":[{"embeddable":true,"href":"https:\/\/www.cai.cz\/index.php?rest_route=\/wp\/v2\/users\/2"}],"replies":[{"embeddable":true,"href":"https:\/\/www.cai.cz\/index.php?rest_route=%2Fwp%2Fv2%2Fcomments&post=139"}],"version-history":[{"count":14,"href":"https:\/\/www.cai.cz\/index.php?rest_route=\/wp\/v2\/pages\/139\/revisions"}],"predecessor-version":[{"id":18987,"href":"https:\/\/www.cai.cz\/index.php?rest_route=\/wp\/v2\/pages\/139\/revisions\/18987"}],"wp:attachment":[{"href":"https:\/\/www.cai.cz\/index.php?rest_route=%2Fwp%2Fv2%2Fmedia&parent=139"}],"curies":[{"name":"wp","href":"https:\/\/api.w.org\/{rel}","templated":true}]}}