{"id":15474,"date":"2022-05-24T09:44:17","date_gmt":"2022-05-24T07:44:17","guid":{"rendered":"https:\/\/www.cai.cz\/?page_id=15474"},"modified":"2022-05-24T13:51:17","modified_gmt":"2022-05-24T11:51:17","slug":"dotazy-a-odpovedi-k-seminari-vyuziti-akreditace-v-regulovane-oblasti-27-4-2022","status":"publish","type":"page","link":"https:\/\/www.cai.cz\/?page_id=15474","title":{"rendered":"Dotazy a odpov\u011bdi k semin\u00e1\u0159i Vyu\u017eit\u00ed akreditace v regulovan\u00e9 oblasti &#8211; 27. 4. 2022"},"content":{"rendered":"\n<blockquote>\n<p>V\u00e1\u017een\u00ed klienti,<\/p>\n<p>n\u00ed\u017ee naleznete odpov\u011bdi na dotazy k semin\u00e1\u0159i.<\/p>\n<\/blockquote>\n<p><strong>Dotaz k\u00a0terminologii v\u00a0r\u00e1mci certifika\u010dn\u00edch org\u00e1n\u016f pro v\u00fdrobky &#8211; m\u00e1 se v praxi pou\u017e\u00edvat terminologie z EA 2\/17 nebo z CPR?<\/strong><\/p>\n<p><em>Posuzov\u00e1n\u00ed shody certifika\u010dn\u00edm org\u00e1nem prob\u00edh\u00e1 v\u00a0dan\u00e9m p\u0159\u00edpad\u011b dle CPR. Z\u00a0tohoto d\u016fvodu se pou\u017eit\u00e1 terminologie \u0159\u00edd\u00ed CPR.<\/em><\/p>\n<p><strong>Pokud bude nov\u011b modul H zaveden pod ISO\/IEC 17021-1, m\u00e1 se pak pro z\u00e1kazn\u00edky prov\u00e1d\u011bt prvn\u00ed certifikace formou dvoustup\u0148ov\u00e9ho auditu? Bude se tedy na n\u011b pohl\u00ed\u017eet jako na nov\u00e9 &#8211; z pohledu posouzen\u00ed pod 17021-1 nov\u00ed budou. Budou na to vytvo\u0159eny do MPA tabulky s \u010dasy pot\u0159ebn\u00fdmi pro audit. K tomu bylo poznamen\u00e1no, \u017ee tabulky obecn\u011b nejsou vytvo\u0159eny pro v\u0161echna sch\u00e9mata, jako je nap\u0159. PED, ale jen pro vybran\u00e1 sch\u00e9mata jako nap\u0159. ISO 9001, 14011,&#8230;.<\/strong><\/p>\n<p><em>U prvotn\u00ed certifikace dle \u010cSN EN ISO 17021-1 je v\u017edy po\u017eadov\u00e1n dvoustup\u0148ov\u00fd audit. Pokud se nejedn\u00e1 z\u00a0pohledu certifika\u010dn\u00edho org\u00e1nu o nov\u00e9ho klienta, nap\u0159. z\u00a0jin\u00fdch oblast\u00ed certifikace, m\u016f\u017ee se prvn\u00ed stupe\u0148 omezit na p\u0159ezkoum\u00e1n\u00ed dokumentace. Pokud se jedn\u00e1 o zcela nov\u00e9ho klienta, prvn\u00ed stupe\u0148 mus\u00ed b\u00fdt uskute\u010dn\u011bn na m\u00edst\u011b, jak po\u017eaduje p\u0159edm\u011btn\u00e1 norma. Dal\u0161\u00ed specifick\u00e9 tabulky pro pot\u0159ebn\u00e9 \u010dasov\u00e9 kapacity audit\u016f nebudou vytv\u00e1\u0159eny.<\/em><\/p>\n<p><strong>Jak stanovit \u010dasovou n\u00e1ro\u010dnost certifikace u modulu H?<\/strong><\/p>\n<p>Stanoven\u00ed doby auditu pro certifikaci podle normy \u010cSN EN ISO 17021-1 stanovuje certifika\u010dn\u00ed org\u00e1n na z\u00e1klad\u011b dokumentu IAF MD 5:2019.<\/p>\n<p><em>\u00a0<\/em><\/p>\n","protected":false},"excerpt":{"rendered":"<p>V\u00e1\u017een\u00ed klienti, n\u00ed\u017ee naleznete odpov\u011bdi na dotazy k semin\u00e1\u0159i. Dotaz k\u00a0terminologii v\u00a0r\u00e1mci certifika\u010dn\u00edch org\u00e1n\u016f pro v\u00fdrobky &#8211; m\u00e1 se v praxi pou\u017e\u00edvat terminologie z EA&hellip;<\/p>\n","protected":false},"author":2,"featured_media":0,"parent":15471,"menu_order":0,"comment_status":"closed","ping_status":"closed","template":"","meta":{"_acf_changed":false,"_price":"","_stock":"","_tribe_ticket_header":"","_tribe_default_ticket_provider":"","_tribe_ticket_capacity":"0","_ticket_start_date":"","_ticket_end_date":"","_tribe_ticket_show_description":"","_tribe_ticket_show_not_going":false,"_tribe_ticket_use_global_stock":"","_tribe_ticket_global_stock_level":"","_global_stock_mode":"","_global_stock_cap":"","_tribe_rsvp_for_event":"","_tribe_ticket_going_count":"","_tribe_ticket_not_going_count":"","_tribe_tickets_list":"[]","_tribe_ticket_has_attendee_info_fields":false,"footnotes":"","_tec_slr_enabled":"","_tec_slr_layout":""},"class_list":["post-15474","page","type-page","status-publish","hentry"],"acf":[],"ticketed":false,"_links":{"self":[{"href":"https:\/\/www.cai.cz\/index.php?rest_route=\/wp\/v2\/pages\/15474","targetHints":{"allow":["GET"]}}],"collection":[{"href":"https:\/\/www.cai.cz\/index.php?rest_route=\/wp\/v2\/pages"}],"about":[{"href":"https:\/\/www.cai.cz\/index.php?rest_route=\/wp\/v2\/types\/page"}],"author":[{"embeddable":true,"href":"https:\/\/www.cai.cz\/index.php?rest_route=\/wp\/v2\/users\/2"}],"replies":[{"embeddable":true,"href":"https:\/\/www.cai.cz\/index.php?rest_route=%2Fwp%2Fv2%2Fcomments&post=15474"}],"version-history":[{"count":2,"href":"https:\/\/www.cai.cz\/index.php?rest_route=\/wp\/v2\/pages\/15474\/revisions"}],"predecessor-version":[{"id":15487,"href":"https:\/\/www.cai.cz\/index.php?rest_route=\/wp\/v2\/pages\/15474\/revisions\/15487"}],"up":[{"embeddable":true,"href":"https:\/\/www.cai.cz\/index.php?rest_route=\/wp\/v2\/pages\/15471"}],"wp:attachment":[{"href":"https:\/\/www.cai.cz\/index.php?rest_route=%2Fwp%2Fv2%2Fmedia&parent=15474"}],"curies":[{"name":"wp","href":"https:\/\/api.w.org\/{rel}","templated":true}]}}