{"id":1703,"date":"2018-09-26T14:58:21","date_gmt":"2018-09-26T12:58:21","guid":{"rendered":"http:\/\/srvwww1.cai.internal\/?page_id=1703"},"modified":"2024-07-11T13:35:01","modified_gmt":"2024-07-11T11:35:01","slug":"podatelna","status":"publish","type":"page","link":"https:\/\/www.cai.cz\/?page_id=1703","title":{"rendered":"Podatelna"},"content":{"rendered":"\n<p>Podatelna \u010cesk\u00e9ho institutu pro akreditaci, o.p.s. slou\u017e\u00ed k p\u0159ij\u00edm\u00e1n\u00ed dokument\u016f v listinn\u00e9 i digit\u00e1ln\u00ed podob\u011b.<\/p>\n\n\n\n<p><strong>Adresa podatelny<\/strong> pro p\u0159\u00edjem dokument\u016f v listinn\u00e9 podob\u011b a v digit\u00e1ln\u00ed podob\u011b na p\u0159enosn\u00fdch technick\u00fdch nosi\u010d\u00edch dat:<\/p>\n\n\n\n<h4 class=\"wp-block-heading\">\u010cesk\u00fd institut pro akreditaci, o.p.s.<br>H\u00e1jkova 2747\/22<br>130 00 Praha 3<\/h4>\n\n\n\n<p><strong>Elektronick\u00e1 adresa podatelny<\/strong> pro p\u0159\u00edjem dokument\u016f v digit\u00e1ln\u00ed podob\u011b je:&nbsp;<a href=\"mailto:mail@cai.cz\">mail@cai.cz<\/a>.<\/p>\n\n\n\n<p>Pod\u00e1n\u00ed podle z\u00e1kona \u010d. 22\/1997 Sb., o technick\u00fdch po\u017eadavc\u00edch na \nv\u00fdrobky, resp. z\u00e1kona \u010d.&nbsp;500\/2004 Sb., spr\u00e1vn\u00ed \u0159\u00e1d, ve zn\u011bn\u00ed pozd\u011bj\u0161\u00edch \np\u0159edpis\u016f, zaslan\u00e9 na adresu <a href=\"mailto:mail@cai.cz\">mail@cai.cz<\/a>,\n mus\u00ed b\u00fdt podeps\u00e1no zaru\u010den\u00fdm elektronick\u00fdm podpisem zalo\u017een\u00fdm na \nkvalifikovan\u00e9m certifik\u00e1tu vydan\u00e9m akreditovan\u00fdm poskytovatelem \ncertifika\u010dn\u00edch slu\u017eeb.<\/p>\n\n\n\n<p>Podatelna je pro p\u0159\u00edjem dokument\u016f v listinn\u00e9 podob\u011b a v digit\u00e1ln\u00ed \npodob\u011b na p\u0159enosn\u00fdch technick\u00fdch nosi\u010d\u00edch dat p\u0159\u00edstupn\u00e1 v provozn\u00ed dob\u011b \npodatelny:<\/p>\n\n\n\n<figure class=\"wp-block-table\"><table class=\"has-fixed-layout\" style=\"width: 260px\"><thead><tr><th style=\"width: 150px\"><strong>Dny v t\u00fddnu<\/strong><\/th><th style=\"width: 110px\"><strong>\u010casov\u00fd \u00fasek<\/strong><\/th><\/tr><\/thead><tbody><tr><td>Pond\u011bl\u00ed a\u017e \u010ctvrtek<\/td><td>8:00 &#8211; 16:00<\/td><\/tr><tr><td>P\u00e1tek<\/td><td>8:00 &#8211; 14:00<\/td><\/tr><\/tbody><\/table><\/figure>\n\n\n\n<p>Dokumenty v digit\u00e1ln\u00ed podob\u011b je mo\u017en\u00e9 doru\u010dit podateln\u011b na t\u011bchto&nbsp;<strong>p\u0159enosn\u00fdch technick\u00fdch nosi\u010d\u00edch dat<\/strong>:<\/p>\n\n\n\n<ol class=\"wp-block-list\">\n<li>CD<\/li>\n\n\n\n<li>DVD<\/li>\n\n\n\n<li>USB Flashdisk.<\/li>\n<\/ol>\n\n\n\n<p><strong>Maxim\u00e1ln\u00ed velikost&nbsp;<\/strong> zpr\u00e1vy p\u0159ed\u00e1van\u00e9 v digit\u00e1ln\u00ed podob\u011b na elektronickou adresu podatelny, v\u010detn\u011b p\u0159\u00edloh, m\u016f\u017ee b\u00fdt&nbsp;<strong>10&nbsp;MB<\/strong>.<\/p>\n\n\n\n<p>Podatelna p\u0159ij\u00edm\u00e1 dokumenty v digit\u00e1ln\u00ed podob\u011b na elektronickou \nadresu podatelny nebo na p\u0159enosn\u00fdch technick\u00fdch nosi\u010d\u00edch dat v \nn\u00e1sleduj\u00edc\u00edch datov\u00fdch form\u00e1tech: pdf, doc, xls, html a rtf, p\u0159\u00edpadn\u011b \ndal\u0161\u00edch form\u00e1tech kompatibiln\u00edch s MS Office 2000 a vy\u0161\u0161\u00edmi.<\/p>\n\n\n\n<p>Dokumenty v digit\u00e1ln\u00ed podob\u011b lze podateln\u011b \u010cesk\u00e9ho institutu pro akreditaci, o.p.s. doru\u010dovat i prost\u0159ednictv\u00edm <strong>datov\u00e9 schr\u00e1nky<\/strong>.<\/p>\n\n\n\n<p><strong>ID datov\u00e9 schr\u00e1nky<\/strong>:&nbsp;c4cnq5k<\/p>\n\n\n\n<p>Datov\u00e1 zpr\u00e1va doru\u010den\u00e1 prost\u0159ednictv\u00edm datov\u00e9 schr\u00e1nky se skl\u00e1d\u00e1 z ob\u00e1lky a obsahu zpr\u00e1vy. <strong>Maxim\u00e1ln\u00ed p\u0159\u00edpustn\u00e1 velikost datov\u00e9 zpr\u00e1vy je 20 MB<\/strong>.<\/p>\n\n\n\n<p>Datov\u00e1 zpr\u00e1va, u kter\u00e9 byl zji\u0161t\u011bn \u0161kodliv\u00fd software, nen\u00ed \nzpracov\u00e1v\u00e1na. Pokud z p\u0159ijat\u00e9 zpr\u00e1vy lze zjistit elektronickou adresu \nodes\u00edlatele, bude mu na tuto adresu zasl\u00e1no sd\u011blen\u00ed o zji\u0161t\u011bn\u00ed \n\u0161kodliv\u00e9ho software.<\/p>\n\n\n\n<hr class=\"wp-block-separator has-css-opacity is-style-wide\"\/>\n\n\n\n<p><strong>POKRA\u010cOVAT D\u00c1L: <\/strong>&nbsp;<br><a href=\"https:\/\/www.cai.cz\/?page_id=139\">Kontakty &gt;<\/a> &nbsp; <a href=\"https:\/\/www.cai.cz\/?page_id=1705\">Pracovi\u0161t\u011b Praha<\/a>&nbsp;&nbsp; <a href=\"https:\/\/www.cai.cz\/?page_id=1709\">Pracovi\u0161t\u011b Brno<\/a>&nbsp;&nbsp; <a href=\"https:\/\/www.cai.cz\/?page_id=1733\">Odbory a zam\u011bstnanci<\/a><\/p>\n","protected":false},"excerpt":{"rendered":"<p>Podatelna \u010cesk\u00e9ho institutu pro akreditaci, o.p.s. slou\u017e\u00ed k p\u0159ij\u00edm\u00e1n\u00ed dokument\u016f v listinn\u00e9 i digit\u00e1ln\u00ed podob\u011b. Adresa podatelny pro p\u0159\u00edjem dokument\u016f v listinn\u00e9 podob\u011b a v&hellip;<\/p>\n","protected":false},"author":2,"featured_media":0,"parent":139,"menu_order":1,"comment_status":"closed","ping_status":"closed","template":"","meta":{"_acf_changed":false,"_price":"","_stock":"","_tribe_ticket_header":"","_tribe_default_ticket_provider":"","_tribe_ticket_capacity":"0","_ticket_start_date":"","_ticket_end_date":"","_tribe_ticket_show_description":"","_tribe_ticket_show_not_going":false,"_tribe_ticket_use_global_stock":"","_tribe_ticket_global_stock_level":"","_global_stock_mode":"","_global_stock_cap":"","_tribe_rsvp_for_event":"","_tribe_ticket_going_count":"","_tribe_ticket_not_going_count":"","_tribe_tickets_list":"[]","_tribe_ticket_has_attendee_info_fields":false,"footnotes":"","_tec_slr_enabled":"","_tec_slr_layout":""},"class_list":["post-1703","page","type-page","status-publish","hentry"],"acf":[],"ticketed":false,"_links":{"self":[{"href":"https:\/\/www.cai.cz\/index.php?rest_route=\/wp\/v2\/pages\/1703","targetHints":{"allow":["GET"]}}],"collection":[{"href":"https:\/\/www.cai.cz\/index.php?rest_route=\/wp\/v2\/pages"}],"about":[{"href":"https:\/\/www.cai.cz\/index.php?rest_route=\/wp\/v2\/types\/page"}],"author":[{"embeddable":true,"href":"https:\/\/www.cai.cz\/index.php?rest_route=\/wp\/v2\/users\/2"}],"replies":[{"embeddable":true,"href":"https:\/\/www.cai.cz\/index.php?rest_route=%2Fwp%2Fv2%2Fcomments&post=1703"}],"version-history":[{"count":10,"href":"https:\/\/www.cai.cz\/index.php?rest_route=\/wp\/v2\/pages\/1703\/revisions"}],"predecessor-version":[{"id":18764,"href":"https:\/\/www.cai.cz\/index.php?rest_route=\/wp\/v2\/pages\/1703\/revisions\/18764"}],"up":[{"embeddable":true,"href":"https:\/\/www.cai.cz\/index.php?rest_route=\/wp\/v2\/pages\/139"}],"wp:attachment":[{"href":"https:\/\/www.cai.cz\/index.php?rest_route=%2Fwp%2Fv2%2Fmedia&parent=1703"}],"curies":[{"name":"wp","href":"https:\/\/api.w.org\/{rel}","templated":true}]}}