{"id":1709,"date":"2018-09-26T15:12:17","date_gmt":"2018-09-26T13:12:17","guid":{"rendered":"http:\/\/srvwww1.cai.internal\/?page_id=1709"},"modified":"2024-04-08T06:56:58","modified_gmt":"2024-04-08T04:56:58","slug":"pracoviste-brno","status":"publish","type":"page","link":"https:\/\/www.cai.cz\/?page_id=1709","title":{"rendered":"Pracovi\u0161t\u011b Brno"},"content":{"rendered":"\n<p>Adresa: Okru\u017en\u00ed 31, 638 00 Brno<\/p>\n\n\n\n<p>Telefon &#8211; sekretari\u00e1t:  +420 545 555 401<br>Telefon &#8211; p\u0159\u00edm\u00e1 linka: +420 545 555 + <a target=\"_blank\" href=\"https:\/\/www.cai.cz\/?page_id=1733\" rel=\"noopener\">linka zam\u011bstnance<\/a><\/p>\n\n\n\n<figure><iframe loading=\"lazy\" style=\"border: 0;\" src=\"https:\/\/www.google.com\/maps\/embed?pb=!1m18!1m12!1m3!1d2605.2297742469877!2d16.620492115569252!3d49.23413267932617!2m3!1f0!2f0!3f0!3m2!1i1024!2i768!4f13.1!3m3!1m2!1s0x4712938fb990d5f7%3A0xc4f53378eb55213!2zT2tydcW-bsOtIDc3Mi8zMSwgNjM4IDAwIEJybm8tc2V2ZXItTGVzbsOh!5e0!3m2!1scs!2scz!4v1537967465310\" allowfullscreen=\"allowfullscreen\" width=\"600\" height=\"450\" frameborder=\"0\"><\/iframe><\/figure>\n\n\n\n<h3 class=\"wp-block-heading\">Z\u00e1kladn\u00ed informace o p\u0159\u00edstupnosti &#8211; pracovi\u0161t\u011b Brno<\/h3>\n\n\n\n<div class=\"wp-block-file\"><a id=\"wp-block-file--media-29b6720b-f0fd-4854-a52c-698ca7bc1ba5\" href=\"https:\/\/www.cai.cz\/wp-content\/uploads\/2023\/06\/Zakladni-informace-o-pristupnosti-Brno.pdf\" target=\"_blank\" rel=\"noreferrer noopener\">Z\u00e1kladni informace o p\u0159\u00edstupnosti &#8211; Brno<\/a><a href=\"https:\/\/www.cai.cz\/wp-content\/uploads\/2023\/06\/Zakladni-informace-o-pristupnosti-Brno.pdf\" class=\"wp-block-file__button wp-element-button\" download aria-describedby=\"wp-block-file--media-29b6720b-f0fd-4854-a52c-698ca7bc1ba5\">St\u00e1hnout<\/a><\/div>\n\n\n\n<hr class=\"wp-block-separator has-css-opacity is-style-wide\"\/>\n\n\n\n<p><strong>POKRA\u010cOVAT D\u00c1L:<\/strong>  <br><a href=\"https:\/\/www.cai.cz\/?page_id=139\"><span style=\"text-decoration: underline;\">Kontakty &gt;<\/span><\/a>   <span style=\"text-decoration: underline;\"><a href=\"https:\/\/www.cai.cz\/?page_id=1703\">Podatelna<\/a><\/span>   <a href=\"https:\/\/www.cai.cz\/?page_id=1705\"><span style=\"text-decoration: underline;\">Pracovi\u0161t\u011b Praha<\/span><\/a>   <span style=\"text-decoration: underline;\"><a href=\"https:\/\/www.cai.cz\/?page_id=1733\">\u00datvary a zam\u011bstnanci<\/a><\/span><\/p>\n","protected":false},"excerpt":{"rendered":"<p>Adresa: Okru\u017en\u00ed 31, 638 00 Brno Telefon &#8211; sekretari\u00e1t: +420 545 555 401Telefon &#8211; p\u0159\u00edm\u00e1 linka: +420 545 555 + linka zam\u011bstnance Z\u00e1kladn\u00ed informace o&hellip;<\/p>\n","protected":false},"author":2,"featured_media":0,"parent":139,"menu_order":2,"comment_status":"closed","ping_status":"closed","template":"","meta":{"_acf_changed":false,"_price":"","_stock":"","_tribe_ticket_header":"","_tribe_default_ticket_provider":"","_tribe_ticket_capacity":"0","_ticket_start_date":"","_ticket_end_date":"","_tribe_ticket_show_description":"","_tribe_ticket_show_not_going":false,"_tribe_ticket_use_global_stock":"","_tribe_ticket_global_stock_level":"","_global_stock_mode":"","_global_stock_cap":"","_tribe_rsvp_for_event":"","_tribe_ticket_going_count":"","_tribe_ticket_not_going_count":"","_tribe_tickets_list":"[]","_tribe_ticket_has_attendee_info_fields":false,"footnotes":"","_tec_slr_enabled":"","_tec_slr_layout":""},"class_list":["post-1709","page","type-page","status-publish","hentry"],"acf":[],"ticketed":false,"_links":{"self":[{"href":"https:\/\/www.cai.cz\/index.php?rest_route=\/wp\/v2\/pages\/1709","targetHints":{"allow":["GET"]}}],"collection":[{"href":"https:\/\/www.cai.cz\/index.php?rest_route=\/wp\/v2\/pages"}],"about":[{"href":"https:\/\/www.cai.cz\/index.php?rest_route=\/wp\/v2\/types\/page"}],"author":[{"embeddable":true,"href":"https:\/\/www.cai.cz\/index.php?rest_route=\/wp\/v2\/users\/2"}],"replies":[{"embeddable":true,"href":"https:\/\/www.cai.cz\/index.php?rest_route=%2Fwp%2Fv2%2Fcomments&post=1709"}],"version-history":[{"count":4,"href":"https:\/\/www.cai.cz\/index.php?rest_route=\/wp\/v2\/pages\/1709\/revisions"}],"predecessor-version":[{"id":18261,"href":"https:\/\/www.cai.cz\/index.php?rest_route=\/wp\/v2\/pages\/1709\/revisions\/18261"}],"up":[{"embeddable":true,"href":"https:\/\/www.cai.cz\/index.php?rest_route=\/wp\/v2\/pages\/139"}],"wp:attachment":[{"href":"https:\/\/www.cai.cz\/index.php?rest_route=%2Fwp%2Fv2%2Fmedia&parent=1709"}],"curies":[{"name":"wp","href":"https:\/\/api.w.org\/{rel}","templated":true}]}}