{"id":1783,"date":"2018-09-27T07:55:52","date_gmt":"2018-09-27T05:55:52","guid":{"rendered":"http:\/\/srvwww1.cai.internal\/?page_id=1783"},"modified":"2024-04-08T07:55:01","modified_gmt":"2024-04-08T05:55:01","slug":"zahranicni-projekty-cia","status":"publish","type":"page","link":"https:\/\/www.cai.cz\/?page_id=1783","title":{"rendered":"Zahrani\u010dn\u00ed projekty \u010cIA"},"content":{"rendered":"\n<p>Pracovn\u00edci \u010cesk\u00e9ho institutu pro akreditaci, o.p.s. se v posledn\u00edch letech pravideln\u011b \u00fa\u010dastn\u00ed mezin\u00e1rodn\u00edch projekt\u016f, kter\u00e9 jsou zam\u011b\u0159eny na rozvoj akredita\u010dn\u00edch syst\u00e9m\u016f v jin\u00fdch zem\u00edch.<\/p>\n\n\n\n<h3 class=\"wp-block-heading\"><strong>Projekty, na kter\u00fdch jsme spolupracovali<\/strong>:<\/h3>\n\n\n<div class=\"wp-block-image\">\n<figure class=\"alignright\"><img loading=\"lazy\" decoding=\"async\" width=\"92\" height=\"52\" src=\"https:\/\/www.cai.cz\/wp-content\/uploads\/2019\/02\/srbsko2_92x52_jpg-1.png\" alt=\"\" class=\"wp-image-2842\"\/><\/figure>\n<\/div>\n\n\n<figure class=\"wp-block-table\"><table><tbody><tr><td> <br><strong>IPA Twinning Project SR 13 IB EC 01Strenthening Capacities of National Quality Infrastructure and Conformoty Assessment Services in the Republic of Serbia<\/strong> <br><br>\u010cesk\u00fd institut pro akreditaci, o.p.s. se jako \u010dlen konzorcia slo\u017een\u00e9ho&nbsp;z \u010cesk\u00e9ho metrologick\u00e9ho institututu (\u010cMI) a \u00da\u0159adu pro technickou normalizaci, metrologii a st\u00e1tn\u00ed zku\u0161ebnictv\u00ed (\u00daNMZ)&nbsp;pod\u00edlel&nbsp;nejen na organizaci projektu, ale&nbsp;tak\u00e9 na p\u0159\u00edprav\u011b a realizaci \u0161kolen\u00ed, semin\u00e1\u0159\u016f a studijn\u00edch pobyt\u016f souvisej\u00edc\u00edch s&nbsp;\u010d\u00e1st\u00ed (komponentou) \u010d. 3 &#8211; QI Capacity &amp; Technical Regulations. Tato \u010d\u00e1st&nbsp;zahrnovala i oblast akreditace. Projekt trval 25 m\u011bs\u00edc\u016f a byl ukon\u010den 17. \u0159\u00edjna 2017.<br>Pracovn\u00edci \u010cIA se pod\u00edleli na n\u00e1sleduj\u00edc\u00edch \u010dinnostech:<br> &#8211; semin\u00e1\u0159 zam\u011b\u0159en\u00fd na podporu syst\u00e9mu srbsk\u00e9ho akredita\u010dn\u00edho org\u00e1nu ATS v oblasti akreditace pro pot\u0159eby ozn\u00e1men\u00ed (3 denn\u00ed mise, B\u011blehrad)<br>&#8211; proveden\u00ed anal\u00fdzy sou\u010dasn\u00e9ho stavu akredita\u010dn\u00edho syst\u00e9mu ATS s ohledem na jeho vyu\u017eit\u00ed pro pot\u0159eby ozn\u00e1men\u00ed&nbsp;(4 denn\u00ed mise, B\u011blehrad)<br>&#8211; semin\u00e1\u0159 pro pracovn\u00edky ATS zm\u011b\u0159en\u00fd na vytvo\u0159en\u00ed akredita\u010dn\u00edho syst\u00e9mu pro pot\u0159eby ozn\u00e1men\u00ed s vyu\u017eit\u00edm dokumentu EA 2\/17 (5 denn\u00ed semin\u00e1\u0159, B\u011blehrad)<br>semin\u00e1\u0159 pro pracovn\u00edky&nbsp;existuj\u00edc\u00edch\/potenci\u00e1ln\u00edch ozn\u00e1men\u00fdch subjekt\u016f zam\u011b\u0159en\u00fd na proces akreditace pro&nbsp;\u00fa\u010dely&nbsp;ozn\u00e1men\u00ed (5 denn\u00ed semin\u00e1\u0159, B\u011blehrad)<br>semin\u00e1\u0159 pro pracovn\u00edky ATS zam\u011b\u0159en\u00fd na akreditaci ov\u011b\u0159ovatel\u016f v\u00fdkaz\u016f emis\u00ed sklen\u00edkov\u00fdch plyn\u016f (GHG), poskytovatel\u016f&nbsp;program\u016f PT a vyu\u017eit\u00ed dokumentu EA 1\/22 p\u0159i&nbsp;posuzov\u00e1n\u00ed sch\u00e9mat posuzov\u00e1n\u00ed shody (5 denn\u00ed semin\u00e1\u0159, B\u011blehrad)<br>Souhrnn\u00e1 informace o projektu je k dispozici:<\/td><\/tr><\/tbody><\/table><\/figure>\n\n\n\n<div class=\"wp-block-file\"><a id=\"wp-block-file--media-b84dbb7a-c016-47b6-a74c-a9b02026e8c4\" href=\"https:\/\/www.cai.cz\/wp-content\/uploads\/2019\/02\/ipa_publication-eng-3-1-1.pdf\" target=\"_blank\" rel=\"noreferrer noopener\">IPA Publication &#8211; ENG 3<\/a><a href=\"https:\/\/www.cai.cz\/wp-content\/uploads\/2019\/02\/ipa_publication-eng-3-1-1.pdf\" class=\"wp-block-file__button wp-element-button\" download aria-describedby=\"wp-block-file--media-b84dbb7a-c016-47b6-a74c-a9b02026e8c4\">St\u00e1hnout<\/a><\/div>\n\n\n<div class=\"wp-block-image\">\n<figure class=\"alignright\"><img loading=\"lazy\" decoding=\"async\" width=\"92\" height=\"61\" src=\"https:\/\/www.cai.cz\/wp-content\/uploads\/2019\/02\/molsavsko_92x61_jpg.png\" alt=\"\" class=\"wp-image-2844\"\/><\/figure>\n<\/div>\n\n\n<figure class=\"wp-block-table\"><table><tbody><tr><td><strong>Dohoda o dvoustrann\u00e9 spolupr\u00e1ci mezi \u010cIA a MOLDAC<\/strong> <br><br>Na z\u00e1klad\u011b dvoustrann\u00e9 dohody mezi moldavsk\u00fdm akredita\u010dn\u00edm org\u00e1nem MOLDAC a \u010cesk\u00fdm institutem pro akreditaci, o.p.s. prob\u011bhlo \u0161kolen\u00ed zam\u011bstnanc\u016f MOLDACu v \u010cesk\u00e9 republice.<br>&nbsp;<br>Byla realizov\u00e1na&nbsp;t\u0159\u00eddenn\u00ed n\u00e1v\u0161t\u011bva pracovn\u00edk\u016f MOLDACu v Praze a to ve dnech 26.-28. srpna 2013 s n\u00e1sleduj\u00edc\u00edm programem:<br>&#8211; \u0161kolen\u00ed v oblasti zdravotnick\u00fdch laborato\u0159\u00ed dle po\u017eadavk\u016f EN ISO 15189<br>&#8211; \u0161kolen\u00ed v oblasti vyu\u017eit\u00ed akreditace pro pot\u0159eby autorizace\/notifikace<br>&#8211; \u00fa\u010dast na posuzov\u00e1n\u00ed zku\u0161ebn\u00ed laborato\u0159e<\/td><\/tr><\/tbody><\/table><\/figure>\n\n\n<div class=\"wp-block-image\">\n<figure class=\"alignright\"><img loading=\"lazy\" decoding=\"async\" width=\"101\" height=\"67\" src=\"https:\/\/www.cai.cz\/wp-content\/uploads\/2019\/02\/vlajka-belorusko-1100_101x67_jpg.png\" alt=\"\" class=\"wp-image-2853\"\/><\/figure>\n<\/div>\n\n\n<figure class=\"wp-block-table\"><table><tbody><tr><td><strong>EuropeAid\/131438\/C\/SER\/BY<br>Support to Quality Infrastructure in the Republic of Belarus&nbsp;&#8211; Food Safety<\/strong><br><br>\u010cesk\u00fd institut pro akreditaci, o.p.s. pro konsorcium veden\u00e9 spole\u010dnost\u00ed AFNOR&nbsp;p\u0159ipravil \u0161kolen\u00ed pro zam\u011bstnance b\u011blorusk\u00e9ho akredita\u010dn\u00edho org\u00e1nu (BSCA). Bylo realizov\u00e1no p\u011btidenn\u00ed \u0161kolen\u00ed v \u010cesk\u00e9 republice a to ve dnech od 2. do 9. z\u00e1\u0159\u00ed 2013.<br><br>&#8211; \u0161kolen\u00ed zam\u011b\u0159en\u00e9 na po\u017eadavky normy ISO\/IEC 17011<br>&#8211; \u00fa\u010dast na posuzov\u00e1n\u00ed zku\u0161ebn\u00ed laborato\u0159e<br>&#8211; \u00fa\u010dast na posuzov\u00e1n\u00ed kalibra\u010dn\u00ed laborato\u0159e<br>&#8211; \u00fa\u010dast na posuzov\u00e1n\u00ed certifika\u010dn\u00edho org\u00e1nu pro certifikaci produkt\u016f<\/td><\/tr><\/tbody><\/table><\/figure>\n\n\n<div class=\"wp-block-image\">\n<figure class=\"alignright\"><img loading=\"lazy\" decoding=\"async\" width=\"104\" height=\"69\" src=\"https:\/\/www.cai.cz\/wp-content\/uploads\/2019\/02\/bosna-vlajka_104x69_jpg.png\" alt=\"\" class=\"wp-image-2856\"\/><\/figure>\n<\/div>\n\n\n<figure class=\"wp-block-table\"><table><tbody><tr><td><strong>EuropeAid\/129630\/C\/SER\/<g class=\"gr_ gr_5 gr-alert gr_spell gr_inline_cards gr_run_anim ContextualSpelling ins-del multiReplace\" id=\"5\" data-gr-id=\"5\">BA<\/g><\/strong><br><strong><g class=\"gr_ gr_5 gr-alert gr_spell gr_inline_cards gr_run_anim ContextualSpelling ins-del multiReplace\" id=\"5\" data-gr-id=\"5\">Development<\/g> of New Accreditation Schemes<\/strong><br><br>\u010cesk\u00fd institut pro akreditaci, o.p.s. jako \u010dlen konzorcia veden\u00e9ho spole\u010dnost\u00ed Hulla&amp;Comp. Human Dynamics KG, realizoval n\u011bkolik&nbsp;\u0161kolen\u00ed pro pracovn\u00edky&nbsp;akredita\u010dn\u00edho org\u00e1nu Bosny a Hercegoviny (BATA).&nbsp;Jednotliv\u00e9 akce prob\u00edhaly nejen v Bosn\u011b, ale i v \u010cesk\u00e9 republice.<br><br>&#8211; \u0161kolen\u00ed v oblasti inspek\u010dn\u00edch org\u00e1n\u016f podle po\u017eadavk\u016f EN ISO\/IEC 17020 se zam\u011b\u0159en\u00edm na oblast zdvihac\u00edch za\u0159\u00edzen\u00ed a v\u00fdtah\u016f (dvoudenn\u00ed \u0161kolen\u00ed, Sarajevo &#8211; Bosna a Hercegovina) &#8211; 2012<br>&#8211; \u0161kolen\u00ed certifika\u010dn\u00edch org\u00e1n\u016f pro certifikaci produkt\u016f podle po\u017eadavk\u016f normy EN 45011 (dvoudenn\u00ed \u0161kolen\u00ed, Sarajevo &#8211; Bosna a Hercegovina) &#8211; 2012<br>&#8211; \u0161kolen\u00ed v oblasti certifika\u010dn\u00edch org\u00e1n\u016f pro certifikaci osob podle po\u017eadavk\u016f normy EN ISO\/IEC 17024 se zam\u011b\u0159en\u00edm na oblast NDT (dvoudenn\u00ed \u0161kolen\u00ed, Sarajevo &#8211; Bosna a Hercegovina) &#8211; 2012<br>&#8211; t\u0159i t\u00fddenn\u00ed studijn\u00ed pobyty pracovn\u00edk\u016f akredita\u010dn\u00edho org\u00e1nu BATA v Praze se zam\u011b\u0159en\u00edm na oblast certifikace produkt\u016f, osob a syst\u00e9m\u016f managementu &#8211; 2012<\/td><\/tr><\/tbody><\/table><\/figure>\n\n\n<div class=\"wp-block-image\">\n<figure class=\"alignright\"><img loading=\"lazy\" decoding=\"async\" width=\"92\" height=\"69\" src=\"https:\/\/www.cai.cz\/wp-content\/uploads\/2019\/02\/imagesca27cb68_92x69.jpg\" alt=\"\" class=\"wp-image-2859\"\/><\/figure>\n<\/div>\n\n\n<figure class=\"wp-block-table\"><table><tbody><tr><td><strong>Support to implementation of Art. 51<\/strong><br><strong>Quality Management System of the Partnership and Cooperation Agreement (PCA) of Georgia<\/strong><br><br>\u010cesk\u00fd institut pro akreditaci, o.p.s. jako \u010dlen konzorcia veden\u00e9ho spole\u010dnost\u00ed Hulla&amp;Comp. Human Dynamics KG, realizoval \u0161kolen\u00ed pro pracovn\u00edky gruz\u00ednsk\u00e9ho akredita\u010dn\u00edho org\u00e1nu (GAC) a&nbsp;vrcholov\u00fd management a pracovn\u00edky akreditovan\u00fdch subjekt\u016f.&nbsp;Jednotliv\u00e9 akce prob\u00edhaly nejen v Gruzii, ale i v \u010cesk\u00e9 republice.&nbsp;<br><br>&#8211; \u0161kolen\u00ed zam\u011b\u0159en\u00e9 na&nbsp;certifikaci produkt\u016f v oblasti bezpe\u010dnosti potravin podle po\u017eadavk\u016f normy&nbsp;EN 45011 (t\u0159\u00eddenn\u00ed \u0161kolen\u00ed, Tbilisi &#8211; Gruzie) &#8211; 2009<br>&#8211; \u0161kolen\u00ed zam\u011b\u0159en\u00e9 na oblast zdravotnick\u00fdch laborato\u0159\u00ed podle po\u017eadavk\u016f normy ISO 15 189 (t\u0159\u00eddenn\u00ed \u0161kolen\u00ed, Tbilisi &#8211; Gruzie) &#8211; 2009<br>t\u00fddenn\u00ed studijn\u00ed pobyt pracovn\u00edk\u016f gruz\u00ednsk\u00e9ho akredita\u010dn\u00edho org\u00e1nu GAC v Praze (zam\u011b\u0159eno na bezpe\u010dnost potravin &#8211; QMS, FSMS a zdravotnick\u00e9 laborato\u0159e) &#8211; 2009<br>monitoring a hodnocen\u00ed procesu posuzov\u00e1n\u00ed gruz\u00ednsk\u00e9ho akredita\u010dn\u00edho org\u00e1nu&nbsp;&#8211; 2009<br>&#8211; \u0161kolen\u00ed v oblasti inspek\u010dn\u00edch org\u00e1n\u016f podle po\u017eadavk\u016f EN ISO\/IEC 17020 a certifika\u010dn\u00edch org\u00e1n\u016f podle po\u017eadavk\u016f normy EN 45011 (\u010dty\u0159denn\u00ed \u0161kolen\u00ed, Tbilisi &#8211; Gruzie) &#8211; 2010<br>&#8211; \u0161kolen\u00ed v oblasti zku\u0161ebn\u00edch a kalibra\u010dn\u00edch laborato\u0159\u00ed podle po\u017eadavk\u016f normy EN ISO\/IEC 17025 a zdravotnick\u00fdch laborato\u0159\u00ed podle po\u017eadavk\u016f normy ISO 15189 (\u010dty\u0159denn\u00ed \u0161kolen\u00ed, Tbilisi &#8211; Gruzie) &#8211; 2011<br><\/td><\/tr><\/tbody><\/table><\/figure>\n\n\n\n<figure class=\"wp-block-table\"><table><tbody><tr><td><strong>EuropeAid\/120467\/C\/SV\/AL<\/strong><br><strong>Support to standards, certification and<\/strong> <strong>accreditation in Albania<\/strong><br><br>\u010cesk\u00fd institut pro akreditaci, o.p.s. jako \u010dlen konzorcia veden\u00e9ho spole\u010dnost\u00ed IBF p\u0159ipravil a realizoval&nbsp;v r\u00e1mci tohoto projektu v Alb\u00e1nii&nbsp; 3 t\u0159\u00eddenn\u00ed \u0161kolen\u00ed zam\u011b\u0159en\u00e9 na implementaci mezin\u00e1rodn\u00edch akredita\u010dn\u00edch standard\u016f v oblasti inspek\u010dn\u00edch org\u00e1n\u016f, certifika\u010dn\u00edch org\u00e1n\u016f pro certifikaci produkt\u016f, kalibra\u010dn\u00edch laborato\u0159\u00ed. Sou\u010d\u00e1st\u00ed projektu bylo i \u0161kolen\u00ed pracovn\u00edk\u016f alb\u00e1nsk\u00e9ho akredita\u010dn\u00edho org\u00e1nu v Praze, kde se krom\u011b teoretick\u00e9 p\u0159\u00edpravy v s\u00eddle \u010cesk\u00e9ho institutu pro akreditaci, o.p.s.&nbsp;mohli z\u00fa\u010dastnit i vlastn\u00edho posuzov\u00e1n\u00ed. \u0160kolen\u00ed bylo ur\u010deno pro&nbsp;pracovn\u00edky alb\u00e1nsk\u00e9ho akredita\u010dn\u00edho org\u00e1nu Drejtoria e Akreditimit (DA), vrcholov\u00e9ho managementu laborato\u0159\u00ed a univerzit v Tiran\u011b, ale tak\u00e9 pro z\u00e1stupce st\u00e1tn\u00ed spr\u00e1vy a dal\u0161\u00edch instituc\u00ed.<br><br>&#8211; \u0161kolen\u00ed zam\u011b\u0159en\u00e9 na akreditaci inspek\u010dn\u00edch org\u00e1n\u016f podle po\u017eadavk\u016f normy EN ISO\/IEC 17020 (t\u0159\u00eddenn\u00ed \u0161kolen\u00ed, Tirana &#8211; Alb\u00e1nie) &#8211; 2006<br>&#8211; \u0161kolen\u00ed zam\u011b\u0159en\u00e9 na akreditaci kalibra\u010dn\u00edch laborato\u0159\u00ed podle po\u017eadavk\u016f normy EN ISO\/IEC 17025 (t\u0159\u00eddenn\u00ed \u0161kolen\u00ed, Tirana &#8211; Alb\u00e1nie) &#8211; 2006<br>&#8211; t\u0159\u00eddenn\u00ed \u0161kolen\u00ed zam\u011b\u0159en\u00e9 an akreditaci certifika\u010dn\u00edch org\u00e1n\u016f certifikuj\u00edc\u00edch produkty podle po\u017eadavk\u016f normy EN 45011 (t\u0159\u00eddenn\u00ed \u0161kolen\u00ed, Tirana &#8211; Alb\u00e1nie) &#8211; 2007<br>&#8211; studijn\u00ed pobyt alb\u00e1nsk\u00fdch expert\u016f v \u010cR (p\u011btidenn\u00ed \u0161kolen\u00ed, Praha &#8211; \u010cesk\u00e1 republika) &#8211; 2006<br><\/td><\/tr><\/tbody><\/table><\/figure>\n\n\n\n<figure class=\"wp-block-table\"><table><tbody><tr><td><strong>CARDS 2006 &#8211;<\/strong> <strong>Quality Infrastructure<\/strong><br><strong>HOT 1 &#8211; Specific training for staff of accreditation bodies<\/strong><br><br>\u010cesk\u00fd institut pro akreditaci, o.p.s. spolupracoval v r\u00e1mci projektu HOT 1&nbsp;na rozvoji akredita\u010dn\u00edch syst\u00e9m\u016f v oblasti West Balkan (Alb\u00e1nie, Bosna a Hercegovina, Chorvatsko, Kosovo, Makedonie, \u010cern\u00e1 Hora a Srbsko).&nbsp;\u0160kolen\u00ed se z\u00fa\u010dastnili z\u00e1stupci akredita\u010dn\u00edch org\u00e1n\u016f.<br><br>&#8211; studijn\u00ed pobyt&nbsp;pracovn\u00edk\u016f akredita\u010dn\u00edch org\u00e1n\u016f (West Balkan) zem\u011b\u0159en\u00fd na akreditaci, IT podporu akreditace, zdravotnick\u00e9 a zku\u0161ebn\u00ed laborato\u0159e, certifikaci syst\u00e9m\u016f managementu a oblast nejistot (p\u011btidenn\u00ed \u0161kolen\u00ed, Praha) &#8211; 2006<br><\/td><\/tr><\/tbody><\/table><\/figure>\n\n\n\n<figure class=\"wp-block-table\"><table><tbody><tr><td><strong>EuropeAid\/120335\/C\/SV\/HR<\/strong><br><strong>Development of&nbsp;accreditation systems and support to national testing and calibration laboratories in Croatia<\/strong><br><br>\u010cesk\u00fd institut pro akreditaci, o.p.s. jako \u010dlen konzorcia veden\u00e9ho spole\u010dnost\u00ed AFNOR realizoval \u0161kolen\u00ed pro&nbsp;zam\u011bstnance chorvatsk\u00e9ho akredita\u010dn\u00edho org\u00e1nu (HAA) a pracovn\u00edky akreditovan\u00fdch zdravotnick\u00fdch laborato\u0159\u00ed. Jednotliv\u00e9 akce prob\u00edhaly nejen v Chorvatsku, ale i v \u010cesk\u00e9 republice.<br><br>&#8211; \u0161kolen\u00ed v oblasti zdravotnick\u00fdch laborato\u0159\u00ed podle po\u017eadavk\u016f&nbsp;EN ISO 15189&nbsp;(t\u0159\u00eddenn\u00ed \u0161kolen\u00ed,&nbsp;Z\u00e1h\u0159eb &#8211;&nbsp;Chorvatsko) &#8211; 2006<br>&#8211; studijn\u00ed pobyt chorvatsk\u00fdch expert\u016f zahrnuj\u00edc\u00ed \u00fa\u010dast&nbsp;na posuzov\u00e1n\u00ed akreditovan\u00fdch zdravotnick\u00fdch laborato\u0159\u00ed (\u010dty\u0159denn\u00ed \u0161kolen\u00ed, Praha) &#8211; 2006<br>&#8211; simulovan\u00e9&nbsp;posouzen\u00ed p\u0159ipravenosti HAA na evaluaci EA (p\u011btidenn\u00ed pracovn\u00ed pobyt, Z\u00e1h\u0159eb &#8211; Chorvatsko) &#8211; 2006<br>&#8211; spole\u010dn\u00e9 posuzov\u00e1n\u00ed dvou chorvatsk\u00fdch zdravotnick\u00fdch laborato\u0159\u00ed (\u010dty\u0159denn\u00ed pobyt, Z\u00e1h\u0159eb &#8211; Chorvatsko) &#8211; 2006<br><\/td><\/tr><\/tbody><\/table><\/figure>\n\n\n\n<hr class=\"wp-block-separator has-css-opacity is-style-wide\"\/>\n\n\n\n<p><strong>POKRA\u010cOVAT D\u00c1L:&nbsp;<\/strong><br><strong> <\/strong><a href=\"https:\/\/www.cai.cz\/?page_id=55\">Mezin\u00e1rodn\u00ed spolupr\u00e1ce &gt;<\/a>&nbsp;  <a href=\"https:\/\/www.cai.cz\/?page_id=1780\">Publikace a dokumenty<\/a> &nbsp; <a href=\"https:\/\/www.cai.cz\/?page_id=1786\">Rezoluce EA, ILAC, IAF<\/a>&nbsp;&nbsp;&nbsp;<a href=\"https:\/\/www.cai.cz\/?page_id=1789\">Sv\u011btov\u00fd den akreditace<\/a>&nbsp;  <a href=\"https:\/\/www.cai.cz\/?page_id=1792\">Multilater\u00e1ln\u00ed dohody o vz\u00e1jemn\u00e9m uzn\u00e1v\u00e1n\u00ed MLA\/MRA<\/a>&nbsp;  <a href=\"https:\/\/www.cai.cz\/?page_id=1795\">Public Sector Assurance<\/a><\/p>\n","protected":false},"excerpt":{"rendered":"<p>Pracovn\u00edci \u010cesk\u00e9ho institutu pro akreditaci, o.p.s. se v posledn\u00edch letech pravideln\u011b \u00fa\u010dastn\u00ed mezin\u00e1rodn\u00edch projekt\u016f, kter\u00e9 jsou zam\u011b\u0159eny na rozvoj akredita\u010dn\u00edch syst\u00e9m\u016f v jin\u00fdch zem\u00edch. Projekty,&hellip;<\/p>\n","protected":false},"author":2,"featured_media":0,"parent":55,"menu_order":2,"comment_status":"closed","ping_status":"closed","template":"","meta":{"_acf_changed":false,"_price":"","_stock":"","_tribe_ticket_header":"","_tribe_default_ticket_provider":"","_tribe_ticket_capacity":"0","_ticket_start_date":"","_ticket_end_date":"","_tribe_ticket_show_description":"","_tribe_ticket_show_not_going":false,"_tribe_ticket_use_global_stock":"","_tribe_ticket_global_stock_level":"","_global_stock_mode":"","_global_stock_cap":"","_tribe_rsvp_for_event":"","_tribe_ticket_going_count":"","_tribe_ticket_not_going_count":"","_tribe_tickets_list":"[]","_tribe_ticket_has_attendee_info_fields":false,"footnotes":"","_tec_slr_enabled":"","_tec_slr_layout":""},"class_list":["post-1783","page","type-page","status-publish","hentry"],"acf":[],"ticketed":false,"_links":{"self":[{"href":"https:\/\/www.cai.cz\/index.php?rest_route=\/wp\/v2\/pages\/1783","targetHints":{"allow":["GET"]}}],"collection":[{"href":"https:\/\/www.cai.cz\/index.php?rest_route=\/wp\/v2\/pages"}],"about":[{"href":"https:\/\/www.cai.cz\/index.php?rest_route=\/wp\/v2\/types\/page"}],"author":[{"embeddable":true,"href":"https:\/\/www.cai.cz\/index.php?rest_route=\/wp\/v2\/users\/2"}],"replies":[{"embeddable":true,"href":"https:\/\/www.cai.cz\/index.php?rest_route=%2Fwp%2Fv2%2Fcomments&post=1783"}],"version-history":[{"count":16,"href":"https:\/\/www.cai.cz\/index.php?rest_route=\/wp\/v2\/pages\/1783\/revisions"}],"predecessor-version":[{"id":18308,"href":"https:\/\/www.cai.cz\/index.php?rest_route=\/wp\/v2\/pages\/1783\/revisions\/18308"}],"up":[{"embeddable":true,"href":"https:\/\/www.cai.cz\/index.php?rest_route=\/wp\/v2\/pages\/55"}],"wp:attachment":[{"href":"https:\/\/www.cai.cz\/index.php?rest_route=%2Fwp%2Fv2%2Fmedia&parent=1783"}],"curies":[{"name":"wp","href":"https:\/\/api.w.org\/{rel}","templated":true}]}}