{"id":1920,"date":"2018-10-05T11:23:51","date_gmt":"2018-10-05T09:23:51","guid":{"rendered":"http:\/\/srvwww1.cai.internal\/?page_id=1920"},"modified":"2025-03-19T09:16:55","modified_gmt":"2025-03-19T08:16:55","slug":"statutarni-dokumenty","status":"publish","type":"page","link":"https:\/\/www.cai.cz\/?page_id=1920","title":{"rendered":"Statut\u00e1rn\u00ed dokumenty"},"content":{"rendered":"\n<p><span style=\"text-decoration: underline;\"><a href=\"https:\/\/www.cai.cz\/wp-content\/uploads\/2024\/10\/cesky-institut-pro-akreditaci-o.p.s.-uplne-zneni-zl.pdf\" target=\"_blank\" rel=\"noreferrer noopener\">Zakl\u00e1dac\u00ed listina \u010cesk\u00e9ho institutu pro akreditaci, o.p.s. <\/a><\/span><\/p>\n\n\n\n<p><span style=\"text-decoration: underline;\"><a href=\"https:\/\/www.cai.cz\/wp-content\/uploads\/2025\/03\/Statut-CIA_2025.pdf\" target=\"_blank\" rel=\"noreferrer noopener\">Statut \u010cesk\u00e9ho institutu pro akreditaci, o.p.s.<\/a><\/span><\/p>\n\n\n\n<p><span style=\"text-decoration: underline;\"><a href=\"https:\/\/www.cai.cz\/wp-content\/uploads\/2022\/01\/Koncepce-\u010cIA_20191114.pdf\" target=\"_blank\" rel=\"noreferrer noopener\">Koncepce \u010cIA<\/a><\/span><\/p>\n\n\n\n<p><span style=\"text-decoration: underline;\"><a href=\"https:\/\/www.cai.cz\/wp-content\/uploads\/2018\/12\/Rozhodnuti_MPO_c._190.pdf\" target=\"_blank\" rel=\"noreferrer noopener\">Rozhodnut\u00ed o pov\u011b\u0159en\u00ed k prov\u00e1d\u011bn\u00ed akreditace \u010d. 190\/2010<\/a><\/span><\/p>\n\n\n\n<p><a href=\"https:\/\/www.cai.cz\/wp-content\/uploads\/2018\/12\/Rozhodnuti_c._163_2012.pdf\" target=\"_blank\" rel=\"noreferrer noopener\"><span style=\"text-decoration: underline;\">Rozhodnut\u00ed o pov\u011b\u0159en\u00ed k prov\u00e1d\u011bn\u00ed akreditace \u010d. 163\/2012<\/span><\/a><\/p>\n\n\n\n<p><span style=\"text-decoration: underline;\"><a href=\"https:\/\/www.cai.cz\/wp-content\/uploads\/2018\/12\/rozhodnuti_152_2017.pdf\" target=\"_blank\" rel=\"noreferrer noopener\">Rozhodnut\u00ed o pov\u011b\u0159en\u00ed k prov\u00e1d\u011bn\u00ed akreditace \u010d. 152\/2017<\/a><\/span><\/p>\n\n\n\n<p><a href=\"https:\/\/www.cai.cz\/wp-content\/uploads\/2019\/12\/Rozhodnuti-o-povereni-CIA-GHG-a-EMAS-68_2019.pdf\" target=\"_blank\" rel=\"noopener\">Rozhodnut\u00ed o pov\u011b\u0159en\u00ed k prov\u00e1d\u011bn\u00ed akreditace \u010d. 68\/2019<\/a><\/p>\n\n\n\n<p><a href=\"https:\/\/www.cai.cz\/wp-content\/uploads\/2021\/08\/Rozhodnut\u00ed-MPO_34_2021.pdf\" target=\"_blank\" rel=\"noreferrer noopener\">Rozhodnut\u00ed o pov\u011b\u0159en\u00ed k prov\u00e1d\u011bn\u00ed akreditace \u010d. 34\/2021<\/a><\/p>\n\n\n\n<p><a href=\"https:\/\/www.cai.cz\/wp-content\/uploads\/2023\/02\/Rozhodnuti-c.3_2023.pdf\" target=\"_blank\" rel=\"noreferrer noopener\">Rozhodnut\u00ed o pov\u011b\u0159en\u00ed k prov\u00e1d\u011bn\u00ed akreditace \u010d. 3\/2023<\/a><\/p>\n\n\n\n<p><span style=\"text-decoration: underline;\"><a rel=\"noreferrer noopener\" href=\"https:\/\/www.cai.cz\/wp-content\/uploads\/2025\/03\/Statut-RA_2025.pdf\" target=\"_blank\">Statut a jednac\u00ed \u0159\u00e1d Rady pro akredita<\/a>ci<\/span><\/p>\n\n\n\n<p><span style=\"text-decoration: underline;\"><a href=\"https:\/\/www.cai.cz\/wp-content\/uploads\/2025\/03\/01_06-P006-Statut-a-jednaci-rad-TV_20250317.docx\" target=\"_blank\" rel=\"noreferrer noopener\">Statut a jednac\u00ed \u0159\u00e1d odborn\u00fdch\/technick\u00fdch v\u00fdbor\u016f<\/a><\/span><\/p>\n\n\n\n<p><span style=\"text-decoration: underline;\"><a href=\"https:\/\/www.cai.cz\/wp-content\/uploads\/2025\/03\/01_06-P009-Statut-a-jednaci-rad-OVTN_20250317.docx\" target=\"_blank\" rel=\"noreferrer noopener\">Statut a jednac\u00ed \u0159\u00e1d&nbsp;odborn\u00e9ho v\u00fdboru pro technickou normalizaci<\/a><\/span><\/p>\n\n\n\n<p><a href=\"https:\/\/www.cai.cz\/wp-content\/uploads\/2025\/03\/01_06-P007-Statut-a-jednaci-rad-OK-a-TK_20250317.docx\" target=\"_blank\" rel=\"noreferrer noopener\">Statut a jednac\u00ed \u0159\u00e1d odborn\u00fdch\/technick\u00fdch komis\u00ed<\/a><\/p>\n\n\n\n<p><a href=\"http:\/\/www.unmz.cz\/files\/vestnik\/Vestnik%2006-18.pdf\" target=\"_blank\" rel=\"noreferrer noopener\">Sd\u011blen\u00ed o akredita\u010dn\u00edm syst\u00e9mu \u010cesk\u00e9 republiky (V\u011bstn\u00edk \u00daNMZ \u010d. 6\/2018)<\/a><\/p>\n\n\n\n<hr class=\"wp-block-separator has-css-opacity is-style-wide\"\/>\n\n\n\n<p><strong>POKRA\u010cOVAT D\u00c1L:&nbsp;<\/strong>&nbsp;<br><a rel=\"noreferrer noopener\" href=\"https:\/\/www.cai.cz\/?page_id=1746\" target=\"_blank\"><span style=\"text-decoration: underline;\">\u00da\u0159edn\u00ed deska<\/span><\/a>   &nbsp;&nbsp;<span style=\"text-decoration: underline;\"><a rel=\"noreferrer noopener\" href=\"https:\/\/www.cai.cz\/?page_id=1923\" target=\"_blank\">Org\u00e1ny \u010cIA<\/a><\/span>   &nbsp;&nbsp;<a rel=\"noreferrer noopener\" href=\"https:\/\/www.cai.cz\/?page_id=2211\" target=\"_blank\"><span style=\"text-decoration: underline;\">Poradn\u00ed org\u00e1ny \u010cIA<\/span><\/a>   &nbsp;&nbsp;<span style=\"text-decoration: underline;\"><a rel=\"noreferrer noopener\" href=\"https:\/\/www.cai.cz\/?page_id=1925\" target=\"_blank\">V\u00fdro\u010dn\u00ed zpr\u00e1vy<\/a><\/span>   &nbsp;&nbsp;<a rel=\"noreferrer noopener\" href=\"https:\/\/www.cai.cz\/?page_id=1765\" target=\"_blank\">Legislativa<\/a>   &nbsp;&nbsp;<a rel=\"noreferrer noopener\" href=\"https:\/\/www.cai.cz\/?page_id=1963\" target=\"_blank\"><span style=\"text-decoration: underline;\">Publikace<\/span><\/a>   &nbsp;&nbsp;<span style=\"text-decoration: underline;\"><a rel=\"noreferrer noopener\" href=\"https:\/\/www.cai.cz\/?page_id=1753\" target=\"_blank\">CTN<\/a><\/span>   &nbsp;&nbsp;<a rel=\"noreferrer noopener\" href=\"https:\/\/www.cai.cz\/?page_id=1768\" target=\"_blank\"><span style=\"text-decoration: underline;\">Pracovn\u00ed nab\u00eddky<\/span><\/a>   &nbsp;&nbsp;<span style=\"text-decoration: underline;\"><a rel=\"noreferrer noopener\" href=\"https:\/\/www.cai.cz\/?page_id=1771\" target=\"_blank\">Ve\u0159ejn\u00e9 projedn\u00e1v\u00e1n\u00ed<\/a><\/span>   &nbsp;&nbsp;<br><span style=\"text-decoration: underline;\"><a rel=\"noreferrer noopener\" href=\"https:\/\/www.cai.cz\/?page_id=1928\" target=\"_blank\">Vz\u00e1jemn\u00e9 hodnocen\u00ed<\/a><\/span>   &nbsp;&nbsp;<span style=\"text-decoration: underline;\"><a rel=\"noreferrer noopener\" href=\"https:\/\/www.cai.cz\/?page_id=15395\" target=\"_blank\">Ochrana oznamovatel\u016f<\/a><\/span>   &nbsp;&nbsp;<span style=\"text-decoration: underline;\"><a rel=\"noreferrer noopener\" href=\"https:\/\/www.cai.cz\/?page_id=19432\" target=\"_blank\">Intern\u00ed protikorup\u010dn\u00ed program<\/a><\/span>   &nbsp;&nbsp;<span style=\"text-decoration: underline;\"><a rel=\"noreferrer noopener\" href=\"https:\/\/www.cai.cz\/?page_id=17508\" target=\"_blank\">Politika nestrannosti<\/a><\/span>   &nbsp;&nbsp;<span style=\"text-decoration: underline;\"><a href=\"https:\/\/www.cai.cz\/?page_id=1777\">Odkazy<\/a><\/span><\/p>\n","protected":false},"excerpt":{"rendered":"<p>Zakl\u00e1dac\u00ed listina \u010cesk\u00e9ho institutu pro akreditaci, o.p.s. Statut \u010cesk\u00e9ho institutu pro akreditaci, o.p.s. Koncepce \u010cIA Rozhodnut\u00ed o pov\u011b\u0159en\u00ed k prov\u00e1d\u011bn\u00ed akreditace \u010d. 190\/2010 Rozhodnut\u00ed o&hellip;<\/p>\n","protected":false},"author":2,"featured_media":0,"parent":23,"menu_order":2,"comment_status":"closed","ping_status":"closed","template":"","meta":{"_acf_changed":false,"_price":"","_stock":"","_tribe_ticket_header":"","_tribe_default_ticket_provider":"","_tribe_ticket_capacity":"0","_ticket_start_date":"","_ticket_end_date":"","_tribe_ticket_show_description":"","_tribe_ticket_show_not_going":false,"_tribe_ticket_use_global_stock":"","_tribe_ticket_global_stock_level":"","_global_stock_mode":"","_global_stock_cap":"","_tribe_rsvp_for_event":"","_tribe_ticket_going_count":"","_tribe_ticket_not_going_count":"","_tribe_tickets_list":"[]","_tribe_ticket_has_attendee_info_fields":false,"footnotes":"","_tec_slr_enabled":"","_tec_slr_layout":""},"class_list":["post-1920","page","type-page","status-publish","hentry"],"acf":[],"ticketed":false,"_links":{"self":[{"href":"https:\/\/www.cai.cz\/index.php?rest_route=\/wp\/v2\/pages\/1920","targetHints":{"allow":["GET"]}}],"collection":[{"href":"https:\/\/www.cai.cz\/index.php?rest_route=\/wp\/v2\/pages"}],"about":[{"href":"https:\/\/www.cai.cz\/index.php?rest_route=\/wp\/v2\/types\/page"}],"author":[{"embeddable":true,"href":"https:\/\/www.cai.cz\/index.php?rest_route=\/wp\/v2\/users\/2"}],"replies":[{"embeddable":true,"href":"https:\/\/www.cai.cz\/index.php?rest_route=%2Fwp%2Fv2%2Fcomments&post=1920"}],"version-history":[{"count":42,"href":"https:\/\/www.cai.cz\/index.php?rest_route=\/wp\/v2\/pages\/1920\/revisions"}],"predecessor-version":[{"id":19994,"href":"https:\/\/www.cai.cz\/index.php?rest_route=\/wp\/v2\/pages\/1920\/revisions\/19994"}],"up":[{"embeddable":true,"href":"https:\/\/www.cai.cz\/index.php?rest_route=\/wp\/v2\/pages\/23"}],"wp:attachment":[{"href":"https:\/\/www.cai.cz\/index.php?rest_route=%2Fwp%2Fv2%2Fmedia&parent=1920"}],"curies":[{"name":"wp","href":"https:\/\/api.w.org\/{rel}","templated":true}]}}