{"id":1928,"date":"2018-10-05T12:05:01","date_gmt":"2018-10-05T10:05:01","guid":{"rendered":"http:\/\/srvwww1.cai.internal\/?page_id=1928"},"modified":"2024-12-19T10:55:36","modified_gmt":"2024-12-19T09:55:36","slug":"vzajemne-hodnoceni","status":"publish","type":"page","link":"https:\/\/www.cai.cz\/?page_id=1928","title":{"rendered":"Vz\u00e1jemn\u00e9 hodnocen\u00ed"},"content":{"rendered":"\n<p>Kvalita a odbornost \u010cesk\u00e9ho institutu pro akreditaci, o.p.s. je pravideln\u011b jednou za \u010dty\u0159i roky prov\u011b\u0159ov\u00e1na ze strany Evropsk\u00e9 organizace pro spolupr\u00e1ci v oblasti&nbsp;akreditace (zkr\u00e1cen\u011b Evropsk\u00e1 akreditace &#8211; EA) t\u00fdmem mezin\u00e1rodn\u00edch odborn\u00edk\u016f.<\/p>\n\n\n\n<p><strong>16.07.2023<\/strong> <a href=\"https:\/\/www.cai.cz\/?p=17256\" target=\"_blank\" rel=\"noreferrer noopener\">Potvrzen\u00ed signat\u00e1\u0159stv\u00ed multilater\u00e1ln\u00ed dohody EA po evaluaci v roce 2022.<\/a><\/p>\n\n\n\n<p><strong>09.05.2019<\/strong> <a href=\"https:\/\/www.cai.cz\/?p=11367\" target=\"_blank\" rel=\"noreferrer noopener\">V\u00fdsledky evaluace \u010cIA 2018.<\/a><\/p>\n\n\n\n<p><strong>27.04.2016<\/strong> <a href=\"https:\/\/www.cai.cz\/wp-content\/uploads\/2018\/10\/cia-plni-pozadavky-na-vao.pdf\" target=\"_blank\" rel=\"noreferrer noopener\">\u010cesk\u00fd institut pro akreditaci, o.p.s. pln\u00ed po\u017eadavky na vnitrost\u00e1tn\u00ed akredita\u010dn\u00ed org\u00e1n (evaluace \u010cIA).<\/a><\/p>\n\n\n\n<p><strong>02.07.2012<\/strong>&nbsp;Ve V\u011bstn\u00edku \u00daNMZ \u010d.7\/2012 bylo zve\u0159ejn\u011bno <a href=\"https:\/\/www.cai.cz\/wp-content\/uploads\/2018\/10\/Dohody_MLA_MRA.pdf\" target=\"_blank\" rel=\"noreferrer noopener\">sd\u011blen\u00ed<\/a>, \u017ee \u010cesk\u00fd institut pro akreditaci, o.p.s. je nad\u00e1le signat\u00e1\u0159em dohod o vz\u00e1jemn\u00e9m uzn\u00e1v\u00e1n\u00ed v\u00fdsledk\u016f akreditace v pln\u00e9m rozsahu.<\/p>\n\n\n\n<p>Prvn\u00ed vz\u00e1jemn\u00e9 hodnocen\u00ed (evaluaci) \u010cIA absolvoval \u00fasp\u011b\u0161n\u011b v roce 1998. <br>Dal\u0161\u00ed vz\u00e1jemn\u00e1 hodnocen\u00ed prob\u011bhla v letech 2002,&nbsp;2006\/2007, 2011, 2015, 2018 a 2022&nbsp;v\u0161echna s pozitivn\u00edm v\u00fdsledkem. <br>Na z\u00e1klad\u011b zm\u00edn\u011bn\u00fdch vz\u00e1jemn\u00fdch hodnocen\u00ed se \u010cIA stal signat\u00e1\u0159em Mnohostrann\u00e9 dohody o vz\u00e1jemn\u00e9m uzn\u00e1v\u00e1n\u00ed akredita\u010dn\u00edch n\u00e1lez\u016f (EA Multilateral Agreement).&nbsp;<br><strong>\u010cIA je nyn\u00ed signat\u00e1\u0159em EA MLA ve v\u0161ech oblastech akreditace,<\/strong>&nbsp;co\u017e dokl\u00e1d\u00e1&nbsp;Dohoda o vz\u00e1jemn\u00e9m uzn\u00e1v\u00e1n\u00ed v\u00fdsledk\u016f akreditace <span style=\"text-decoration: underline;\"><a href=\"https:\/\/www.cai.cz\/?page_id=1792\" target=\"_blank\" rel=\"noreferrer noopener\">EA MLA.<\/a><\/span><\/p>\n\n\n\n<hr class=\"wp-block-separator has-css-opacity is-style-wide\"\/>\n\n\n\n<p><strong>POKRA\u010cOVAT D\u00c1L:&nbsp;<\/strong>&nbsp;<br><a rel=\"noreferrer noopener\" href=\"https:\/\/www.cai.cz\/?page_id=1746\" target=\"_blank\"><span style=\"text-decoration: underline;\">\u00da\u0159edn\u00ed deska<\/span><\/a>   &nbsp;&nbsp;<span style=\"text-decoration: underline;\"><a rel=\"noreferrer noopener\" href=\"https:\/\/www.cai.cz\/?page_id=1920\" target=\"_blank\">Statut\u00e1rn\u00ed dokumenty<\/a><\/span>   &nbsp;&nbsp;<span style=\"text-decoration: underline;\"><a rel=\"noreferrer noopener\" href=\"https:\/\/www.cai.cz\/?page_id=1923\" target=\"_blank\">Org\u00e1ny \u010cIA<\/a><\/span>   &nbsp;&nbsp;<a rel=\"noreferrer noopener\" href=\"https:\/\/www.cai.cz\/?page_id=2211\" target=\"_blank\"><span style=\"text-decoration: underline;\">Poradn\u00ed org\u00e1ny \u010cIA<\/span><\/a>   &nbsp;&nbsp;<span style=\"text-decoration: underline;\"><a rel=\"noreferrer noopener\" href=\"https:\/\/www.cai.cz\/?page_id=1925\" target=\"_blank\">V\u00fdro\u010dn\u00ed zpr\u00e1vy<\/a><\/span>   &nbsp;&nbsp;<a href=\"https:\/\/www.cai.cz\/?page_id=1765\" target=\"_blank\" rel=\"noreferrer noopener\">Legislativa<\/a>   &nbsp;&nbsp;<a rel=\"noreferrer noopener\" href=\"https:\/\/www.cai.cz\/?page_id=1963\" target=\"_blank\"><span style=\"text-decoration: underline;\">Publikace<\/span><\/a>   &nbsp;&nbsp;<span style=\"text-decoration: underline;\"><a rel=\"noreferrer noopener\" href=\"https:\/\/www.cai.cz\/?page_id=1753\" target=\"_blank\">CTN<\/a><\/span>   &nbsp;&nbsp;<a rel=\"noreferrer noopener\" href=\"https:\/\/www.cai.cz\/?page_id=1768\" target=\"_blank\"><span style=\"text-decoration: underline;\">Pracovn\u00ed nab\u00eddky<\/span><\/a>   &nbsp;&nbsp;<span style=\"text-decoration: underline;\"><a rel=\"noreferrer noopener\" href=\"https:\/\/www.cai.cz\/?page_id=1771\" target=\"_blank\">Ve\u0159ejn\u00e9 projedn\u00e1v\u00e1n\u00ed<\/a><\/span>   &nbsp;&nbsp;<br><span style=\"text-decoration: underline;\"><a rel=\"noreferrer noopener\" href=\"https:\/\/www.cai.cz\/?page_id=15395\" target=\"_blank\">Ochrana oznamovatel\u016f<\/a><\/span>   &nbsp;&nbsp;<span style=\"text-decoration: underline;\"><a rel=\"noreferrer noopener\" href=\"https:\/\/www.cai.cz\/?page_id=19432\" target=\"_blank\">Intern\u00ed protikorup\u010dn\u00ed program<\/a><\/span>   &nbsp;&nbsp;<span style=\"text-decoration: underline;\"><a rel=\"noreferrer noopener\" href=\"https:\/\/www.cai.cz\/?page_id=17508\" target=\"_blank\">Politika nestrannosti<\/a><\/span>   &nbsp;&nbsp;<span style=\"text-decoration: underline;\"><a href=\"https:\/\/www.cai.cz\/?page_id=1777\">Odkazy<\/a><\/span><\/p>\n","protected":false},"excerpt":{"rendered":"<p>Kvalita a odbornost \u010cesk\u00e9ho institutu pro akreditaci, o.p.s. je pravideln\u011b jednou za \u010dty\u0159i roky prov\u011b\u0159ov\u00e1na ze strany Evropsk\u00e9 organizace pro spolupr\u00e1ci v oblasti&nbsp;akreditace (zkr\u00e1cen\u011b Evropsk\u00e1&hellip;<\/p>\n","protected":false},"author":2,"featured_media":0,"parent":23,"menu_order":0,"comment_status":"closed","ping_status":"closed","template":"","meta":{"_acf_changed":false,"_price":"","_stock":"","_tribe_ticket_header":"","_tribe_default_ticket_provider":"","_tribe_ticket_capacity":"0","_ticket_start_date":"","_ticket_end_date":"","_tribe_ticket_show_description":"","_tribe_ticket_show_not_going":false,"_tribe_ticket_use_global_stock":"","_tribe_ticket_global_stock_level":"","_global_stock_mode":"","_global_stock_cap":"","_tribe_rsvp_for_event":"","_tribe_ticket_going_count":"","_tribe_ticket_not_going_count":"","_tribe_tickets_list":"[]","_tribe_ticket_has_attendee_info_fields":false,"footnotes":"","_tec_slr_enabled":"","_tec_slr_layout":""},"class_list":["post-1928","page","type-page","status-publish","hentry"],"acf":[],"ticketed":false,"_links":{"self":[{"href":"https:\/\/www.cai.cz\/index.php?rest_route=\/wp\/v2\/pages\/1928","targetHints":{"allow":["GET"]}}],"collection":[{"href":"https:\/\/www.cai.cz\/index.php?rest_route=\/wp\/v2\/pages"}],"about":[{"href":"https:\/\/www.cai.cz\/index.php?rest_route=\/wp\/v2\/types\/page"}],"author":[{"embeddable":true,"href":"https:\/\/www.cai.cz\/index.php?rest_route=\/wp\/v2\/users\/2"}],"replies":[{"embeddable":true,"href":"https:\/\/www.cai.cz\/index.php?rest_route=%2Fwp%2Fv2%2Fcomments&post=1928"}],"version-history":[{"count":13,"href":"https:\/\/www.cai.cz\/index.php?rest_route=\/wp\/v2\/pages\/1928\/revisions"}],"predecessor-version":[{"id":19513,"href":"https:\/\/www.cai.cz\/index.php?rest_route=\/wp\/v2\/pages\/1928\/revisions\/19513"}],"up":[{"embeddable":true,"href":"https:\/\/www.cai.cz\/index.php?rest_route=\/wp\/v2\/pages\/23"}],"wp:attachment":[{"href":"https:\/\/www.cai.cz\/index.php?rest_route=%2Fwp%2Fv2%2Fmedia&parent=1928"}],"curies":[{"name":"wp","href":"https:\/\/api.w.org\/{rel}","templated":true}]}}