{"id":19432,"date":"2024-12-19T09:07:20","date_gmt":"2024-12-19T08:07:20","guid":{"rendered":"https:\/\/www.cai.cz\/?page_id=19432"},"modified":"2025-01-03T15:10:26","modified_gmt":"2025-01-03T14:10:26","slug":"interni-protikorupcni-program","status":"publish","type":"page","link":"https:\/\/www.cai.cz\/?page_id=19432","title":{"rendered":"Informace o uplat\u0148ov\u00e1n\u00ed intern\u00edho protikorup\u010dn\u00edho programu \u010cIA"},"content":{"rendered":"\n<p>\u010cIA stanovil z\u00e1kladn\u00ed pravidla pro identifikov\u00e1n\u00ed korup\u010dn\u00edch rizik, kter\u00fdm je organizace vystavena p\u0159i sv\u00e9 \u010dinnosti. Pravidla vych\u00e1zej\u00ed z Rezortn\u00edho intern\u00edho protikorup\u010dn\u00edho programu Ministerstva pr\u016fmyslu a obchodu, kter\u00fd byl vypracov\u00e1n na z\u00e1klad\u011b \u00fakolu vypl\u00fdvaj\u00edc\u00edho z usnesen\u00ed vl\u00e1dy.<\/p>\n<p>C\u00edlem intern\u00edho protikorup\u010dn\u00edho programu (IPP) je odstranit nebo v\u00a0maxim\u00e1ln\u00ed mo\u017en\u00e9 m\u00ed\u0159e omezit p\u0159edpoklady pro vznik korup\u010dn\u00edho jedn\u00e1n\u00ed v\u00a0r\u00e1mci \u010cIA. Korupce a\/nebo podvodu se mohou dopustit pracovn\u00edci \u010cIA (korupce zevnit\u0159) a stejn\u011b tak osoby z\u00a0\u0159ad ve\u0159ejnosti nebo smluvn\u00edch dodavatel\u016f (korupce zven\u010d\u00ed).<\/p>\n<p>Podn\u011bty extern\u00edch oznamovatel\u016f lze pod\u00e1vat:<\/p>\n<ul>\n<li>prost\u0159ednictv\u00edm listinn\u00e9ho ozn\u00e1men\u00ed \u2013 mo\u017eno zaslat \u010di osobn\u011b doru\u010dit na adresu: \u010cesk\u00fd institut pro akreditaci, o.p.s., H\u00e1jkova 2747\/22, \u017di\u017ekov, 130 00 Praha 3<\/li>\n<li>prost\u0159ednictv\u00edm datov\u00e9 schr\u00e1nky: c4cnq5k<\/li>\n<li>prost\u0159ednictv\u00edm elektronick\u00e9 adresy podatelny: <a href=\"mailto:ipp@cai.cz\">ipp@cai.cz<\/a><\/li>\n<\/ul>\n<p>Minim\u00e1ln\u00ed obsah ozn\u00e1men\u00ed podez\u0159en\u00ed na korup\u010dn\u00ed jedn\u00e1n\u00ed:<\/p>\n<ol>\n<li>identifikace osob podez\u0159el\u00fdch ze sp\u00e1ch\u00e1n\u00ed nep\u0159\u00edpustn\u00e9ho jedn\u00e1n\u00ed a v\u0161ech dal\u0161\u00edch osob profituj\u00edc\u00edch z nep\u0159\u00edpustn\u00e9ho jedn\u00e1n\u00ed,<\/li>\n<li>podrobn\u00fd a souvisl\u00fd popis nep\u0159\u00edpustn\u00e9ho jedn\u00e1n\u00ed v\u010detn\u011b \u010dasov\u00e9ho sledu,<\/li>\n<li>konkr\u00e9tn\u00ed d\u016fkazy o nep\u0159\u00edpustn\u00e9m jedn\u00e1n\u00ed nebo jin\u00e9 konkr\u00e9tn\u00ed poznatky podporuj\u00edc\u00ed podez\u0159en\u00ed ze sp\u00e1ch\u00e1n\u00ed nep\u0159\u00edpustn\u00e9ho jedn\u00e1n\u00ed.<\/li>\n<\/ol>\n<p>V\u00a0r\u00e1mci jak\u00e9hokoliv ozn\u00e1men\u00ed podez\u0159en\u00ed na korup\u010dn\u00ed jedn\u00e1n\u00ed je zachov\u00e1n princip ochrany oznamovatel\u016f, co\u017e je nastaven\u00ed postup\u016f a pravidel, kter\u00e1 zaji\u0161\u0165uj\u00ed podporu a ochranu osob\u00e1m upozor\u0148uj\u00edc\u00edm na mo\u017en\u00e9 korup\u010dn\u00ed \u010di jin\u00e9 protipr\u00e1vn\u00ed nebo neetick\u00e9 jedn\u00e1n\u00ed. \u010cIA db\u00e1 na to, aby nebylo mo\u017en\u00e9 zve\u0159ejnit toto\u017enost oznamovatele bez jeho souhlasu, a sna\u017e\u00ed se chr\u00e1nit oznamovatele proti jak\u00e9mukoli znev\u00fdhod\u0148ov\u00e1n\u00ed v d\u016fsledku podan\u00e9ho ozn\u00e1men\u00ed.<\/p>\n<p>\u010cIA podporuje sv\u00e9 zam\u011bstnance, spolupracovn\u00edky a p\u0159\u00edpadn\u00e9 dal\u0161\u00ed osoby v\u00a0tom, aby mohli upozornit na jedn\u00e1n\u00ed, kter\u00e9 by mohlo b\u00fdt v\u00a0rozporu se z\u00e1vazn\u00fdmi pravidly \u010di s\u00a0hodnotami, kter\u00e9 \u010cIA zast\u00e1v\u00e1.<\/p>\n\n\n\n<hr class=\"wp-block-separator has-alpha-channel-opacity is-style-wide\"\/>\n\n\n\n<p><strong>POKRA\u010cOVAT D\u00c1L:&nbsp;<\/strong>&nbsp;<br><a rel=\"noreferrer noopener\" href=\"https:\/\/www.cai.cz\/?page_id=1746\" target=\"_blank\"><span style=\"text-decoration: underline;\">\u00da\u0159edn\u00ed deska<\/span><\/a>   &nbsp;&nbsp;<span style=\"text-decoration: underline;\"><a rel=\"noreferrer noopener\" href=\"https:\/\/www.cai.cz\/?page_id=1920\" target=\"_blank\">Statut\u00e1rn\u00ed dokumenty<\/a><\/span>   &nbsp;&nbsp;<span style=\"text-decoration: underline;\"><a rel=\"noreferrer noopener\" href=\"https:\/\/www.cai.cz\/?page_id=1923\" target=\"_blank\">Org\u00e1ny \u010cIA<\/a><\/span>   &nbsp;&nbsp;<a rel=\"noreferrer noopener\" href=\"https:\/\/www.cai.cz\/?page_id=2211\" target=\"_blank\"><span style=\"text-decoration: underline;\">Poradn\u00ed org\u00e1ny \u010cIA<\/span><\/a>   &nbsp;&nbsp;<span style=\"text-decoration: underline;\"><a rel=\"noreferrer noopener\" href=\"https:\/\/www.cai.cz\/?page_id=1925\" target=\"_blank\">V\u00fdro\u010dn\u00ed zpr\u00e1vy<\/a><\/span>   &nbsp;&nbsp;<a href=\"https:\/\/www.cai.cz\/?page_id=1765\" target=\"_blank\" rel=\"noreferrer noopener\">Legislativa<\/a>   &nbsp;&nbsp;<a rel=\"noreferrer noopener\" href=\"https:\/\/www.cai.cz\/?page_id=1963\" target=\"_blank\"><span style=\"text-decoration: underline;\">Publikace<\/span><\/a>   &nbsp;&nbsp;<span style=\"text-decoration: underline;\"><a rel=\"noreferrer noopener\" href=\"https:\/\/www.cai.cz\/?page_id=1753\" target=\"_blank\">CTN<\/a><\/span>   &nbsp;&nbsp;<a rel=\"noreferrer noopener\" href=\"https:\/\/www.cai.cz\/?page_id=1768\" target=\"_blank\"><span style=\"text-decoration: underline;\">Pracovn\u00ed nab\u00eddky<\/span><\/a>   &nbsp;&nbsp;<span style=\"text-decoration: underline;\"><a rel=\"noreferrer noopener\" href=\"https:\/\/www.cai.cz\/?page_id=1771\" target=\"_blank\">Ve\u0159ejn\u00e9 projedn\u00e1v\u00e1n\u00ed<\/a><\/span>   &nbsp;&nbsp;<br><span style=\"text-decoration: underline;\"><a rel=\"noreferrer noopener\" href=\"https:\/\/www.cai.cz\/?page_id=1928\" target=\"_blank\">Vz\u00e1jemn\u00e9 hodnocen\u00ed<\/a><\/span>   &nbsp;&nbsp;<span style=\"text-decoration: underline;\"><a rel=\"noreferrer noopener\" href=\"https:\/\/www.cai.cz\/?page_id=15395\" target=\"_blank\">Ochrana oznamovatel\u016f<\/a><\/span>   &nbsp;&nbsp;<span style=\"text-decoration: underline;\"><a rel=\"noreferrer noopener\" href=\"https:\/\/www.cai.cz\/?page_id=17508\" target=\"_blank\">Politika nestrannosti<\/a><\/span>   &nbsp;&nbsp;<span style=\"text-decoration: underline;\"><a href=\"https:\/\/www.cai.cz\/?page_id=1777\">Odkazy<\/a><\/span><\/p>\n","protected":false},"excerpt":{"rendered":"<p>\u010cIA stanovil z\u00e1kladn\u00ed pravidla pro identifikov\u00e1n\u00ed korup\u010dn\u00edch rizik, kter\u00fdm je organizace vystavena p\u0159i sv\u00e9 \u010dinnosti. Pravidla vych\u00e1zej\u00ed z Rezortn\u00edho intern\u00edho protikorup\u010dn\u00edho programu Ministerstva pr\u016fmyslu a&hellip;<\/p>\n","protected":false},"author":34,"featured_media":0,"parent":23,"menu_order":0,"comment_status":"closed","ping_status":"closed","template":"","meta":{"_acf_changed":false,"_price":"","_stock":"","_tribe_ticket_header":"","_tribe_default_ticket_provider":"","_tribe_ticket_capacity":"0","_ticket_start_date":"","_ticket_end_date":"","_tribe_ticket_show_description":"","_tribe_ticket_show_not_going":false,"_tribe_ticket_use_global_stock":"","_tribe_ticket_global_stock_level":"","_global_stock_mode":"","_global_stock_cap":"","_tribe_rsvp_for_event":"","_tribe_ticket_going_count":"","_tribe_ticket_not_going_count":"","_tribe_tickets_list":"[]","_tribe_ticket_has_attendee_info_fields":false,"footnotes":"","_tec_slr_enabled":"","_tec_slr_layout":""},"class_list":["post-19432","page","type-page","status-publish","hentry"],"acf":[],"ticketed":false,"_links":{"self":[{"href":"https:\/\/www.cai.cz\/index.php?rest_route=\/wp\/v2\/pages\/19432","targetHints":{"allow":["GET"]}}],"collection":[{"href":"https:\/\/www.cai.cz\/index.php?rest_route=\/wp\/v2\/pages"}],"about":[{"href":"https:\/\/www.cai.cz\/index.php?rest_route=\/wp\/v2\/types\/page"}],"author":[{"embeddable":true,"href":"https:\/\/www.cai.cz\/index.php?rest_route=\/wp\/v2\/users\/34"}],"replies":[{"embeddable":true,"href":"https:\/\/www.cai.cz\/index.php?rest_route=%2Fwp%2Fv2%2Fcomments&post=19432"}],"version-history":[{"count":11,"href":"https:\/\/www.cai.cz\/index.php?rest_route=\/wp\/v2\/pages\/19432\/revisions"}],"predecessor-version":[{"id":19606,"href":"https:\/\/www.cai.cz\/index.php?rest_route=\/wp\/v2\/pages\/19432\/revisions\/19606"}],"up":[{"embeddable":true,"href":"https:\/\/www.cai.cz\/index.php?rest_route=\/wp\/v2\/pages\/23"}],"wp:attachment":[{"href":"https:\/\/www.cai.cz\/index.php?rest_route=%2Fwp%2Fv2%2Fmedia&parent=19432"}],"curies":[{"name":"wp","href":"https:\/\/api.w.org\/{rel}","templated":true}]}}