{"id":2211,"date":"2018-12-12T10:07:12","date_gmt":"2018-12-12T09:07:12","guid":{"rendered":"http:\/\/srvwww1.cai.internal\/?page_id=2211"},"modified":"2026-04-17T10:01:28","modified_gmt":"2026-04-17T08:01:28","slug":"poradni-organy-cia","status":"publish","type":"page","link":"https:\/\/www.cai.cz\/?page_id=2211","title":{"rendered":"Poradn\u00ed org\u00e1ny \u010cIA"},"content":{"rendered":"\n<p><a href=\"https:\/\/www.cai.cz\/?page_id=21298\" target=\"_blank\" rel=\"noreferrer noopener\"><strong>Rada pro akreditaci<\/strong><\/a><br> \/Ing. Milan Badal, tajemn\u00edk RA\/<\/p>\n\n\n\n<p><a href=\"https:\/\/www.cai.cz\/wp-content\/uploads\/2026\/02\/Slozeni-TV-ZL.pdf\" target=\"_blank\" rel=\"noreferrer noopener\">Technick\u00fd v\u00fdbor pro akreditaci zku\u0161ebn\u00edch laborato\u0159\u00ed (TV ZL)<\/a><br> \/Ing. Gor Petrosjan, sekret\u00e1\u0159 TV\/<\/p>\n\n\n\n<p><a href=\"https:\/\/www.cai.cz\/wp-content\/uploads\/2025\/04\/Slozeni-TV-KL.pdf\" target=\"_blank\" rel=\"noreferrer noopener\">Technick\u00fd v\u00fdbor pro akreditaci&nbsp;kalibra\u010dn\u00edch laborato\u0159\u00ed (TV KL)<\/a><br> \/Ing. Martin Valenta, sekret\u00e1\u0159 TV\/<\/p>\n\n\n\n<p><a href=\"https:\/\/www.cai.cz\/wp-content\/uploads\/2026\/02\/slozeni-TV-COV_2026.pdf\" target=\"_blank\" rel=\"noreferrer noopener\">Technick\u00fd v\u00fdbor pro akreditaci certifika\u010dn\u00edch org\u00e1n\u016f certifikuj\u00edc\u00edch produkty (TV COV)<\/a><br> \/Ing. Milan Svoboda, sekret\u00e1\u0159 TV\/<\/p>\n\n\n\n<p><a rel=\"noreferrer noopener\" href=\"https:\/\/www.cai.cz\/wp-content\/uploads\/2026\/02\/Slozeni-TV-VOO.pdf\" data-type=\"URL\" data-id=\"https:\/\/www.cai.cz\/wp-content\/uploads\/2026\/02\/Slozeni-TV-VOO.pdf\" target=\"_blank\">Technick\u00fd v\u00fdbor pro akreditaci valida\u010dn\u00edch a ov\u011b\u0159ovac\u00edch org\u00e1n\u016f (TV VOO)<\/a><br> \/Ing. Tom\u00e1\u0161 Mikuta, MBA, sekret\u00e1\u0159 TV\/<\/p>\n\n\n\n<p><a href=\"https:\/\/www.cai.cz\/wp-content\/uploads\/2025\/05\/slozeni-TV-COSM-2025.pdf\" target=\"_blank\" rel=\"noreferrer noopener\">Technick\u00fd v\u00fdbor pro akreditaci&nbsp;certifika\u010dn\u00edch org\u00e1n\u016f certifikuj\u00edc\u00edch syst\u00e9my managementu (TV COSM)<\/a><br> \/Ing. Julie Koval\u010dukov\u00e1, sekret\u00e1\u0159 TV\/<\/p>\n\n\n\n<p><a href=\"https:\/\/www.cai.cz\/wp-content\/uploads\/2026\/02\/Slozeni-TV-pro-akreditaci-IO_2026.pdf\" target=\"_blank\" rel=\"noreferrer noopener\">Technick\u00fd v\u00fdbor pro akreditaci inspek\u010dn\u00edch org\u00e1n\u016f (TV IO)<\/a><br> \/Ing. Milan Svoboda, sekret\u00e1\u0159 TV\/<\/p>\n\n\n\n<p><a rel=\"noreferrer noopener\" href=\"https:\/\/www.cai.cz\/wp-content\/uploads\/2025\/04\/Slozeni-TV-COP.pdf\" target=\"_blank\">Technick\u00fd v\u00fdbor pro akreditaci certifika\u010dn\u00edch org\u00e1n\u016f certifikuj\u00edc\u00edch osoby (TV COP)<\/a><br> \/Ing. Milan Svoboda, sekret\u00e1\u0159 TV\/<\/p>\n\n\n\n<p><a href=\"https:\/\/www.cai.cz\/wp-content\/uploads\/2025\/11\/Slozeni-OV-CTN-2025-2028-update.pdf\" target=\"_blank\" rel=\"noreferrer noopener\">Odborn\u00fd v\u00fdbor pro technickou normalizaci (OV TN)<\/a><br> \/Mgr. Anna Zemanov\u00e1, sekret\u00e1\u0159 OV\/<\/p>\n\n\n\n<p><a href=\"https:\/\/www.cai.cz\/wp-content\/uploads\/2019\/10\/slo\u017een\u00ed_webOVML2019_2022.pdf\"><\/a><a href=\"https:\/\/www.cai.cz\/wp-content\/uploads\/2025\/04\/Slozeni-OV-ML.pdf\" target=\"_blank\" rel=\"noreferrer noopener\">Odborn\u00fd v\u00fdbor pro akreditaci zdravotnick\u00fdch laborato\u0159\u00ed (OV ML)<\/a><br> \/Ing. Milena Lochmanov\u00e1, sekret\u00e1\u0159 OV\/<\/p>\n\n\n\n<p><strong>A.&nbsp; P\u0159i Technick\u00e9m v\u00fdboru pro akreditaci zku\u0161ebn\u00edch laborato\u0159\u00ed<\/strong> <strong>jsou z\u0159\u00edzeny:<\/strong><\/p>\n\n\n\n<p>1.&nbsp;<a href=\"https:\/\/www.cai.cz\/wp-content\/uploads\/2026\/02\/Slozeni-TK-mikrob_2026.pdf\" target=\"_blank\" rel=\"noreferrer noopener\">Technick\u00e1 komise pro mikrobiologii<\/a><br> \/Ing. Jana Kadav\u00e1, tajemn\u00edk TK, Mgr. Nicole Vinklov\u00e1, sekret\u00e1\u0159 TK\/<\/p>\n\n\n\n<p>2.&nbsp;<a href=\"https:\/\/www.cai.cz\/wp-content\/uploads\/2025\/06\/Slozeni-TK-FCH2025.pdf\" target=\"_blank\" rel=\"noreferrer noopener\">Technick\u00e1 komise pro fyzik\u00e1ln\u011b-chemick\u00e9 zkou\u0161en\u00ed<\/a><br> \/Mgr. Ji\u0159\u00ed M\u00edka, tajemn\u00edk TK, Mgr. Nicole Vinklov\u00e1 , sekret\u00e1\u0159 TK\/<\/p>\n\n\n\n<p>3. <a href=\"https:\/\/www.cai.cz\/wp-content\/uploads\/2022\/12\/SlozeniTKFM_122022.pdf\" target=\"_blank\" rel=\"noreferrer noopener\">Technick\u00e1 komise pro fyzik\u00e1ln\u011b-mechanick\u00e9 zkou\u0161en\u00ed<\/a><br> \/Ing. Radek Sedl\u00e1\u010dek, Ph.D., tajemn\u00edk TK, Ing. Gor Petrosjan, sekret\u00e1\u0159 TK\/<\/p>\n\n\n\n<p>4.&nbsp;<a href=\"https:\/\/www.cai.cz\/wp-content\/uploads\/2019\/05\/slo\u017een\u00edTKakustika2017_2020.pdf\"><\/a><a href=\"https:\/\/www.cai.cz\/wp-content\/uploads\/2023\/12\/slozeniTKakustika_12_2023.pdf\" target=\"_blank\" rel=\"noreferrer noopener\">Technick\u00e1 komise pro akustick\u00e9 zkou\u0161en\u00ed<\/a><br> \/Ing. Libor L\u00e1dy\u0161, tajemn\u00edk, Ing. Gor Petrosjan, sekret\u00e1\u0159 TK\/<\/p>\n\n\n\n<p>5.&nbsp;<a rel=\"noreferrer noopener\" href=\"https:\/\/www.cai.cz\/wp-content\/uploads\/2025\/12\/Slozeni-TK-elektro_2025.pdf\" target=\"_blank\">Technick\u00e1 komise pro elektrotechnick\u00e9 zkou\u0161en\u00ed<\/a><br> \/Ing. Ladislava \u010cern\u00e1, Ph.D., tajemn\u00edk TK, Ing. Martin Valenta, sekret\u00e1\u0159 TK\/<\/p>\n\n\n\n<p>6.&nbsp;<a href=\"https:\/\/www.cai.cz\/wp-content\/uploads\/2025\/09\/SlozeniTK-NDT_2025.pdf\" target=\"_blank\" rel=\"noreferrer noopener\">Technick\u00e1 komise pro nedestruktivn\u00ed zkou\u0161en\u00ed (NDT)<\/a><br> \/Ing. Jan V\u00edt, Ph.D., tajemn\u00edk TK, Ing. Gor Petrosjan, sekret\u00e1\u0159 TK\/  Technick\u00e1 komise pro oblast NDT je ur\u010dena t\u00e9\u017e pro pot\u0159eby technick\u00fdch  v\u00fdbor\u016f pro akreditaci inspek\u010dn\u00edch org\u00e1n\u016f, certifika\u010dn\u00edch org\u00e1n\u016f  certifikuj\u00edc\u00edch produkty a osoby.<\/p>\n\n\n\n<p><a href=\"https:\/\/www.cai.cz\/wp-content\/uploads\/2025\/09\/SlozeniTKpozar_2025.pdf\" target=\"_blank\" rel=\"noreferrer noopener\">7.&nbsp;Technick\u00e1 komise pro po\u017e\u00e1rn\u00ed zkou\u0161en\u00ed<\/a><br> \/Ing. Jaroslav Dufek, tajemn\u00edk TK, Ing. Anton\u00edn Matou\u0161ek, sekret\u00e1\u0159 TK\/<\/p>\n\n\n\n<p>8<a href=\"https:\/\/www.cai.cz\/wp-content\/uploads\/2026\/04\/SlozeniTK-senzorika.pdf\" target=\"_blank\" rel=\"noreferrer noopener\">.&nbsp;Technick\u00e1 komise pro senzorick\u00e9 zkou\u0161en\u00ed<\/a><br> \/doc. Dr. Ing. Zde\u0148ka Panovsk\u00e1, tajemn\u00edk TK, Mgr. Nicole Vinklov\u00e1, sekret\u00e1\u0159 TK\/<\/p>\n\n\n\n<p>9.<a href=\"https:\/\/www.cai.cz\/wp-content\/uploads\/2026\/02\/Slozeni-TK-staveb_2026.pdf\" target=\"_blank\" rel=\"noreferrer noopener\">&nbsp;Technick\u00e1 komise pro stavebnictv\u00ed<\/a><br> \/Ing. Ji\u0159\u00ed Studni\u010dka, tajemn\u00edk TK, Ing.&nbsp;Anton\u00edn Matou\u0161ek, sekret\u00e1\u0159 TK\/<\/p>\n\n\n\n<p>10.\u00a0<a href=\"https:\/\/www.cai.cz\/wp-content\/uploads\/2026\/04\/Slozeni-TKemise2026.pdf\" target=\"_blank\" rel=\"noreferrer noopener\">Technick\u00e1 komise pro m\u011b\u0159en\u00ed emis\u00ed<\/a><br> \/Ing. Pavel Dohn\u00e1lek, tajemn\u00edk TK, Mgr. Nicole Vinklov\u00e1, sekret\u00e1\u0159 TK\/<\/p>\n\n\n\n<p>11. <a href=\"https:\/\/www.cai.cz\/wp-content\/uploads\/2026\/04\/slozeni-TKforenzni_2026.pdf\" target=\"_blank\" rel=\"noreferrer noopener\">Technick\u00e1 komise pro forenzn\u00ed zkou\u0161en\u00ed<\/a><br> \/plk. Ing. Roman Hradil, Ph.D., tajemn\u00edk TK, Ing. Zde\u0148ka Drdov\u00e1, sekret\u00e1\u0159 TK\/<\/p>\n\n\n\n<p id=\"https:\/\/www.cai.cz\/wp-content\/uploads\/2025\/06\/Slozeni-TK-automotive2025.pdf\">12. \u00a0<a href=\"https:\/\/www.cai.cz\/wp-content\/uploads\/2026\/02\/Slozeni-TK-automotive-2026.pdf\" target=\"_blank\" rel=\"noopener\">Technick\u00e1 komise pro zkou\u0161en\u00ed v oblasti automotive<\/a><br \/>\/Ing. Martin Hron, tajemn\u00edk TK, Ing. Gor Petrosjan, sekret\u00e1\u0159 TK\/<\/p>\n\n\n\n<p><strong>B. P\u0159i Technick\u00e9m v\u00fdboru pro akreditaci kalibra\u010dn\u00edch laborato\u0159\u00ed, <\/strong><strong>Odborn\u00e9m v\u00fdboru pro akreditaci zdravotnick\u00fdch laborato\u0159\u00ed, <\/strong><strong>Technick\u00e9m v\u00fdboru pro akreditaci certifika\u010dn\u00edch org\u00e1n\u016f certifikuj\u00edc\u00edch syst\u00e9my managementu a <\/strong><strong>p\u0159i Technick\u00e9m v\u00fdboru pro akreditaci inspek\u010dn\u00edch org\u00e1n\u016f <\/strong>se v p\u0159\u00edpad\u011b pot\u0159eby vytv\u00e1\u0159ej\u00ed ad hoc technick\u00e9 komise pro jednotliv\u00e9 oblasti.<\/p>\n\n\n\n<p><strong>C. P\u0159i Technick\u00e9m v\u00fdboru pro akreditaci certifika\u010dn\u00edch org\u00e1n\u016f certifikuj\u00edc\u00edch produkty je z\u0159\u00edzena:<br>\n<\/strong><\/p>\n\n\n\n<p>1. <a rel=\"noreferrer noopener\" href=\"https:\/\/www.cai.cz\/wp-content\/uploads\/2025\/12\/Slozenisvarovani-2025_2028.pdf\" target=\"_blank\">Technick\u00e1 komise pro sva\u0159ov\u00e1n\u00ed<\/a><br> \/Ing. V\u00e1clav Mina\u0159\u00edk, CSc., tajemn\u00edk TK, Ing.&nbsp;Milan Svoboda, sekret\u00e1\u0159  TK\/ Tato komise je ur\u010dena t\u00e9\u017e pro pot\u0159eby Technick\u00fdch v\u00fdbor\u016f pro  akreditaci inspek\u010dn\u00edch org\u00e1n\u016f, certifika\u010dn\u00edch org\u00e1n\u016f certifikuj\u00edc\u00edch  syst\u00e9my managementu a certifika\u010dn\u00edch org\u00e1n\u016f certifikuj\u00edc\u00edch osoby.<\/p>\n\n\n\n<p><em>\u010clenov\u00e9 v\u0161ech v\u00fd\u0161e uveden\u00fdch poradn\u00edch org\u00e1n\u016f v nich p\u016fsob\u00ed bez n\u00e1roku na odm\u011bnu.<\/em><\/p>\n\n\n\n<hr class=\"wp-block-separator has-css-opacity is-style-wide\"\/>\n\n\n\n<p><strong>POKRA\u010cOVAT D\u00c1L:&nbsp;<\/strong>&nbsp;<br><a rel=\"noreferrer noopener\" href=\"https:\/\/www.cai.cz\/?page_id=1746\" target=\"_blank\"><span style=\"text-decoration: underline;\">\u00da\u0159edn\u00ed deska<\/span><\/a>   &nbsp;&nbsp;<span style=\"text-decoration: underline;\"><a rel=\"noreferrer noopener\" href=\"https:\/\/www.cai.cz\/?page_id=1920\" target=\"_blank\">Statut\u00e1rn\u00ed dokumenty<\/a><\/span>   &nbsp;&nbsp;<span style=\"text-decoration: underline;\"><a rel=\"noreferrer noopener\" href=\"https:\/\/www.cai.cz\/?page_id=1923\" target=\"_blank\">Org\u00e1ny \u010cIA<\/a><\/span>   &nbsp;&nbsp;<span style=\"text-decoration: underline;\"><a rel=\"noreferrer noopener\" href=\"https:\/\/www.cai.cz\/?page_id=1925\" target=\"_blank\">V\u00fdro\u010dn\u00ed zpr\u00e1vy<\/a><\/span>   &nbsp;&nbsp;<a rel=\"noreferrer noopener\" href=\"https:\/\/www.cai.cz\/?page_id=1765\" target=\"_blank\">Legislativa<\/a>   &nbsp;&nbsp;<a rel=\"noreferrer noopener\" href=\"https:\/\/www.cai.cz\/?page_id=1963\" target=\"_blank\"><span style=\"text-decoration: underline;\">Publikace<\/span><\/a>   &nbsp;&nbsp;<span style=\"text-decoration: underline;\"><a rel=\"noreferrer noopener\" href=\"https:\/\/www.cai.cz\/?page_id=1753\" target=\"_blank\">CTN<\/a><\/span>   &nbsp;&nbsp;<a rel=\"noreferrer noopener\" href=\"https:\/\/www.cai.cz\/?page_id=1768\" target=\"_blank\"><span style=\"text-decoration: underline;\">Pracovn\u00ed nab\u00eddky<\/span><\/a>   &nbsp;&nbsp;<span style=\"text-decoration: underline;\"><a rel=\"noreferrer noopener\" href=\"https:\/\/www.cai.cz\/?page_id=1771\" target=\"_blank\">Ve\u0159ejn\u00e9 projedn\u00e1v\u00e1n\u00ed<\/a><\/span>   &nbsp;&nbsp;<br><span style=\"text-decoration: underline;\"><a rel=\"noreferrer noopener\" href=\"https:\/\/www.cai.cz\/?page_id=1928\" target=\"_blank\">Vz\u00e1jemn\u00e9 hodnocen\u00ed<\/a><\/span>   &nbsp;&nbsp;<span style=\"text-decoration: underline;\"><a rel=\"noreferrer noopener\" href=\"https:\/\/www.cai.cz\/?page_id=15395\" target=\"_blank\">Ochrana oznamovatel\u016f<\/a><\/span>   &nbsp;&nbsp;<span style=\"text-decoration: underline;\"><a rel=\"noreferrer noopener\" href=\"https:\/\/www.cai.cz\/?page_id=19432\" target=\"_blank\">Intern\u00ed protikorup\u010dn\u00ed program<\/a><\/span>   &nbsp;&nbsp;<span style=\"text-decoration: underline;\"><a rel=\"noreferrer noopener\" href=\"https:\/\/www.cai.cz\/?page_id=17508\" target=\"_blank\">Politika nestrannosti<\/a><\/span>   &nbsp;&nbsp;<span style=\"text-decoration: underline;\"><a href=\"https:\/\/www.cai.cz\/?page_id=1777\">Odkazy<\/a><\/span><\/p>\n","protected":false},"excerpt":{"rendered":"<p>Rada pro akreditaci \/Ing. Milan Badal, tajemn\u00edk RA\/ Technick\u00fd v\u00fdbor pro akreditaci zku\u0161ebn\u00edch laborato\u0159\u00ed (TV ZL) \/Ing. Gor Petrosjan, sekret\u00e1\u0159 TV\/ Technick\u00fd v\u00fdbor pro akreditaci&nbsp;kalibra\u010dn\u00edch&hellip;<\/p>\n","protected":false},"author":2,"featured_media":0,"parent":23,"menu_order":4,"comment_status":"closed","ping_status":"closed","template":"","meta":{"_acf_changed":false,"_price":"","_stock":"","_tribe_ticket_header":"","_tribe_default_ticket_provider":"","_tribe_ticket_capacity":"0","_ticket_start_date":"","_ticket_end_date":"","_tribe_ticket_show_description":"","_tribe_ticket_show_not_going":false,"_tribe_ticket_use_global_stock":"","_tribe_ticket_global_stock_level":"","_global_stock_mode":"","_global_stock_cap":"","_tribe_rsvp_for_event":"","_tribe_ticket_going_count":"","_tribe_ticket_not_going_count":"","_tribe_tickets_list":"[]","_tribe_ticket_has_attendee_info_fields":false,"footnotes":"","_tec_slr_enabled":"","_tec_slr_layout":""},"class_list":["post-2211","page","type-page","status-publish","hentry"],"acf":[],"ticketed":false,"_links":{"self":[{"href":"https:\/\/www.cai.cz\/index.php?rest_route=\/wp\/v2\/pages\/2211","targetHints":{"allow":["GET"]}}],"collection":[{"href":"https:\/\/www.cai.cz\/index.php?rest_route=\/wp\/v2\/pages"}],"about":[{"href":"https:\/\/www.cai.cz\/index.php?rest_route=\/wp\/v2\/types\/page"}],"author":[{"embeddable":true,"href":"https:\/\/www.cai.cz\/index.php?rest_route=\/wp\/v2\/users\/2"}],"replies":[{"embeddable":true,"href":"https:\/\/www.cai.cz\/index.php?rest_route=%2Fwp%2Fv2%2Fcomments&post=2211"}],"version-history":[{"count":253,"href":"https:\/\/www.cai.cz\/index.php?rest_route=\/wp\/v2\/pages\/2211\/revisions"}],"predecessor-version":[{"id":22272,"href":"https:\/\/www.cai.cz\/index.php?rest_route=\/wp\/v2\/pages\/2211\/revisions\/22272"}],"up":[{"embeddable":true,"href":"https:\/\/www.cai.cz\/index.php?rest_route=\/wp\/v2\/pages\/23"}],"wp:attachment":[{"href":"https:\/\/www.cai.cz\/index.php?rest_route=%2Fwp%2Fv2%2Fmedia&parent=2211"}],"curies":[{"name":"wp","href":"https:\/\/api.w.org\/{rel}","templated":true}]}}