{"id":23,"date":"2018-06-22T11:09:17","date_gmt":"2018-06-22T09:09:17","guid":{"rendered":"http:\/\/srvwww1.cai.internal\/?page_id=23"},"modified":"2025-07-01T06:34:35","modified_gmt":"2025-07-01T04:34:35","slug":"o-nas","status":"publish","type":"page","link":"https:\/\/www.cai.cz\/?page_id=23","title":{"rendered":"O n\u00e1s"},"content":{"rendered":"\n<p>\u010cesk\u00fd institut pro akreditaci, obecn\u011b prosp\u011b\u0161n\u00e1 spole\u010dnost, jako N\u00e1rodn\u00ed akredita\u010dn\u00ed org\u00e1n zalo\u017een\u00fd vl\u00e1dou \u010cesk\u00e9 republiky poskytuje sv\u00e9 slu\u017eby v souladu s platn\u00fdmi pr\u00e1vn\u00edmi p\u0159edpisy ve v\u0161ech oblastech akreditace jak st\u00e1tn\u00edm, tak priv\u00e1tn\u00edm subjekt\u016fm. Princip jednotn\u00e9ho evropsk\u00e9ho akredita\u010dn\u00edho syst\u00e9mu tvo\u0159en\u00e9ho n\u00e1rodn\u00edmi akredita\u010dn\u00edmi org\u00e1ny, kter\u00e9 funguj\u00ed podle jednotn\u00fdch pravidel a akredituj\u00ed podle definovan\u00fdch mezin\u00e1rodn\u011b uzn\u00e1van\u00fdch norem, vych\u00e1z\u00ed z postoje ES specifikovan\u00e9 v Glob\u00e1ln\u00ed koncepci o p\u0159\u00edstupu ke zkou\u0161en\u00ed a certifikaci.<br>V souladu s po\u017eadavky mezin\u00e1rodn\u00edch norem a dokument\u016f \u010cIA prov\u00e1d\u00ed nestrann\u00e9, objektivn\u00ed a nez\u00e1visl\u00e9 posouzen\u00ed zp\u016fsobilosti (akreditaci) pro:<\/p>\n\n\n\n<ul class=\"wp-block-list\">\n<li>Zku\u0161ebn\u00ed laborato\u0159e (\u010cSN EN ISO\/IEC 17025:2018)<\/li>\n\n\n\n<li>Zdravotnick\u00e9 laborato\u0159e (\u010cSN&nbsp;EN ISO 15189 ed. 2:2013 nebo \u010cSN&nbsp;EN ISO 15189 ed. 3:2023)<\/li>\n\n\n\n<li>Kalibra\u010dn\u00ed laborato\u0159e (\u010cSN EN ISO\/IEC 17025:2018)<\/li>\n\n\n\n<li>Certifika\u010dn\u00ed org\u00e1ny prov\u00e1d\u011bj\u00edc\u00ed certifikaci syst\u00e9m\u016f jakosti, syst\u00e9m\u016f environment\u00e1ln\u00edho managementu, syst\u00e9m\u016f managementu&nbsp;bezpe\u010dnosti a ochrany zdrav\u00ed p\u0159i pr\u00e1ci, syst\u00e9m\u016f managementu bezpe\u010dnosti informac\u00ed, syst\u00e9m\u016f managementu bezpe\u010dnosti potravin a syst\u00e9mu trvale udr\u017eiteln\u00e9ho hospoda\u0159en\u00ed v les\u00edch (\u010cSN EN ISO\/IEC 17021-1:2016)<\/li>\n\n\n\n<li>Certifika\u010dn\u00ed org\u00e1ny certifikuj\u00edc\u00ed produkty (\u010cSN EN ISO\/IEC 17065:2013)<\/li>\n\n\n\n<li>Valida\u010dn\u00ed a ov\u011b\u0159ovac\u00ed org\u00e1ny (\u010cSN EN ISO 14065:2013 nebo  \u010cSN EN ISO\/IEC 17029:2020)<\/li>\n\n\n\n<li>Certifika\u010dn\u00ed org\u00e1ny prov\u00e1d\u011bj\u00edc\u00ed certifikaci osob (\u010cSN EN ISO\/IEC 17024:2013)<\/li>\n\n\n\n<li>Inspek\u010dn\u00ed org\u00e1ny (\u010cSN EN ISO\/IEC 17020:2012)<\/li>\n\n\n\n<li>Poskytovatele zkou\u0161en\u00ed zp\u016fsobilosti (\u010cSN EN ISO\/IEC 17043:2023)<\/li>\n\n\n\n<li>Environment\u00e1ln\u00ed ov\u011b\u0159ovatele program\u016f EMAS a dohled nad zahrani\u010dn\u00edmi environment\u00e1ln\u00edmi ov\u011b\u0159ovateli (na\u0159\u00edzen\u00ed ES \u010d. 1221\/2009)<\/li>\n\n\n\n<li>V\u00fdrobce referen\u010dn\u00edch materi\u00e1l\u016f (\u010cSN EN ISO 17034:2017)<\/li>\n\n\n\n<li>Biobanky (\u010cSN EN ISO 20387:2021)<\/li>\n<\/ul>\n\n\n\n<p>\u010clenstv\u00ed v mezin\u00e1rodn\u00edch organizac\u00edch (<span style=\"text-decoration: underline;\"><a href=\"http:\/\/www.european-accreditation.org\/\" target=\"_blank\" rel=\"noreferrer noopener\">EA<\/a><\/span>,&nbsp;<span style=\"text-decoration: underline;\"><a href=\"http:\/\/www.ilac.org\/\" target=\"_blank\" rel=\"noreferrer noopener\">ILAC<\/a><\/span>,&nbsp;<span style=\"text-decoration: underline;\"><a href=\"http:\/\/www.iaf.nu\/\" target=\"_blank\" rel=\"noreferrer noopener\">IAF<\/a><\/span>) a podpis mezin\u00e1rodn\u00edch multilater\u00e1ln\u00edch dohod EA (na evropsk\u00e9 \u00farovni) a ILAC, IAF (na celosv\u011btov\u00e9 \u00farovni) o vz\u00e1jemn\u00e9m uzn\u00e1v\u00e1n\u00ed v\u00fdsledk\u016f akreditac\u00ed d\u00e1v\u00e1 z\u00e1ruky profesion\u00e1ln\u00ed \u00farovn\u011b pr\u00e1ce a p\u0159\u00edstupu ze strany \u010cIA.<\/p>\n\n\n\n<p>Dokladem vysok\u00e9 odbornosti a erudice \u010cIA je i pravideln\u00e9&nbsp;<strong>vz\u00e1jemn\u00e9 hodnocen\u00ed (evaluace)<\/strong>&nbsp;ze strany EA, kter\u00e9 prob\u00edh\u00e1 jednou za \u010dty\u0159i roky.<\/p>\n\n\n\n<p>\u010cIA v r\u00e1mci dodr\u017eov\u00e1n\u00ed po\u017eadavk\u016f vych\u00e1zej\u00edc\u00edch z \u010cSN EN ISO\/IEC 17011:2018 vyhl\u00e1sila politiku nestrannosti:<\/p>\n\n\n\n<ul class=\"wp-block-list\">\n<li>vrcholov\u00e9 veden\u00ed se zavazuje k udr\u017eov\u00e1n\u00ed nestrannosti p\u0159i poskytov\u00e1n\u00ed akreditace,<\/li>\n\n\n\n<li>vrcholov\u00e9 veden\u00ed ch\u00e1pe komer\u010dn\u00ed, finan\u010dn\u00ed a jin\u00e9 tlaky, kter\u00e9 by mohly ovlivnit jeho \u00fasudek nebo v\u00fdsledek \u010dinnosti, na&nbsp;d\u016fle\u017eitost nestrannosti p\u0159i poskytov\u00e1n\u00ed akreditace,<\/li>\n\n\n\n<li>vrcholov\u00e9 veden\u00ed zvl\u00e1d\u00e1 p\u0159\u00edpadn\u00fd st\u0159et z\u00e1jm\u016f a zaji\u0161\u0165uje objektivnost sv\u00e9 \u010dinnosti.<\/li>\n<\/ul>\n\n\n\n<p>Jak\u00e9koliv dotazy, kter\u00e9 se t\u00fdkaj\u00ed akreditace nebo t\u011bchto internetov\u00fdch str\u00e1nek, za\u0161lete pros\u00edm na adresu&nbsp;<span style=\"text-decoration: underline;\"><a href=\"mailto:mail@cai.cz\">mail@cai.cz<\/a>.<\/span><\/p>\n\n\n\n<hr class=\"wp-block-separator has-css-opacity is-style-wide\"\/>\n\n\n\n<p><strong>POKRA\u010cOVAT D\u00c1L:&nbsp;<\/strong>&nbsp;<br><a rel=\"noreferrer noopener\" href=\"https:\/\/www.cai.cz\/?page_id=1746\" target=\"_blank\"><span style=\"text-decoration: underline;\">\u00da\u0159edn\u00ed deska<\/span><\/a>   &nbsp;&nbsp;<span style=\"text-decoration: underline;\"><a rel=\"noreferrer noopener\" href=\"https:\/\/www.cai.cz\/?page_id=1920\" target=\"_blank\">Statut\u00e1rn\u00ed dokumenty<\/a><\/span>   &nbsp;&nbsp;<span style=\"text-decoration: underline;\"><a rel=\"noreferrer noopener\" href=\"https:\/\/www.cai.cz\/?page_id=1923\" target=\"_blank\">Org\u00e1ny \u010cIA<\/a><\/span>   &nbsp;&nbsp;<a rel=\"noreferrer noopener\" href=\"https:\/\/www.cai.cz\/?page_id=2211\" target=\"_blank\"><span style=\"text-decoration: underline;\">Poradn\u00ed org\u00e1ny \u010cIA<\/span><\/a>   &nbsp;&nbsp;<span style=\"text-decoration: underline;\"><a rel=\"noreferrer noopener\" href=\"https:\/\/www.cai.cz\/?page_id=1925\" target=\"_blank\">V\u00fdro\u010dn\u00ed zpr\u00e1vy<\/a><\/span>   &nbsp;&nbsp;<a href=\"https:\/\/www.cai.cz\/?page_id=1765\" target=\"_blank\" rel=\"noreferrer noopener\">Legislativa<\/a>   &nbsp;&nbsp;<a rel=\"noreferrer noopener\" href=\"https:\/\/www.cai.cz\/?page_id=1963\" target=\"_blank\"><span style=\"text-decoration: underline;\">Publikace<\/span><\/a>   &nbsp;&nbsp;<span style=\"text-decoration: underline;\"><a rel=\"noreferrer noopener\" href=\"https:\/\/www.cai.cz\/?page_id=1753\" target=\"_blank\">CTN<\/a><\/span>   &nbsp;&nbsp;<a rel=\"noreferrer noopener\" href=\"https:\/\/www.cai.cz\/?page_id=1768\" target=\"_blank\"><span style=\"text-decoration: underline;\">Pracovn\u00ed nab\u00eddky<\/span><\/a>   &nbsp;&nbsp;<span style=\"text-decoration: underline;\"><a rel=\"noreferrer noopener\" href=\"https:\/\/www.cai.cz\/?page_id=1771\" target=\"_blank\">Ve\u0159ejn\u00e9 projedn\u00e1v\u00e1n\u00ed<\/a><\/span>   &nbsp;&nbsp;<br><span style=\"text-decoration: underline;\"><a rel=\"noreferrer noopener\" href=\"https:\/\/www.cai.cz\/?page_id=1928\" target=\"_blank\">Vz\u00e1jemn\u00e9 hodnocen\u00ed<\/a><\/span>   &nbsp;&nbsp;<span style=\"text-decoration: underline;\"><a rel=\"noreferrer noopener\" href=\"https:\/\/www.cai.cz\/?page_id=15395\" target=\"_blank\">Ochrana oznamovatel\u016f<\/a><\/span>   &nbsp;&nbsp;<span style=\"text-decoration: underline;\"><a rel=\"noreferrer noopener\" href=\"https:\/\/www.cai.cz\/?page_id=19432\" target=\"_blank\">Intern\u00ed protikorup\u010dn\u00ed program<\/a><\/span>   &nbsp;&nbsp;<span style=\"text-decoration: underline;\"><a rel=\"noreferrer noopener\" href=\"https:\/\/www.cai.cz\/?page_id=17508\" target=\"_blank\">Politika nestrannosti<\/a><\/span>   &nbsp;&nbsp;<span style=\"text-decoration: underline;\"><a href=\"https:\/\/www.cai.cz\/?page_id=1777\">Odkazy<\/a><\/span><\/p>\n","protected":false},"excerpt":{"rendered":"<p>\u010cesk\u00fd institut pro akreditaci, obecn\u011b prosp\u011b\u0161n\u00e1 spole\u010dnost, jako N\u00e1rodn\u00ed akredita\u010dn\u00ed org\u00e1n zalo\u017een\u00fd vl\u00e1dou \u010cesk\u00e9 republiky poskytuje sv\u00e9 slu\u017eby v souladu s platn\u00fdmi pr\u00e1vn\u00edmi p\u0159edpisy ve&hellip;<\/p>\n","protected":false},"author":2,"featured_media":0,"parent":0,"menu_order":0,"comment_status":"closed","ping_status":"closed","template":"","meta":{"_acf_changed":false,"_price":"","_stock":"","_tribe_ticket_header":"","_tribe_default_ticket_provider":"","_tribe_ticket_capacity":"0","_ticket_start_date":"","_ticket_end_date":"","_tribe_ticket_show_description":"","_tribe_ticket_show_not_going":false,"_tribe_ticket_use_global_stock":"","_tribe_ticket_global_stock_level":"","_global_stock_mode":"","_global_stock_cap":"","_tribe_rsvp_for_event":"","_tribe_ticket_going_count":"","_tribe_ticket_not_going_count":"","_tribe_tickets_list":"[]","_tribe_ticket_has_attendee_info_fields":false,"footnotes":"","_tec_slr_enabled":"","_tec_slr_layout":""},"class_list":["post-23","page","type-page","status-publish","hentry"],"acf":[],"ticketed":false,"_links":{"self":[{"href":"https:\/\/www.cai.cz\/index.php?rest_route=\/wp\/v2\/pages\/23","targetHints":{"allow":["GET"]}}],"collection":[{"href":"https:\/\/www.cai.cz\/index.php?rest_route=\/wp\/v2\/pages"}],"about":[{"href":"https:\/\/www.cai.cz\/index.php?rest_route=\/wp\/v2\/types\/page"}],"author":[{"embeddable":true,"href":"https:\/\/www.cai.cz\/index.php?rest_route=\/wp\/v2\/users\/2"}],"replies":[{"embeddable":true,"href":"https:\/\/www.cai.cz\/index.php?rest_route=%2Fwp%2Fv2%2Fcomments&post=23"}],"version-history":[{"count":32,"href":"https:\/\/www.cai.cz\/index.php?rest_route=\/wp\/v2\/pages\/23\/revisions"}],"predecessor-version":[{"id":20485,"href":"https:\/\/www.cai.cz\/index.php?rest_route=\/wp\/v2\/pages\/23\/revisions\/20485"}],"wp:attachment":[{"href":"https:\/\/www.cai.cz\/index.php?rest_route=%2Fwp%2Fv2%2Fmedia&parent=23"}],"curies":[{"name":"wp","href":"https:\/\/api.w.org\/{rel}","templated":true}]}}