{"id":2961,"date":"2025-01-31T11:54:46","date_gmt":"2025-01-31T10:54:46","guid":{"rendered":"http:\/\/srvwww1.cai.internal\/?page_id=2961"},"modified":"2026-02-10T13:58:56","modified_gmt":"2026-02-10T12:58:56","slug":"dokumenty-mpa-vsechny-oblasti-akreditace","status":"publish","type":"page","link":"https:\/\/www.cai.cz\/?page_id=2961","title":{"rendered":"Dokumenty MPA &#8211; v\u0161echny oblasti akreditace"},"content":{"rendered":"\n<figure class=\"wp-block-table is-style-regular\"><table><thead><tr><th><strong>Ozna\u010den\u00ed<\/strong><\/th><th><strong>N\u00e1zev a soubor v aktu\u00e1ln\u00ed verzi ke sta\u017een\u00ed<\/strong><\/th><th><strong>\u00da\u010dinnost od<\/strong><\/th><\/tr><\/thead><tbody><tr><td colspan=\"3\"><strong>Obecn\u00e9 MPA<\/strong> <\/td><\/tr><tr><td>MPA 00-01-25<\/td><td><a href=\"https:\/\/www.cai.cz\/wp-content\/uploads\/2025\/11\/02_03-MPA-00-01-25-Zakladni-pravidla-akreditacniho-procesu_20250801o.pdf\" target=\"_blank\" rel=\"noreferrer noopener\">Z\u00e1kladn\u00ed pravidla akredita\u010dn\u00edho procesu<\/a><\/td><td>01.08.2025<\/td><\/tr><tr><td>MPA 00-02-23<\/td><td><a href=\"https:\/\/www.cai.cz\/wp-content\/uploads\/2025\/11\/02_03-MPA-00-02-23-Predpisova-zakladna-akreditacniho-procesu_20230220o.pdf\" target=\"_blank\" rel=\"noreferrer noopener\">P\u0159edpisov\u00e1 z\u00e1kladna akredita\u010dn\u00edho procesu<\/a><\/td><td>01.03.2023<\/td><\/tr><tr><td>MPA 00-02-23<\/td><td><a href=\"https:\/\/www.cai.cz\/wp-content\/uploads\/2026\/02\/02_03-MPA-00-02-23-priloha-Seznam-dokumentu-k-MPA-00-02-23-verze-22_20260210.pdf\" target=\"_blank\" rel=\"noreferrer noopener\">P\u0159\u00edloha Seznam dokument\u016f k MPA 00-02-23, verze 22<\/a><\/td><td>10.02.2026<\/td><\/tr><tr><td>MPA 00-03-25<\/td><td><a href=\"https:\/\/www.cai.cz\/wp-content\/uploads\/2025\/11\/02_03-MPA-00-03-25-Pravidla-pro-vyrizovani-namitek-odvolani-a-stiznosti_20250102o.pdf\" target=\"_blank\" rel=\"noreferrer noopener\">Pravidla pro vy\u0159izov\u00e1n\u00ed n\u00e1mitek, odvol\u00e1n\u00ed a st\u00ed\u017enost\u00ed<\/a><\/td><td>01.03.2025<\/td><\/tr><tr><td>MPA 00-04-23<\/td><td><a href=\"https:\/\/www.cai.cz\/wp-content\/uploads\/2025\/11\/02_03-MPA-00-04-23-Pravidla-pouzivani-odkazu-na-akreditaci_20230220o.pdf\" target=\"_blank\" rel=\"noreferrer noopener\">Pravidla pou\u017e\u00edv\u00e1n\u00ed odkazu na akreditaci<\/a><\/td><td>01.03.2023<\/td><\/tr><tr><td>MPA 00-07-23<\/td><td><a href=\"https:\/\/www.cai.cz\/wp-content\/uploads\/2025\/11\/02_03-MPA-00-07-23-Verejne-projednavani-dokumentu-CIA_20230719o.pdf\" target=\"_blank\" rel=\"noreferrer noopener\">Ve\u0159ejn\u00e9 projedn\u00e1v\u00e1n\u00ed dokument\u016f \u010cIA<\/a><\/td><td>19.07.2023<\/td><\/tr><tr><td>MPA 00-07-23<\/td><td><a href=\"https:\/\/www.cai.cz\/wp-content\/uploads\/2025\/11\/02_03-MPA-00-07-23-priloha_Verejne-projednani-dokumentu_pripominky_20230719o.docx\" target=\"_blank\" rel=\"noreferrer noopener\">P\u0159\u00edloha: Ve\u0159ejn\u00e9 projedn\u00e1v\u00e1n\u00ed dokument\u016f &#8211; p\u0159ipom\u00ednky<\/a><\/td><td>19.07.2023<\/td><\/tr><tr><td>MPA 00-09-24<\/td><td><a href=\"https:\/\/www.cai.cz\/wp-content\/uploads\/2025\/11\/02_03-MPA-00-09-24-Flexibilni-rozsah-akreditace_20240830o.pdf\" target=\"_blank\" rel=\"noreferrer noopener\">Flexibiln\u00ed rozsah akreditace<\/a><\/td><td>01.10.2024<\/td><\/tr><tr><td>MPA 00-09-20<\/td><td><a href=\"https:\/\/www.cai.cz\/wp-content\/uploads\/2025\/11\/02_03-MPA-00-09-20-Flexibilni-rozsah-akreditace_20200416o.pdf\" target=\"_blank\" rel=\"noreferrer noopener\">Flexibiln\u00ed rozsah akreditace<\/a><\/td><td>16.04.2020<\/td><\/tr><tr><td colspan=\"3\"><strong>Specifick\u00e9 MPA<\/strong><\/td><\/tr><tr><td>MPA 10-01-25<\/td><td><a rel=\"noreferrer noopener\" href=\"https:\/\/www.cai.cz\/wp-content\/uploads\/2025\/12\/02_03-MPA-10-01-25_ver.2_17025_2018_ZL-KL_20251217.pdf\" target=\"_blank\">K aplikaci \u010cSN EN ISO\/IEC 17025:2018 V\u0161eobecn\u00e9 po\u017eadavky na kompetenci zku\u0161ebn\u00edch a kalibra\u010dn\u00edch laborato\u0159\u00ed v akredita\u010dn\u00edm syst\u00e9mu \u010cesk\u00e9 republiky, verze 2<\/a><\/td><td>17.12.2025<\/td><\/tr><tr><td>MPA 10-02-26<\/td><td><a href=\"https:\/\/www.cai.cz\/wp-content\/uploads\/2025\/12\/02_03-MPA-10-02-26_15189_2023_ML_20260101.pdf\" target=\"_blank\" rel=\"noreferrer noopener\">K aplikaci \u010cSN EN ISO 15189 ed. 3:2023 Zdravotnick\u00e9 laborato\u0159e &#8211; Po\u017eadavky na kvalitu a kompetenci v akredita\u010dn\u00edm syst\u00e9mu \u010cesk\u00e9 republiky<\/a><\/td><td>01.01.2026<\/td><\/tr><tr><td>MPA 20-01-25<\/td><td><a href=\"https:\/\/www.cai.cz\/wp-content\/uploads\/2025\/11\/02_03-MPA-20-01-25-17043_2023_PZZ_20250701o.pdf\" target=\"_blank\" rel=\"noreferrer noopener\">K aplikaci \u010cSN EN ISO\/IEC 17043:2023 Posuzov\u00e1n\u00ed shody &#8211; Obecn\u00e9 po\u017eadavky na kompetenci poskytovatel\u016f zkou\u0161en\u00ed zp\u016fsobilosti v akredita\u010dn\u00edm syst\u00e9mu \u010cesk\u00e9 republiky<\/a><\/td><td>01.07.2025<\/td><\/tr><tr><td>MPA 20-01-22<\/td><td><a href=\"https:\/\/www.cai.cz\/wp-content\/uploads\/2025\/11\/02_03-MPA-20-01-22-17043_2010_PZZ_20220316o.pdf\" target=\"_blank\" rel=\"noreferrer noopener\">K aplikaci \u010cSN EN ISO\/IEC 17043:2010 Posuzov\u00e1n\u00ed shody &#8211; V\u0161eobecn\u00e9 po\u017eadavky na zkou\u0161en\u00ed zp\u016fsobilosti v akredita\u010dn\u00edm syst\u00e9mu \u010cesk\u00e9 republiky<\/a><\/td><td>16.03.2022<\/td><\/tr><tr><td>MPA 20-02-25<\/td><td><a href=\"https:\/\/www.cai.cz\/wp-content\/uploads\/2025\/11\/02_03-MPA-20-02-25-17034_2017_VRM_20250201o.pdf\" target=\"_blank\" rel=\"noreferrer noopener\">K aplikaci \u010cSN EN ISO 17034:2017 V\u0161eobecn\u00e9 po\u017eadavky na kompetenci v\u00fdrobc\u016f referen\u010dn\u00edch materi\u00e1l\u016f v akredita\u010dn\u00edm syst\u00e9mu \u010cesk\u00e9 republiky<\/a><\/td><td>01.02.2025<\/td><\/tr><tr><td>MPA 20-03-25<\/td><td><a href=\"https:\/\/www.cai.cz\/wp-content\/uploads\/2025\/11\/02_03-MPA-20-03-25_Biobanky_20251101.pdf\" target=\"_blank\" rel=\"noreferrer noopener\">K aplikaci \u010cSN EN ISO 20387:2021 Biotechnologie &#8211; Biobanky &#8211; Obecn\u00e9 po\u017eadavky na biobanky v akredita\u010dn\u00edm syst\u00e9mu \u010cesk\u00e9 republiky<\/a><\/td><td>01.11.2025<\/td><\/tr><tr><td>MPA 30-02-25<\/td><td><a href=\"https:\/\/www.cai.cz\/wp-content\/uploads\/2025\/11\/02_03-MPA-30-02-25-Politika-CIA-pro-metrologickou-navaznost-vysledku-mereni_20250801o.pdf\" target=\"_blank\" rel=\"noreferrer noopener\">Politika \u010cIA pro metrologickou n\u00e1vaznost v\u00fdsledk\u016f m\u011b\u0159en\u00ed<\/a><\/td><td>01.08.2025<\/td><\/tr><tr><td>MPA 30-03-25<\/td><td><a href=\"https:\/\/www.cai.cz\/wp-content\/uploads\/2025\/11\/02_03-MPA-30-03-25-ver2-Politika-CIA-pro-ucast-ve-PT-nebo-MLP-jinych-nez-PT_20250801o.pdf\" target=\"_blank\" rel=\"noreferrer noopener\">Politika \u010cIA pro \u00fa\u010dast ve zkou\u0161en\u00ed zp\u016fsobilosti nebo mezilaboratorn\u00edch porovn\u00e1n\u00ed jin\u00fdch ne\u017e zkou\u0161en\u00ed zp\u016fsobilosti, verze 2<\/a><\/td><td>01.08.2025<\/td><\/tr><tr><td>MPA 40-01-25<\/td><td><a href=\"https:\/\/www.cai.cz\/wp-content\/uploads\/2025\/12\/02_03-MPA-40-01-25-17065_2013-COV_20251217.pdf\" target=\"_blank\" rel=\"noreferrer noopener\">K aplikaci \u010cSN EN ISO\/IEC 17065:2013 Posuzov\u00e1n\u00ed shody \u2013 Po\u017eadavky na org\u00e1ny certifikuj\u00edc\u00ed produkty, procesy a slu\u017eby v akredita\u010dn\u00edm syst\u00e9mu \u010cesk\u00e9 republiky<\/a><\/td><td>17.12.2025<\/td><\/tr><tr><td>MPA 40-02-25<\/td><td><a href=\"https:\/\/www.cai.cz\/wp-content\/uploads\/2025\/11\/02_03-MPA-40-02-25_17029_2020_VOO_20250820o.pdf\" target=\"_blank\" rel=\"noreferrer noopener\">K aplikaci \u010cSN EN ISO\/IEC 17029:2020 Posuzov\u00e1n\u00ed shody \u2013 Obecn\u00e9 z\u00e1sady a po\u017eadavky na valida\u010dn\u00ed a ov\u011b\u0159ovac\u00ed org\u00e1ny v akredita\u010dn\u00edm syst\u00e9mu \u010cesk\u00e9 republiky<\/a><\/td><td>01.09.2025<\/td><\/tr><tr><td>MPA 50-01-25<\/td><td><a href=\"https:\/\/www.cai.cz\/wp-content\/uploads\/2025\/12\/02_03-MPA-50-01-25_ver2_17021_1_COSM_20251217.pdf\" target=\"_blank\" rel=\"noreferrer noopener\">K aplikaci \u010cSN EN ISO\/IEC 17021-1:2016 Posuzov\u00e1n\u00ed shody \u2013 Po\u017eadavky na org\u00e1ny poskytuj\u00edc\u00ed slu\u017eby audit\u016f a certifikace syst\u00e9m\u016f managementu \u2013 \u010c\u00e1st 1: Po\u017eadavky v akredita\u010dn\u00edm syst\u00e9mu \u010cesk\u00e9 republiky, verze 2<\/a><\/td><td>01.01.2026<\/td><\/tr><tr><td>MPA 60-01-22<\/td><td><a href=\"https:\/\/www.cai.cz\/wp-content\/uploads\/2025\/11\/02_03-MPA-60-01-22-17024_2013_COP_20221220o.pdf\" target=\"_blank\" rel=\"noreferrer noopener\">K aplikaci \u010cSN EN ISO\/IEC 17024:2013 Posuzov\u00e1n\u00ed shody \u2013 V\u0161eobecn\u00e9 po\u017eadavky na org\u00e1ny pro certifikaci osob v akredita\u010dn\u00edm syst\u00e9mu \u010cesk\u00e9 republiky<\/a><\/td><td>01.01.2023<\/td><\/tr><tr><td>MPA 70-01-24<\/td><td><a href=\"https:\/\/www.cai.cz\/wp-content\/uploads\/2025\/11\/02_03-MPA-70-01-24-Postup-pro-prezkoumani-sektorovych-schemat-a-inspekcnich-metod_20240223o.pdf\" target=\"_blank\" rel=\"noreferrer noopener\">Postup pro p\u0159ezkoum\u00e1n\u00ed podklad\u016f u sektorov\u00fdch certifika\u010dn\u00edch sch\u00e9mat a nestandardn\u00edch inspek\u010dn\u00edch metod<\/a><\/td><td>01.03.2024<\/td><\/tr><tr><td>MPA 80-01-25<\/td><td><a href=\"https:\/\/www.cai.cz\/wp-content\/uploads\/2025\/11\/02_03-MPA-80-01-25-17020_2012_IO_20250116o.pdf\" target=\"_blank\" rel=\"noreferrer noopener\">K aplikaci \u010cSN EN ISO\/IEC 17020:2012 Posuzov\u00e1n\u00ed shody \u2013 Po\u017eadavky pro \u010dinnost r\u016fzn\u00fdch typ\u016f org\u00e1n\u016f prov\u00e1d\u011bj\u00edc\u00edch inspekci v akredita\u010dn\u00edm syst\u00e9mu \u010cesk\u00e9 republiky<\/a><\/td><td>16.01.2025<\/td><\/tr><\/tbody><\/table><\/figure>\n\n\n\n<hr class=\"wp-block-separator has-css-opacity\"\/>\n\n\n\n<p><em>P\u0159ehled zm\u011bn ve vydan\u00fdch MPA je uveden ve Zm\u011bnov\u00e9m listu p\u0159\u00edslu\u0161n\u00e9ho dokumentu, kter\u00fd je dostupn\u00fd <a href=\"https:\/\/www.cai.cz\/?cat=92\">ZDE<\/a>.<\/em><\/p>\n\n\n\n<hr class=\"wp-block-separator has-css-opacity is-style-wide\"\/>\n\n\n\n<p><strong>POKRA\u010cOVAT D\u00c1L:   <\/strong><br><a href=\"https:\/\/www.cai.cz\/?page_id=1674\">Dokumenty ke sta\u017een\u00ed &gt;<\/a><\/p>\n","protected":false},"excerpt":{"rendered":"<p>Ozna\u010den\u00ed N\u00e1zev a soubor v aktu\u00e1ln\u00ed verzi ke sta\u017een\u00ed \u00da\u010dinnost od Obecn\u00e9 MPA MPA 00-01-25 Z\u00e1kladn\u00ed pravidla akredita\u010dn\u00edho procesu 01.08.2025 MPA 00-02-23 P\u0159edpisov\u00e1 z\u00e1kladna akredita\u010dn\u00edho&hellip;<\/p>\n","protected":false},"author":2,"featured_media":0,"parent":1674,"menu_order":0,"comment_status":"closed","ping_status":"closed","template":"","meta":{"_acf_changed":false,"_price":"","_stock":"","_tribe_ticket_header":"","_tribe_default_ticket_provider":"","_tribe_ticket_capacity":"0","_ticket_start_date":"","_ticket_end_date":"","_tribe_ticket_show_description":"","_tribe_ticket_show_not_going":false,"_tribe_ticket_use_global_stock":"","_tribe_ticket_global_stock_level":"","_global_stock_mode":"","_global_stock_cap":"","_tribe_rsvp_for_event":"","_tribe_ticket_going_count":"","_tribe_ticket_not_going_count":"","_tribe_tickets_list":"[]","_tribe_ticket_has_attendee_info_fields":false,"footnotes":"","_tec_slr_enabled":"","_tec_slr_layout":""},"class_list":["post-2961","page","type-page","status-publish","hentry"],"acf":[],"ticketed":false,"_links":{"self":[{"href":"https:\/\/www.cai.cz\/index.php?rest_route=\/wp\/v2\/pages\/2961","targetHints":{"allow":["GET"]}}],"collection":[{"href":"https:\/\/www.cai.cz\/index.php?rest_route=\/wp\/v2\/pages"}],"about":[{"href":"https:\/\/www.cai.cz\/index.php?rest_route=\/wp\/v2\/types\/page"}],"author":[{"embeddable":true,"href":"https:\/\/www.cai.cz\/index.php?rest_route=\/wp\/v2\/users\/2"}],"replies":[{"embeddable":true,"href":"https:\/\/www.cai.cz\/index.php?rest_route=%2Fwp%2Fv2%2Fcomments&post=2961"}],"version-history":[{"count":247,"href":"https:\/\/www.cai.cz\/index.php?rest_route=\/wp\/v2\/pages\/2961\/revisions"}],"predecessor-version":[{"id":21945,"href":"https:\/\/www.cai.cz\/index.php?rest_route=\/wp\/v2\/pages\/2961\/revisions\/21945"}],"up":[{"embeddable":true,"href":"https:\/\/www.cai.cz\/index.php?rest_route=\/wp\/v2\/pages\/1674"}],"wp:attachment":[{"href":"https:\/\/www.cai.cz\/index.php?rest_route=%2Fwp%2Fv2%2Fmedia&parent=2961"}],"curies":[{"name":"wp","href":"https:\/\/api.w.org\/{rel}","templated":true}]}}