{"id":3603,"date":"2019-02-21T10:54:12","date_gmt":"2019-02-21T09:54:12","guid":{"rendered":"http:\/\/srvwww1.cai.internal\/?page_id=3603"},"modified":"2025-10-02T17:13:06","modified_gmt":"2025-10-02T15:13:06","slug":"3603-2","status":"publish","type":"page","link":"https:\/\/www.cai.cz\/?page_id=3603","title":{"rendered":"Certifika\u010dn\u00ed org\u00e1ny certifikuj\u00edc\u00ed syst\u00e9my managementu (v\u010d. EMAS)"},"content":{"rendered":"<p><script defer=\"\" crossorigin=\"anonymous\" src=\"\/\/f0.iafcertsearch.org\/marks\/p\/iaf-cs-mark.js?id=8b8fe09f-40ed-5323-9654-9b0d091dd358\"><\/script><\/p>\n<p><style type=\"text\/css\">#iaf-cs-mark img {height: 96px;}<\/style><\/p>\n\n\n<p>&#8222;<strong>Akreditac\u00ed<\/strong> se rozum\u00ed ofici\u00e1ln\u00ed uzn\u00e1n\u00ed (reprezentovan\u00e9 vyd\u00e1n\u00edm Osv\u011bd\u010den\u00ed o akreditaci), \u017ee subjekt akreditace je zp\u016fsobil\u00fd prov\u00e1d\u011bt specifick\u00e9 \u010dinnosti.&#8220;<\/p>\n\n\n\n<p>\u010cIA je plnopr\u00e1vn\u00fdm \u010dlenem mezin\u00e1rodn\u00edch organizac\u00ed zab\u00fdvaj\u00edc\u00edch se akreditac\u00ed certifika\u010dn\u00edch org\u00e1n\u016f:<\/p>\n\n\n\n<p>\u21d2 Evropsk\u00e9 spolupr\u00e1ce v oblasti akreditace &#8211; EA (European co-operation for Accreditation)<br> \u21d2 Mezin\u00e1rodn\u00edho akredita\u010dn\u00edho f\u00f3ra &#8211; IAF (International Accreditation Forum)<\/p>\n\n\n\n<p>V r\u00e1mci t\u011bchto mezin\u00e1rodn\u00edch organizac\u00ed uzav\u00edraj\u00ed n\u00e1rodn\u00ed akredita\u010dn\u00ed org\u00e1ny mnohostrann\u00e9 dohody<br> o vz\u00e1jemn\u00e9m uzn\u00e1v\u00e1n\u00ed v\u00fdsledk\u016f \u010dinnosti akredita\u010dn\u00edch org\u00e1n\u016f; oblasti certifikace syst\u00e9m\u016f managementu<br> kvality a environmetn\u00e1ln\u00edho managemenetu se t\u00fdkaj\u00ed:<\/p>\n\n\n\n<p>\u21d2 EA MLA (Multilateral Agreement)<br> \u21d2 IAF MLA (Multilateral Agreement)<\/p>\n\n\n\n<p>\u010cIA je signat\u00e1\u0159em t\u011bchto dohod, a to v jejich pln\u00e9m rozsahu.<br> V\u00fdsledky akreditace jsou v r\u00e1mci \u010dlensk\u00fdch st\u00e1t\u016f EU uzn\u00e1v\u00e1ny na z\u00e1klad\u011b na\u0159\u00edzen\u00ed Evropsk\u00e9ho<br> parlamentu a Rady \u010d. 765\/2008\/ES.<\/p>\n\n\n\n<p>\u010cIA se pod\u00edl\u00ed na udr\u017eov\u00e1n\u00ed datab\u00e1ze CertSearch, do kter\u00e9 lze vstoupit p\u0159es odkaz ve form\u011b loga IAF n\u00ed\u017ee.<\/p>\n<div id=\"iaf-cs-mark\" data-mark-height=\"96\"><\/div>\n\n\n\n<p><a href=\"https:\/\/www.cai.cz\/?page_id=1786\" target=\"_blank\" rel=\"noreferrer noopener\"> <strong>Rezoluce EA, ILAC, IAF (odkaz) <\/strong><\/a><\/p>\n\n\n\n<p>Akreditace certifika\u010dn\u00edch org\u00e1n\u016f prov\u00e1d\u011bj\u00edc\u00edch certifikaci syst\u00e9m\u016f managementu (<strong>COSM<\/strong>) je prov\u00e1d\u011bna podle normy \u010cSN EN ISO\/IEC 17021-1:2016. Posuzov\u00e1n\u00ed shody &#8211; Po\u017eadavky na org\u00e1ny poskytuj\u00edc\u00ed slu\u017eby audit\u016f a certifikace syst\u00e9m\u016f managementu. Dal\u0161\u00ed informace jsou uvedeny v dokumentu MPA 50-01-.. Metodick\u00e9 pokyny pro akreditaci, k aplikaci normy \u010cSN EN ISO\/IEC 17021-1:2016 v akredita\u010dn\u00edm syst\u00e9mu \u010cesk\u00e9 republiky.<\/p>\n\n\n\n<p>V r\u00e1mci akreditace certifika\u010dn\u00edch org\u00e1n\u016f prov\u00e1d\u011bj\u00edc\u00edch certifikaci syst\u00e9m\u016f managementu je prov\u00e1d\u011bna i akreditace ov\u011b\u0159ovatel\u016f programu EMAS podle na\u0159\u00edzen\u00ed ES \u010d. 1221\/2009 o dobrovoln\u00e9 \u00fa\u010dasti organizac\u00ed v syst\u00e9mu Spole\u010denstv\u00ed pro environment\u00e1ln\u00ed \u0159\u00edzen\u00ed podnik\u016f a audit (<strong>EMAS<\/strong>).<\/p>\n\n\n\n<p>Pot\u0159ebn\u00e9 formul\u00e1\u0159e pro ozn\u00e1men\u00ed \u010dinnosti ov\u011b\u0159ovatel\u016f akreditovan\u00fdch nebo licencovan\u00fdch v jin\u00e9m \u010dlensk\u00e9m st\u00e1t\u011b jsou k dispozici v sekci: Dokumenty ke sta\u017een\u00ed &gt; <a href=\"https:\/\/www.cai.cz\/?page_id=2981\"><strong>Dokumenty pro EMAS.<\/strong><\/a><\/p>\n\n\n\n<p>Ozn\u00e1men\u00ed pro \u00fa\u010dely dohledu podle \u010dl. 23 Na\u0159\u00edzen\u00ed EP a Rady (ES) \u010d. 1221\/2009: <a href=\"mailto:emas@cai.cz\">emas@cai.cz<\/a><\/p>\n\n\n\n<figure class=\"wp-block-table\"><table class=\"has-fixed-layout\"><thead><tr><th><strong>Pozice a osoba za danou oblast<\/strong><\/th><th><strong>Telefonn\u00ed \u010d\u00edslo<\/strong><\/th><th><strong>E-mail<\/strong><\/th><\/tr><\/thead><tbody><tr><td><strong>Garant<\/strong>&nbsp;&nbsp;Ing. Julie Koval\u010dukov\u00e1<\/td><td>272 096 214, 606 078 923<\/td><td><a href=\"mailto:kovalcukovaj@cai.cz\" target=\"_blank\" rel=\"noreferrer noopener\">kovalcukovaj@cai.cz<\/a><\/td><\/tr><tr><td><strong>Z\u00e1stupce garanta<\/strong>\u00a0\u00a0Ing. Petra Sk\u00e1celov\u00e1<\/td><td>601 087 486<\/td><td><a href=\"mailto:skacelovap@cai.cz\">skacelovap@cai.cz<\/a><\/td><\/tr><tr><td><strong>Z\u00e1stupce garanta (EMAS)<\/strong>&nbsp;&nbsp;Ing. Eva \u010cern\u00e1, Ph.D.<\/td><td>272 096 237, 702 222 103<\/td><td><a href=\"mailto:cernae@cai.cz\">cernae@cai.cz<\/a><\/td><\/tr><\/tbody><\/table><\/figure>\n\n\n\n<hr class=\"wp-block-separator has-css-opacity is-style-wide\"\/>\n\n\n\n<h4 class=\"wp-block-heading\"><a href=\"https:\/\/www.cai.cz\/?cat=157\">Informa\u010dn\u00ed dopisy<\/a><\/h4>\n\n\n\n<hr class=\"wp-block-separator has-css-opacity is-style-wide\"\/>\n\n\n\n<h4 class=\"wp-block-heading\"><a href=\"https:\/\/www.cai.cz\/?page_id=1674\">Dokumenty ke sta\u017een\u00ed<\/a><\/h4>\n\n\n\n<hr class=\"wp-block-separator has-css-opacity is-style-wide\"\/>\n\n\n\n<p> <strong>POKRA\u010cOVAT D\u00c1L:<\/strong><br><strong> <\/strong><a href=\"https:\/\/www.cai.cz\/?page_id=54\">Akreditace &gt;<\/a>&nbsp;&nbsp;&nbsp;<a href=\"https:\/\/www.cai.cz\/?page_id=3576\">Certifika\u010dn\u00ed org\u00e1ny certifikuj\u00edc\u00ed osoby<\/a> <a href=\"https:\/\/www.cai.cz\/?page_id=3593\">Certifika\u010dn\u00ed org\u00e1ny certifikuj\u00edc\u00ed produkty<\/a>&nbsp; <\/p>\n","protected":false},"excerpt":{"rendered":"<p>&#8222;Akreditac\u00ed se rozum\u00ed ofici\u00e1ln\u00ed uzn\u00e1n\u00ed (reprezentovan\u00e9 vyd\u00e1n\u00edm Osv\u011bd\u010den\u00ed o akreditaci), \u017ee subjekt akreditace je zp\u016fsobil\u00fd prov\u00e1d\u011bt specifick\u00e9 \u010dinnosti.&#8220; \u010cIA je plnopr\u00e1vn\u00fdm \u010dlenem mezin\u00e1rodn\u00edch organizac\u00ed zab\u00fdvaj\u00edc\u00edch&hellip;<\/p>\n","protected":false},"author":2,"featured_media":0,"parent":1805,"menu_order":3,"comment_status":"closed","ping_status":"closed","template":"","meta":{"_acf_changed":false,"_price":"","_stock":"","_tribe_ticket_header":"","_tribe_default_ticket_provider":"","_tribe_ticket_capacity":"0","_ticket_start_date":"","_ticket_end_date":"","_tribe_ticket_show_description":"","_tribe_ticket_show_not_going":false,"_tribe_ticket_use_global_stock":"","_tribe_ticket_global_stock_level":"","_global_stock_mode":"","_global_stock_cap":"","_tribe_rsvp_for_event":"","_tribe_ticket_going_count":"","_tribe_ticket_not_going_count":"","_tribe_tickets_list":"[]","_tribe_ticket_has_attendee_info_fields":false,"footnotes":"","_tec_slr_enabled":"","_tec_slr_layout":""},"class_list":["post-3603","page","type-page","status-publish","hentry"],"acf":[],"ticketed":false,"_links":{"self":[{"href":"https:\/\/www.cai.cz\/index.php?rest_route=\/wp\/v2\/pages\/3603","targetHints":{"allow":["GET"]}}],"collection":[{"href":"https:\/\/www.cai.cz\/index.php?rest_route=\/wp\/v2\/pages"}],"about":[{"href":"https:\/\/www.cai.cz\/index.php?rest_route=\/wp\/v2\/types\/page"}],"author":[{"embeddable":true,"href":"https:\/\/www.cai.cz\/index.php?rest_route=\/wp\/v2\/users\/2"}],"replies":[{"embeddable":true,"href":"https:\/\/www.cai.cz\/index.php?rest_route=%2Fwp%2Fv2%2Fcomments&post=3603"}],"version-history":[{"count":30,"href":"https:\/\/www.cai.cz\/index.php?rest_route=\/wp\/v2\/pages\/3603\/revisions"}],"predecessor-version":[{"id":21269,"href":"https:\/\/www.cai.cz\/index.php?rest_route=\/wp\/v2\/pages\/3603\/revisions\/21269"}],"up":[{"embeddable":true,"href":"https:\/\/www.cai.cz\/index.php?rest_route=\/wp\/v2\/pages\/1805"}],"wp:attachment":[{"href":"https:\/\/www.cai.cz\/index.php?rest_route=%2Fwp%2Fv2%2Fmedia&parent=3603"}],"curies":[{"name":"wp","href":"https:\/\/api.w.org\/{rel}","templated":true}]}}