{"id":13267,"date":"2020-07-01T09:59:02","date_gmt":"2020-07-01T07:59:02","guid":{"rendered":"https:\/\/www.cai.cz\/?post_type=tribe_events&#038;p=13267"},"modified":"2020-11-24T10:59:25","modified_gmt":"2020-11-24T09:59:25","slug":"seminar-pro-certifikacni-organy-certifikujici-systemy-managementu","status":"publish","type":"tribe_events","link":"https:\/\/www.cai.cz\/?tribe_events=seminar-pro-certifikacni-organy-certifikujici-systemy-managementu","title":{"rendered":"Semin\u00e1\u0159 pro certifika\u010dn\u00ed org\u00e1ny certifikuj\u00edc\u00ed syst\u00e9my managementu"},"content":{"rendered":"<p>V\u00e1\u017een\u00ed \u00fa\u010dastn\u00edci semin\u00e1\u0159e,<\/p>\r\n<p>jak jsme V\u00e1s ji\u017e informovali, nebyl &#8222;Semin\u00e1\u0159 pro certifika\u010dn\u00ed org\u00e1ny certifikuj\u00edc\u00ed syst\u00e9my managementu&#8220; organizov\u00e1n prezen\u010dn\u00ed formou v term\u00ednu 30. 9. 2020. V n\u00e1vaznosti na mimo\u0159\u00e1dn\u00e1 opat\u0159en\u00ed vyhl\u00e1\u0161en\u00e1 vl\u00e1dou \u010cR bude semin\u00e1\u0159 realizov\u00e1n formou zp\u0159\u00edstupn\u011bn\u00ed nahran\u00fdch prezentac\u00ed v\u0161ech p\u0159edn\u00e1\u0161ej\u00edc\u00edch po stanovenou dobu a sborn\u00edku dostupn\u00e9ho v elektronick\u00e9 form\u011b ke sta\u017een\u00ed.<\/p>\r\n<p>Pro ot\u00e1zky k prezentac\u00edm bude vyu\u017eit elektronick\u00fd formul\u00e1\u0159 zp\u011btn\u00e9 vazby, obdr\u017een\u00e9 dotazy budou zodpov\u011bzeny p\u00edsemn\u011b.<\/p>\r\n<p>Term\u00edn pro uve\u0159ejn\u011bn\u00ed nahran\u00fdch prezentac\u00ed je 9. 11. 2020 a dostupn\u00e9 budou n\u00e1sleduj\u00edc\u00edch 14 dn\u016f. P\u0159\u00edstupov\u00e9 informace budou zasl\u00e1ny v\u0161em \u00fa\u010dastn\u00edk\u016fm emailem.<\/p>\r\n<p>Omlouv\u00e1me se za zm\u011bny v organizaci semin\u00e1\u0159e a d\u011bkujeme za pochopen\u00ed \u010dasov\u00e9 prodlevy nutn\u00e9 k zaji\u0161t\u011bn\u00ed nahr\u00e1vek a z\u0159\u00edzen\u00ed bezpe\u010dn\u00e9ho p\u0159\u00edstupu.<\/p>\r\n<p><strong>Organiza\u010dn\u00ed t\u00fdm \u010cIA<\/strong><\/p>\r\n<hr class=\"wp-block-separator is-style-wide\" \/>\r\n<h2><a href=\"http:\/\/eshop.cai.cz\/\">E-shop \u010cIA &#8211; p\u0159ihl\u00e1\u0161ka na semin\u00e1\u0159<\/a><\/h2>\r\n<p>Pro p\u0159ihl\u00e1\u0161en\u00ed vyu\u017eijte n\u00e1\u0161 e-shop. Po odesl\u00e1n\u00ed objedn\u00e1vky na vybran\u00fd semin\u00e1\u0159 obdr\u017e\u00edte potvrzen\u00ed s informacemi o platb\u011b.<\/p>\r\n<hr class=\"wp-block-separator is-style-wide\" \/>\r\n<h2>Program<\/h2>\r\n<table style=\"width: 107.033%; height: 60px;\">\r\n<tbody>\r\n<tr style=\"height: 56px;\">\r\n<td style=\"width: 133.088%; height: 10px;\" width=\"375\">\r\n<p><strong>Zaveden\u00ed v\u0161ech v\u00fdznamn\u00fdch zm\u011bn v roce 2019 a v pr\u016fb\u011bhu roku 2020<\/strong><br \/>(Ing. Zuzana Jel\u00ednkov\u00e1, Ing. Julie Koval\u010dukov\u00e1, \u010cIA)<\/p>\r\n<\/td>\r\n<\/tr>\r\n<tr style=\"height: 56px;\">\r\n<td style=\"width: 133.088%; height: 10px;\" width=\"375\">\r\n<p><strong>IAF Cert Search\/Informace z mezin\u00e1rodn\u00edch organizac\u00ed<\/strong><br \/>(Mgr. Du\u0161an V\u00e1cha, \u010cIA)<\/p>\r\n<\/td>\r\n<\/tr>\r\n<tr style=\"height: 56px;\">\r\n<td style=\"width: 133.088%; height: 10px;\" width=\"375\"><strong>P\u0159\u00edstup IAF a \u010cIA k posuzov\u00e1n\u00ed v souvislosti s koronavirem (p\u0159echodn\u00e1 <\/strong><strong>obdob\u00ed, realizace WA, vzd\u00e1len\u00e9 posuzov\u00e1n\u00ed, apod.)<\/strong><br \/>(Ing. Zuzana Jel\u00ednkov\u00e1, Ing. Julie Koval\u010dukov\u00e1, \u010cIA)<\/td>\r\n<\/tr>\r\n<tr style=\"height: 56px;\">\r\n<td style=\"width: 133.088%; height: 10px;\" width=\"375\">\r\n<p><strong>IAF MD 04:2018 pro pou\u017eit\u00ed informa\u010dn\u00edch a komunika\u010dn\u00edch technologi\u00ed \/ICT\/ pro \u00fa\u010dely auditov\u00e1n\u00ed\/posuzov\u00e1n\u00ed, 2. vyd\u00e1n\u00ed<\/strong><br \/>(RNDr. Eva Rackov\u00e1, odborn\u00fd posuzovatel \u010cIA)<\/p>\r\n<\/td>\r\n<\/tr>\r\n<tr style=\"height: 56px;\">\r\n<td style=\"width: 133.088%; height: 10px;\" width=\"375\">\r\n<p><strong>IAF MD 23:2018 Z\u00e1vazn\u00fd dokument IAF: \u0158\u00edzen\u00ed subjekt\u016f vykon\u00e1vaj\u00edc\u00edch \u010dinnosti jm\u00e9nem akreditovan\u00fdch certifika\u010dn\u00edch org\u00e1n\u016f certifikuj\u00edc\u00edch syst\u00e9my managementu<\/strong><br \/>(Ing. Zuzana Jel\u00ednkov\u00e1, Ing. Julie Koval\u010dukov\u00e1, \u010cIA)<\/p>\r\n<\/td>\r\n<\/tr>\r\n<tr style=\"height: 56px;\">\r\n<td style=\"width: 133.088%; height: 10px;\" width=\"375\">\r\n<p><strong>Realizace WA a jejich pln\u011bn\u00ed, zku\u0161enosti z posuzov\u00e1n\u00ed<\/strong><br \/>(Ing. Zuzana Jel\u00ednkov\u00e1, Ing. Julie Koval\u010dukov\u00e1, \u010cIA)<\/p>\r\n<\/td>\r\n<\/tr>\r\n<\/tbody>\r\n<\/table>\r\n<p><!-- \/wp:post-content -->\r\n\r\n<!-- wp:heading --><\/p>\r\n<h2><!-- \/wp:heading -->\r\n\r\n<!-- wp:heading --><\/h2>","protected":false},"excerpt":{"rendered":"<p>V\u00e1\u017een\u00ed \u00fa\u010dastn\u00edci semin\u00e1\u0159e, jak jsme V\u00e1s ji\u017e informovali, nebyl &#8222;Semin\u00e1\u0159 pro certifika\u010dn\u00ed org\u00e1ny certifikuj\u00edc\u00ed syst\u00e9my managementu&#8220; organizov\u00e1n prezen\u010dn\u00ed formou v term\u00ednu 30. 9. 2020. V&hellip;<\/p>\n","protected":false},"author":7,"featured_media":0,"template":"","meta":{"_acf_changed":false,"_price":"","_stock":"","_tribe_ticket_header":"","_tribe_default_ticket_provider":"","_tribe_ticket_capacity":"0","_ticket_start_date":"","_ticket_end_date":"","_tribe_ticket_show_description":"","_tribe_ticket_show_not_going":false,"_tribe_ticket_use_global_stock":"","_tribe_ticket_global_stock_level":"","_global_stock_mode":"","_global_stock_cap":"","_tribe_rsvp_for_event":"","_tribe_ticket_going_count":"","_tribe_ticket_not_going_count":"","_tribe_tickets_list":"[]","_tribe_ticket_has_attendee_info_fields":false,"_tribe_events_status":"","_tribe_events_status_reason":"","footnotes":"","_tec_slr_enabled":"","_tec_slr_layout":""},"tags":[79],"tribe_events_cat":[91],"class_list":["post-13267","tribe_events","type-tribe_events","status-publish","hentry","tag-seminar","tribe_events_cat-seminar","cat_seminar"],"acf":[],"ticketed":false,"_links":{"self":[{"href":"https:\/\/www.cai.cz\/index.php?rest_route=\/wp\/v2\/tribe_events\/13267","targetHints":{"allow":["GET"]}}],"collection":[{"href":"https:\/\/www.cai.cz\/index.php?rest_route=\/wp\/v2\/tribe_events"}],"about":[{"href":"https:\/\/www.cai.cz\/index.php?rest_route=\/wp\/v2\/types\/tribe_events"}],"author":[{"embeddable":true,"href":"https:\/\/www.cai.cz\/index.php?rest_route=\/wp\/v2\/users\/7"}],"version-history":[{"count":14,"href":"https:\/\/www.cai.cz\/index.php?rest_route=\/wp\/v2\/tribe_events\/13267\/revisions"}],"predecessor-version":[{"id":13578,"href":"https:\/\/www.cai.cz\/index.php?rest_route=\/wp\/v2\/tribe_events\/13267\/revisions\/13578"}],"wp:attachment":[{"href":"https:\/\/www.cai.cz\/index.php?rest_route=%2Fwp%2Fv2%2Fmedia&parent=13267"}],"wp:term":[{"taxonomy":"post_tag","embeddable":true,"href":"https:\/\/www.cai.cz\/index.php?rest_route=%2Fwp%2Fv2%2Ftags&post=13267"},{"taxonomy":"tribe_events_cat","embeddable":true,"href":"https:\/\/www.cai.cz\/index.php?rest_route=%2Fwp%2Fv2%2Ftribe_events_cat&post=13267"}],"curies":[{"name":"wp","href":"https:\/\/api.w.org\/{rel}","templated":true}]}}

Seminář pro certifikační orgány certifikující systémy managementu

<p>Vážení účastníci semináře,</p>
<p>jak jsme Vás již informovali, nebyl &#8222;Seminář pro certifikační orgány certifikující systémy managementu&#8220; organizován prezenční formou v termínu 30. 9. 2020. V návaznosti na mimořádná opatření vyhlášená vládou ČR bude seminář realizován formou zpřístupnění nahraných prezentací všech přednášejících po stanovenou dobu a sborníku dostupného v elektronické formě ke stažení.</p>
<p>Pro otázky k prezentacím bude využit elektronický formulář zpětné vazby, obdržené dotazy budou zodpovězeny písemně.</p>
<p>Termín pro uveřejnění nahraných prezentací je 9. 11. 2020 a dostupné budou následujících 14 dnů. Přístupové informace budou zaslány všem účastníkům emailem.</p>
<p>Omlouváme se za změny v organizaci semináře a děkujeme za pochopení časové prodlevy nutné k zajištění nahrávek a zřízení bezpečného přístupu.</p>
<p><strong>Organizační tým ČIA</strong></p>
<hr class="wp-block-separator is-style-wide" />
<h2><a href="http://eshop.cai.cz/">E-shop ČIA &#8211; přihláška na seminář</a></h2>
<p>Pro přihlášení využijte náš e-shop. Po odeslání objednávky na vybraný seminář obdržíte potvrzení s informacemi o platbě.</p>
<hr class="wp-block-separator is-style-wide" />
<h2>Program</h2>
<table style="width: 107.033%; height: 60px;">
<tbody>
<tr style="height: 56px;">
<td style="width: 133.088%; height: 10px;" width="375">
<p><strong>Zavedení všech významných změn v roce 2019 a v průběhu roku 2020</strong><br />(Ing. Zuzana Jelínková, Ing. Julie Kovalčuková, ČIA)</p>
</td>
</tr>
<tr style="height: 56px;">
<td style="width: 133.088%; height: 10px;" width="375">
<p><strong>IAF Cert Search/Informace z mezinárodních organizací</strong><br />(Mgr. Dušan Vácha, ČIA)</p>
</td>
</tr>
<tr style="height: 56px;">
<td style="width: 133.088%; height: 10px;" width="375"><strong>Přístup IAF a ČIA k posuzování v souvislosti s koronavirem (přechodná </strong><strong>období, realizace WA, vzdálené posuzování, apod.)</strong><br />(Ing. Zuzana Jelínková, Ing. Julie Kovalčuková, ČIA)</td>
</tr>
<tr style="height: 56px;">
<td style="width: 133.088%; height: 10px;" width="375">
<p><strong>IAF MD 04:2018 pro použití informačních a komunikačních technologií /ICT/ pro účely auditování/posuzování, 2. vydání</strong><br />(RNDr. Eva Racková, odborný posuzovatel ČIA)</p>
</td>
</tr>
<tr style="height: 56px;">
<td style="width: 133.088%; height: 10px;" width="375">
<p><strong>IAF MD 23:2018 Závazný dokument IAF: Řízení subjektů vykonávajících činnosti jménem akreditovaných certifikačních orgánů certifikujících systémy managementu</strong><br />(Ing. Zuzana Jelínková, Ing. Julie Kovalčuková, ČIA)</p>
</td>
</tr>
<tr style="height: 56px;">
<td style="width: 133.088%; height: 10px;" width="375">
<p><strong>Realizace WA a jejich plnění, zkušenosti z posuzování</strong><br />(Ing. Zuzana Jelínková, Ing. Julie Kovalčuková, ČIA)</p>
</td>
</tr>
</tbody>
</table>
<p><!-- /wp:post-content -->

<!-- wp:heading --></p>
<h2><!-- /wp:heading -->

<!-- wp:heading --></h2>

<p>Vážení účastníci semináře, jak jsme Vás již informovali, nebyl &#8222;Seminář pro certifikační orgány certifikující systémy managementu&#8220; organizován prezenční formou v termínu 30. 9. 2020. V&hellip;</p>
