{"id":13852,"date":"2021-02-18T09:59:30","date_gmt":"2021-02-18T08:59:30","guid":{"rendered":"https:\/\/www.cai.cz\/?post_type=tribe_events&#038;p=13852"},"modified":"2021-02-18T10:02:14","modified_gmt":"2021-02-18T09:02:14","slug":"seminar-k-ukolu-prm-2020-principy-elektro","status":"publish","type":"tribe_events","link":"https:\/\/www.cai.cz\/?tribe_events=seminar-k-ukolu-prm-2020-principy-elektro","title":{"rendered":"Semin\u00e1\u0159 k \u00fakolu PRM 2020 &#8211; principy elektro"},"content":{"rendered":"<p>\u010cesk\u00fd institut pro akreditaci, o.p.s. po\u0159\u00e1d\u00e1 semin\u00e1\u0159, jeho\u017e c\u00edlem je sezn\u00e1men\u00ed s\u00a0v\u00fdsledky \u00fakolu z\u00a0programu rozvoje metrologie (PRM) za rok 2020 v\u00a0oboru elektrick\u00fdch veli\u010din (\u010d.\u00a0VII\/5\/20 \u201ePrincipy kalibrace v\u00a0oboru z\u00e1kladn\u00edch elektrick\u00fdch veli\u010din\u201c) a kter\u00fd je ur\u010den pro \u0161irokou odbornou ve\u0159ejnost se z\u00e1jmem o kalibrace obecn\u011b nebo specificky v\u00a0oboru elektrick\u00fdch veli\u010din. Tento semin\u00e1\u0159 je vhodnou vzd\u011bl\u00e1vac\u00ed a informa\u010dn\u00ed akc\u00ed pro v\u0161echny z\u00e1jemce o m\u011b\u0159en\u00ed a kalibrace v\u00a0oboru elektrick\u00fdch veli\u010din, p\u0159edev\u0161\u00edm pracovn\u00edky kalibra\u010dn\u00edch laborato\u0159\u00ed, p\u0159\u00edpadn\u011b zku\u0161ebn\u00edch laborato\u0159\u00ed prov\u00e1d\u011bj\u00edc\u00edch intern\u00ed kalibrace, ale i pro jejich z\u00e1kazn\u00edky, kte\u0159\u00ed maj\u00ed z\u00e1jem kvalifikovan\u011b volit sv\u00e9 dodavatele a dal\u0161\u00ed odborn\u00edky v\u00a0t\u00e9to oblasti. Obsah semin\u00e1\u0159e bude zam\u011b\u0159en na z\u00e1sady formulov\u00e1n\u00ed princip\u016f kalibrace z\u00e1kladn\u00edch veli\u010din elektro ve vztahu ke konkr\u00e9tn\u00ed veli\u010din\u011b, jej\u00ed kalibraci a p\u0159idru\u017een\u00e9 nejistot\u011b, kterou laborato\u0159 dosahuje p\u0159i kalibraci postupem, kter\u00fd je charakterizov\u00e1n v\u00a0p\u0159\u00edloze osv\u011bd\u010den\u00ed o akreditaci pr\u00e1v\u011b ve sloupci \u201ePrincip\u201c. Tyto informace p\u0159isp\u011bj\u00ed ke zv\u00fd\u0161en\u00ed porovnatelnosti p\u0159\u00edloh osv\u011bd\u010den\u00ed o akreditaci, a t\u00edm ke zv\u00fd\u0161en\u00ed objektivity hodnocen\u00ed vhodnosti jednotliv\u00fdch laborato\u0159\u00ed pro slu\u017ebu po\u017eadovanou z\u00e1kazn\u00edkem.<\/p>\r\n<p>T\u011b\u0161\u00edme se na setk\u00e1n\u00ed s V\u00e1mi<\/p>\r\n<p>Ing. Pavel Nosek<br \/>\u0159editel odboru zku\u0161ebn\u00edch a kalibra\u010dn\u00edch laborato\u0159\u00ed<\/p>\r\n<hr class=\"wp-block-separator is-style-wide\" \/><!-- \/wp:post-content -->\r\n\r\n<!-- wp:heading -->\r\n<h2><a href=\"http:\/\/eshop.cai.cz\/\">E-shop \u010cIA &#8211; p\u0159ihl\u00e1\u0161ka na online semin\u00e1\u0159<\/a><\/h2>\r\n<!-- \/wp:heading -->\r\n\r\n<!-- wp:paragraph -->\r\n<p>Pro p\u0159ihl\u00e1\u0161en\u00ed vyu\u017eijte n\u00e1\u0161 e-shop. Po odesl\u00e1n\u00ed objedn\u00e1vky na vybran\u00fd semin\u00e1\u0159 obdr\u017e\u00edte potvrzen\u00ed s informacemi o platb\u011b. <br \/>Po zaplacen\u00ed \u00fa\u010dastnick\u00e9ho poplatku obdr\u017e\u00edte e-mailem odkaz pro \u017eiv\u00e9 vys\u00edl\u00e1n\u00ed semin\u00e1\u0159e.<\/p>\r\n<hr class=\"wp-block-separator is-style-wide\" \/>\r\n<h2>Program<\/h2>\r\n<h4>\u017eiv\u00e9 vys\u00edl\u00e1n\u00ed 9:30 &#8211; 15:30 hod<\/h4>\r\n<table style=\"width: 96.9189%;\">\r\n<tbody>\r\n<tr>\r\n<td style=\"width: 28.3582%;\" width=\"170\">\r\n<p>09:30 \u2013 10:00<\/p>\r\n<\/td>\r\n<td style=\"width: 130.229%;\" width=\"426\">\r\n<p>Registrace \u00fa\u010dastn\u00edk\u016f<\/p>\r\n<\/td>\r\n<\/tr>\r\n<tr>\r\n<td style=\"width: 28.3582%;\" width=\"170\">\r\n<p>10:00 \u2013 10:10<\/p>\r\n<\/td>\r\n<td style=\"width: 130.229%;\" width=\"426\">\r\n<p>\u00davodn\u00ed slovo <br \/>(Ing. Pavel Nosek, \u010cIA)<\/p>\r\n<\/td>\r\n<\/tr>\r\n<tr>\r\n<td style=\"width: 28.3582%;\" width=\"170\">\r\n<p>10:10 \u2013 10:35<\/p>\r\n<\/td>\r\n<td style=\"width: 130.229%;\" width=\"426\">\r\n<p>Principy kalibrace, nov\u00e1 informace na p\u0159\u00edloh\u00e1ch osv\u011bd\u010den\u00ed o akreditaci<br \/>(Ing. Martin Valenta, \u010cIA)<\/p>\r\n<\/td>\r\n<\/tr>\r\n<tr>\r\n<td style=\"width: 28.3582%;\" width=\"170\">\r\n<p>10:35 \u2013 11:00<\/p>\r\n<\/td>\r\n<td style=\"width: 130.229%;\" width=\"426\">\r\n<p>Aktu\u00e1ln\u00ed stav uv\u00e1d\u011bn\u00ed princip\u016f kalibrace na vydan\u00fdch POA <br \/>(Ing. Martin Valenta)<\/p>\r\n<\/td>\r\n<\/tr>\r\n<tr>\r\n<td style=\"width: 28.3582%;\" width=\"170\">\r\n<p>11:00 \u2013 11:10<\/p>\r\n<\/td>\r\n<td style=\"width: 130.229%;\" width=\"426\">\r\n<p>P\u0159est\u00e1vka<\/p>\r\n<\/td>\r\n<\/tr>\r\n<tr>\r\n<td style=\"width: 28.3582%;\" width=\"170\">\r\n<p>11:10 \u2013 11:25<\/p>\r\n<\/td>\r\n<td style=\"width: 130.229%;\" width=\"426\">\r\n<p>Kalibrace, princip kalibrace, metoda kalibrace, postup kalibrace<br \/>(Ing. Miroslav Netopil, ITC Zl\u00edn)<\/p>\r\n<\/td>\r\n<\/tr>\r\n<tr>\r\n<td style=\"width: 28.3582%;\" width=\"170\">\r\n<p>11:25 \u2013 11:55<\/p>\r\n<\/td>\r\n<td style=\"width: 130.229%;\" width=\"426\">\r\n<p>Postaven\u00ed etalonu a kalibrovan\u00e9ho m\u011b\u0159idla v\u00a0procesu kalibrace, generov\u00e1n\u00ed a m\u011b\u0159en\u00ed \u00a0<br \/>(Ing. Miroslav Netopil)<\/p>\r\n<\/td>\r\n<\/tr>\r\n<tr>\r\n<td style=\"width: 28.3582%;\" width=\"170\">\r\n<p>11:55 \u2013 12:45<\/p>\r\n<\/td>\r\n<td style=\"width: 130.229%;\" width=\"426\">\r\n<p>P\u0159est\u00e1vka na ob\u011bd<\/p>\r\n<\/td>\r\n<\/tr>\r\n<tr>\r\n<td style=\"width: 28.3582%;\" width=\"170\">\r\n<p>12:45 \u2013 13:15<\/p>\r\n<\/td>\r\n<td style=\"width: 130.229%;\" width=\"426\">\r\n<p>Obecn\u00e9 z\u00e1sady pro formulaci principu kalibrace, konstrukce principu kalibrace <br \/>(Ing. Miroslav Netopil)<\/p>\r\n<\/td>\r\n<\/tr>\r\n<tr>\r\n<td style=\"width: 28.3582%;\" width=\"170\">\r\n<p>13:15 \u2013 14:15<\/p>\r\n<\/td>\r\n<td style=\"width: 130.229%;\" width=\"426\">\r\n<p>P\u0159\u00edklady tvorby principu kalibrace (kalibrace pomoc\u00ed dvou a v\u00edce etalon\u016f, kalibrace v\u00a0oboru kapacity a induk\u010dnosti, kalibrace revizn\u00edch p\u0159\u00edstroj\u016f)<br \/>(Ing. Miroslav Netopil) \u00a0<\/p>\r\n<\/td>\r\n<\/tr>\r\n<tr>\r\n<td style=\"width: 28.3582%;\" width=\"170\">\r\n<p>13:45 \u2013 14:15<\/p>\r\n<\/td>\r\n<td style=\"width: 130.229%;\" width=\"426\">\r\n<p>Tvorba formulace principu kalibrace pro kalibrace revizn\u00edch p\u0159\u00edstroj\u016f<br \/>(Ing. Miroslav Netopil)<\/p>\r\n<\/td>\r\n<\/tr>\r\n<tr>\r\n<td style=\"width: 28.3582%;\" width=\"170\">\r\n<p>14:15 \u2013 14:30<\/p>\r\n<\/td>\r\n<td style=\"width: 130.229%;\" width=\"426\">\r\n<p>P\u0159est\u00e1vka<\/p>\r\n<\/td>\r\n<\/tr>\r\n<tr>\r\n<td style=\"width: 28.3582%;\" width=\"170\">\r\n<p>14:30 \u2013 14:45<\/p>\r\n<\/td>\r\n<td style=\"width: 130.229%;\" width=\"426\">\r\n<p>V\u00fdstupy \u00fakolu PRM 2020 \u010d.\u00a0VII\/5\/20 a jejich implementace<br \/>(Ing. Martin Valenta)<\/p>\r\n<\/td>\r\n<\/tr>\r\n<tr>\r\n<td style=\"width: 28.3582%;\" width=\"170\">\r\n<p>14:45 \u2013 15:00<\/p>\r\n<\/td>\r\n<td style=\"width: 130.229%;\" width=\"426\">\r\n<p>Praktick\u00e9 vyu\u017eit\u00ed v\u00fdsledk\u016f PRM a p\u0159\u00edloha osv\u011bd\u010den\u00ed o akreditaci<br \/>(Ing. Martin Valenta)<\/p>\r\n<\/td>\r\n<\/tr>\r\n<tr>\r\n<td style=\"width: 28.3582%;\" width=\"170\">\r\n<p>15:00 \u2013 15:30<\/p>\r\n<\/td>\r\n<td style=\"width: 130.229%;\" width=\"426\">\r\n<p>Diskuze a z\u00e1v\u011br<br \/>(Ing. Martin Valenta)<\/p>\r\n<\/td>\r\n<\/tr>\r\n<tr>\r\n<td style=\"width: 28.3582%;\" width=\"170\">\r\n<p>15:30<\/p>\r\n<\/td>\r\n<td style=\"width: 130.229%;\" width=\"426\">\r\n<p>Zakon\u010den\u00ed semin\u00e1\u0159e<\/p>\r\n<\/td>\r\n<\/tr>\r\n<\/tbody>\r\n<\/table>\r\n<p>&nbsp;<\/p>\r\n<h2><a href=\"https:\/\/www.cai.cz\/wp-content\/uploads\/2021\/02\/pozv\u00e1nka_elektro-1.pdf\">Pozv\u00e1nka<\/a><\/h2>","protected":false},"excerpt":{"rendered":"<p>\u010cesk\u00fd institut pro akreditaci, o.p.s. po\u0159\u00e1d\u00e1 semin\u00e1\u0159, jeho\u017e c\u00edlem je sezn\u00e1men\u00ed s\u00a0v\u00fdsledky \u00fakolu z\u00a0programu rozvoje metrologie (PRM) za rok 2020 v\u00a0oboru elektrick\u00fdch veli\u010din (\u010d.\u00a0VII\/5\/20 \u201ePrincipy&hellip;<\/p>\n","protected":false},"author":7,"featured_media":0,"template":"","meta":{"_acf_changed":false,"_price":"","_stock":"","_tribe_ticket_header":"","_tribe_default_ticket_provider":"","_tribe_ticket_capacity":"0","_ticket_start_date":"","_ticket_end_date":"","_tribe_ticket_show_description":"","_tribe_ticket_show_not_going":false,"_tribe_ticket_use_global_stock":"","_tribe_ticket_global_stock_level":"","_global_stock_mode":"","_global_stock_cap":"","_tribe_rsvp_for_event":"","_tribe_ticket_going_count":"","_tribe_ticket_not_going_count":"","_tribe_tickets_list":"[]","_tribe_ticket_has_attendee_info_fields":false,"_tribe_events_status":"","_tribe_events_status_reason":"","footnotes":"","_tec_slr_enabled":"","_tec_slr_layout":""},"tags":[79],"tribe_events_cat":[91],"class_list":["post-13852","tribe_events","type-tribe_events","status-publish","hentry","tag-seminar","tribe_events_cat-seminar","cat_seminar"],"acf":[],"ticketed":false,"_links":{"self":[{"href":"https:\/\/www.cai.cz\/index.php?rest_route=\/wp\/v2\/tribe_events\/13852","targetHints":{"allow":["GET"]}}],"collection":[{"href":"https:\/\/www.cai.cz\/index.php?rest_route=\/wp\/v2\/tribe_events"}],"about":[{"href":"https:\/\/www.cai.cz\/index.php?rest_route=\/wp\/v2\/types\/tribe_events"}],"author":[{"embeddable":true,"href":"https:\/\/www.cai.cz\/index.php?rest_route=\/wp\/v2\/users\/7"}],"version-history":[{"count":20,"href":"https:\/\/www.cai.cz\/index.php?rest_route=\/wp\/v2\/tribe_events\/13852\/revisions"}],"predecessor-version":[{"id":13883,"href":"https:\/\/www.cai.cz\/index.php?rest_route=\/wp\/v2\/tribe_events\/13852\/revisions\/13883"}],"wp:attachment":[{"href":"https:\/\/www.cai.cz\/index.php?rest_route=%2Fwp%2Fv2%2Fmedia&parent=13852"}],"wp:term":[{"taxonomy":"post_tag","embeddable":true,"href":"https:\/\/www.cai.cz\/index.php?rest_route=%2Fwp%2Fv2%2Ftags&post=13852"},{"taxonomy":"tribe_events_cat","embeddable":true,"href":"https:\/\/www.cai.cz\/index.php?rest_route=%2Fwp%2Fv2%2Ftribe_events_cat&post=13852"}],"curies":[{"name":"wp","href":"https:\/\/api.w.org\/{rel}","templated":true}]}}

Seminář k úkolu PRM 2020 &#8211; principy elektro

<p>Český institut pro akreditaci, o.p.s. pořádá seminář, jehož cílem je seznámení s výsledky úkolu z programu rozvoje metrologie (PRM) za rok 2020 v oboru elektrických veličin (č. VII/5/20 „Principy kalibrace v oboru základních elektrických veličin“) a který je určen pro širokou odbornou veřejnost se zájmem o kalibrace obecně nebo specificky v oboru elektrických veličin. Tento seminář je vhodnou vzdělávací a informační akcí pro všechny zájemce o měření a kalibrace v oboru elektrických veličin, především pracovníky kalibračních laboratoří, případně zkušebních laboratoří provádějících interní kalibrace, ale i pro jejich zákazníky, kteří mají zájem kvalifikovaně volit své dodavatele a další odborníky v této oblasti. Obsah semináře bude zaměřen na zásady formulování principů kalibrace základních veličin elektro ve vztahu ke konkrétní veličině, její kalibraci a přidružené nejistotě, kterou laboratoř dosahuje při kalibraci postupem, který je charakterizován v příloze osvědčení o akreditaci právě ve sloupci „Princip“. Tyto informace přispějí ke zvýšení porovnatelnosti příloh osvědčení o akreditaci, a tím ke zvýšení objektivity hodnocení vhodnosti jednotlivých laboratoří pro službu požadovanou zákazníkem.</p>
<p>Těšíme se na setkání s Vámi</p>
<p>Ing. Pavel Nosek<br />ředitel odboru zkušebních a kalibračních laboratoří</p>
<hr class="wp-block-separator is-style-wide" /><!-- /wp:post-content -->

<!-- wp:heading -->
<h2><a href="http://eshop.cai.cz/">E-shop ČIA &#8211; přihláška na online seminář</a></h2>
<!-- /wp:heading -->

<!-- wp:paragraph -->
<p>Pro přihlášení využijte náš e-shop. Po odeslání objednávky na vybraný seminář obdržíte potvrzení s informacemi o platbě. <br />Po zaplacení účastnického poplatku obdržíte e-mailem odkaz pro živé vysílání semináře.</p>
<hr class="wp-block-separator is-style-wide" />
<h2>Program</h2>
<h4>živé vysílání 9:30 &#8211; 15:30 hod</h4>
<table style="width: 96.9189%;">
<tbody>
<tr>
<td style="width: 28.3582%;" width="170">
<p>09:30 – 10:00</p>
</td>
<td style="width: 130.229%;" width="426">
<p>Registrace účastníků</p>
</td>
</tr>
<tr>
<td style="width: 28.3582%;" width="170">
<p>10:00 – 10:10</p>
</td>
<td style="width: 130.229%;" width="426">
<p>Úvodní slovo <br />(Ing. Pavel Nosek, ČIA)</p>
</td>
</tr>
<tr>
<td style="width: 28.3582%;" width="170">
<p>10:10 – 10:35</p>
</td>
<td style="width: 130.229%;" width="426">
<p>Principy kalibrace, nová informace na přílohách osvědčení o akreditaci<br />(Ing. Martin Valenta, ČIA)</p>
</td>
</tr>
<tr>
<td style="width: 28.3582%;" width="170">
<p>10:35 – 11:00</p>
</td>
<td style="width: 130.229%;" width="426">
<p>Aktuální stav uvádění principů kalibrace na vydaných POA <br />(Ing. Martin Valenta)</p>
</td>
</tr>
<tr>
<td style="width: 28.3582%;" width="170">
<p>11:00 – 11:10</p>
</td>
<td style="width: 130.229%;" width="426">
<p>Přestávka</p>
</td>
</tr>
<tr>
<td style="width: 28.3582%;" width="170">
<p>11:10 – 11:25</p>
</td>
<td style="width: 130.229%;" width="426">
<p>Kalibrace, princip kalibrace, metoda kalibrace, postup kalibrace<br />(Ing. Miroslav Netopil, ITC Zlín)</p>
</td>
</tr>
<tr>
<td style="width: 28.3582%;" width="170">
<p>11:25 – 11:55</p>
</td>
<td style="width: 130.229%;" width="426">
<p>Postavení etalonu a kalibrovaného měřidla v procesu kalibrace, generování a měření  <br />(Ing. Miroslav Netopil)</p>
</td>
</tr>
<tr>
<td style="width: 28.3582%;" width="170">
<p>11:55 – 12:45</p>
</td>
<td style="width: 130.229%;" width="426">
<p>Přestávka na oběd</p>
</td>
</tr>
<tr>
<td style="width: 28.3582%;" width="170">
<p>12:45 – 13:15</p>
</td>
<td style="width: 130.229%;" width="426">
<p>Obecné zásady pro formulaci principu kalibrace, konstrukce principu kalibrace <br />(Ing. Miroslav Netopil)</p>
</td>
</tr>
<tr>
<td style="width: 28.3582%;" width="170">
<p>13:15 – 14:15</p>
</td>
<td style="width: 130.229%;" width="426">
<p>Příklady tvorby principu kalibrace (kalibrace pomocí dvou a více etalonů, kalibrace v oboru kapacity a indukčnosti, kalibrace revizních přístrojů)<br />(Ing. Miroslav Netopil)  </p>
</td>
</tr>
<tr>
<td style="width: 28.3582%;" width="170">
<p>13:45 – 14:15</p>
</td>
<td style="width: 130.229%;" width="426">
<p>Tvorba formulace principu kalibrace pro kalibrace revizních přístrojů<br />(Ing. Miroslav Netopil)</p>
</td>
</tr>
<tr>
<td style="width: 28.3582%;" width="170">
<p>14:15 – 14:30</p>
</td>
<td style="width: 130.229%;" width="426">
<p>Přestávka</p>
</td>
</tr>
<tr>
<td style="width: 28.3582%;" width="170">
<p>14:30 – 14:45</p>
</td>
<td style="width: 130.229%;" width="426">
<p>Výstupy úkolu PRM 2020 č. VII/5/20 a jejich implementace<br />(Ing. Martin Valenta)</p>
</td>
</tr>
<tr>
<td style="width: 28.3582%;" width="170">
<p>14:45 – 15:00</p>
</td>
<td style="width: 130.229%;" width="426">
<p>Praktické využití výsledků PRM a příloha osvědčení o akreditaci<br />(Ing. Martin Valenta)</p>
</td>
</tr>
<tr>
<td style="width: 28.3582%;" width="170">
<p>15:00 – 15:30</p>
</td>
<td style="width: 130.229%;" width="426">
<p>Diskuze a závěr<br />(Ing. Martin Valenta)</p>
</td>
</tr>
<tr>
<td style="width: 28.3582%;" width="170">
<p>15:30</p>
</td>
<td style="width: 130.229%;" width="426">
<p>Zakončení semináře</p>
</td>
</tr>
</tbody>
</table>
<p>&nbsp;</p>
<h2><a href="https://www.cai.cz/wp-content/uploads/2021/02/pozvánka_elektro-1.pdf">Pozvánka</a></h2>

<p>Český institut pro akreditaci, o.p.s. pořádá seminář, jehož cílem je seznámení s výsledky úkolu z programu rozvoje metrologie (PRM) za rok 2020 v oboru elektrických veličin (č. VII/5/20 „Principy&hellip;</p>
