{"id":17253,"date":"2023-09-10T08:12:52","date_gmt":"2023-09-10T06:12:52","guid":{"rendered":"https:\/\/www.cai.cz\/?post_type=tribe_events&#038;p=17253"},"modified":"2024-01-24T07:58:25","modified_gmt":"2024-01-24T06:58:25","slug":"seminar-pro-laboratore-akreditovane-dle-normy-csn-en-iso-iec-170252018-praha","status":"publish","type":"tribe_events","link":"https:\/\/www.cai.cz\/?tribe_events=seminar-pro-laboratore-akreditovane-dle-normy-csn-en-iso-iec-170252018-praha","title":{"rendered":"Semin\u00e1\u0159 pro laborato\u0159e akreditovan\u00e9 dle normy \u010cSN EN ISO\/IEC 17025:2018 &#8211; Praha &#8211; opakov\u00e1n\u00ed"},"content":{"rendered":"<p>V\u00e1\u017een\u00ed klienti,<\/p>\n<p>\u010cesk\u00fd institut pro akreditaci, o.p.s. ve spolupr\u00e1ci s n\u00e1rodn\u00ed organizac\u00ed Eurachem-\u010cR, z.s.\u00a0 pro velk\u00fd z\u00e1jem opakuje \u0159\u00edjnov\u00fd semin\u00e1\u0159 pro laborato\u0159e akreditovan\u00e9 dle normy \u010cSN EN ISO\/IEC 17025:2018, kter\u00fd bude zam\u011b\u0159en na nejistoty m\u011b\u0159en\u00ed a vzorkov\u00e1n\u00ed, v\u00fdrok o shod\u011b, flexibiln\u00ed rozsah akreditace a \u0159e\u0161en\u00ed neshod.<\/p>\n<p><em>Ing. Jan Vel\u00ed\u0161ek<\/em><\/p>\n<p><em>\u0159editel odboru zku\u0161ebn\u00edch a kalibra\u010dn\u00edch laborato\u0159\u00ed<\/em><\/p>\n<hr \/>\n<h1>P\u0159ihla\u0161ov\u00e1n\u00ed na semin\u00e1\u0159 bylo ukon\u010deno z d\u016fvodu napln\u011bn\u00ed kapacity s\u00e1lu.<\/h1>\n<p>Pro p\u0159ihl\u00e1\u0161en\u00ed vyu\u017eijte n\u00e1\u0161 e-shop. Po odesl\u00e1n\u00ed objedn\u00e1vky na\u00a0 semin\u00e1\u0159 obdr\u017e\u00edte potvrzen\u00ed s informacemi o platb\u011b. Program s informacemi lze vytisknout po kliknut\u00ed s odkazem na soubor n\u00ed\u017ee nebo v e-shopu.<\/p>\n<h1><a href=\"https:\/\/www.cai.cz\/wp-content\/uploads\/2023\/10\/pozvanka-sem_Eurachem_PRAHA.pdf\"><strong><span style=\"font-size: 14pt;\">Pozv\u00e1nka<\/span><\/strong><\/a><\/h1>\n<hr \/>\n<h3>Program semin\u00e1\u0159e<\/h3>\n<p>09:30-10:00<br \/>\n<b>Registrace \u00fa\u010dastn\u00edk\u016f\u00a0\u00a0\u00a0\u00a0\u00a0\u00a0\u00a0\u00a0 <\/b><\/p>\n<p>10:00-10:05<br \/>\n<b>\u00davodn\u00ed slovo<br \/>\n<\/b>(Ing. Jan Vel\u00ed\u0161ek, \u010cIA)<\/p>\n<p>10:05-10:35<br \/>\n<b>Nejistota m\u011b\u0159en\u00ed I \u2014obecn\u00e9 informace a postup zdola nahoru<br \/>\n<\/b>(RNDr. V\u00e1clav \u010cerven\u00fd, Ph.D., Eurachem-\u010cR)<\/p>\n<p>10:35-11:05<br \/>\n<b>Nejistota m\u011b\u0159en\u00ed II \u2014 postup\u00a0 shora dol\u016f a aktu\u00e1ln\u00ed trendy<br \/>\n<\/b>(doc. Ing. David Milde, Ph.D., Eurachem-\u010cR )<\/p>\n<p>11:05-11:35<br \/>\n<b>Pr\u00e1ce s nejistotami v provozn\u00ed vodohospod\u00e1\u0159sk\u00e9 laborato\u0159i<\/b><br \/>\n(Ing. Jan Vil\u00edmec, Ing. Lenka Vavru\u0161kov\u00e1, Ing. Jana Kab\u00e1tov\u00e1, Pra\u017esk\u00e9 vodovody a kanalizace, a.s.)<\/p>\n<p>11:35-12:05<br \/>\n<b>Pou\u017e\u00edv\u00e1n\u00ed CRM v laborato\u0159\u00edch<br \/>\n<\/b>(Ing. Martin Valenta, \u010cIA)<\/p>\n<p>12:05-12:45<br \/>\n<b>P\u0159est\u00e1vka<\/b><\/p>\n<p>12:45-13:15<br \/>\n<b>Pou\u017eit\u00ed informac\u00ed o nejistot\u011b k posuzov\u00e1n\u00ed shody\u2014pokyny Eurachem-\u010cR a ILAC G8<br \/>\n<\/b>(doc. Ing. David Milde, Ph.D., Eurachem-\u010cR)<\/p>\n<p>13:15-13:45<br \/>\n<b>V\u00fdrok o shod\u011b, stanoviska a interpretace podle normy \u010cSN EN ISO\/IEC 17025:2018<br \/>\n<\/b>(Mgr. Nicole Vinklov\u00e1, \u010cIA)<\/p>\n<p>13:45-14:15<br \/>\n<b>Flexibiln\u00ed rozsah akreditace<\/b><br \/>\n(Ing. Jan Vel\u00ed\u0161ek, \u010cIA)<\/p>\n<p>14:15-14:45<br \/>\n<b>\u0158\u00edzen\u00ed neshod<\/b><br \/>\n(Ing. Gor Petrosjan, \u010cIA)<\/p>\n<p>14:45-15:15<br \/>\n<b>Diskuse, zakon\u010den\u00ed semin\u00e1\u0159e<\/b><\/p>\n<p>&nbsp;<\/p>\n","protected":false},"excerpt":{"rendered":"<p>V\u00e1\u017een\u00ed klienti, \u010cesk\u00fd institut pro akreditaci, o.p.s. ve spolupr\u00e1ci s n\u00e1rodn\u00ed organizac\u00ed Eurachem-\u010cR, z.s.\u00a0 pro velk\u00fd z\u00e1jem opakuje \u0159\u00edjnov\u00fd semin\u00e1\u0159 pro laborato\u0159e akreditovan\u00e9 dle normy&hellip;<\/p>\n","protected":false},"author":14,"featured_media":0,"template":"","meta":{"_acf_changed":false,"_price":"","_stock":"","_tribe_ticket_header":"","_tribe_default_ticket_provider":"","_tribe_ticket_capacity":"0","_ticket_start_date":"","_ticket_end_date":"","_tribe_ticket_show_description":"","_tribe_ticket_show_not_going":false,"_tribe_ticket_use_global_stock":"","_tribe_ticket_global_stock_level":"","_global_stock_mode":"","_global_stock_cap":"","_tribe_rsvp_for_event":"","_tribe_ticket_going_count":"","_tribe_ticket_not_going_count":"","_tribe_tickets_list":"[]","_tribe_ticket_has_attendee_info_fields":false,"_tribe_events_status":"","_tribe_events_status_reason":"","footnotes":"","_tec_slr_enabled":"","_tec_slr_layout":""},"tags":[59],"tribe_events_cat":[91],"class_list":["post-17253","tribe_events","type-tribe_events","status-publish","hentry","tag-59","tribe_events_cat-seminar","cat_seminar"],"acf":[],"ticketed":false,"_links":{"self":[{"href":"https:\/\/www.cai.cz\/index.php?rest_route=\/wp\/v2\/tribe_events\/17253","targetHints":{"allow":["GET"]}}],"collection":[{"href":"https:\/\/www.cai.cz\/index.php?rest_route=\/wp\/v2\/tribe_events"}],"about":[{"href":"https:\/\/www.cai.cz\/index.php?rest_route=\/wp\/v2\/types\/tribe_events"}],"author":[{"embeddable":true,"href":"https:\/\/www.cai.cz\/index.php?rest_route=\/wp\/v2\/users\/14"}],"version-history":[{"count":34,"href":"https:\/\/www.cai.cz\/index.php?rest_route=\/wp\/v2\/tribe_events\/17253\/revisions"}],"predecessor-version":[{"id":19293,"href":"https:\/\/www.cai.cz\/index.php?rest_route=\/wp\/v2\/tribe_events\/17253\/revisions\/19293"}],"wp:attachment":[{"href":"https:\/\/www.cai.cz\/index.php?rest_route=%2Fwp%2Fv2%2Fmedia&parent=17253"}],"wp:term":[{"taxonomy":"post_tag","embeddable":true,"href":"https:\/\/www.cai.cz\/index.php?rest_route=%2Fwp%2Fv2%2Ftags&post=17253"},{"taxonomy":"tribe_events_cat","embeddable":true,"href":"https:\/\/www.cai.cz\/index.php?rest_route=%2Fwp%2Fv2%2Ftribe_events_cat&post=17253"}],"curies":[{"name":"wp","href":"https:\/\/api.w.org\/{rel}","templated":true}]}}

Seminář pro laboratoře akreditované dle normy ČSN EN ISO/IEC 17025:2018 &#8211; Praha &#8211; opakování

<p>Vážení klienti,</p>
<p>Český institut pro akreditaci, o.p.s. ve spolupráci s národní organizací Eurachem-ČR, z.s.  pro velký zájem opakuje říjnový seminář pro laboratoře akreditované dle normy ČSN EN ISO/IEC 17025:2018, který bude zaměřen na nejistoty měření a vzorkování, výrok o shodě, flexibilní rozsah akreditace a řešení neshod.</p>
<p><em>Ing. Jan Velíšek</em></p>
<p><em>ředitel odboru zkušebních a kalibračních laboratoří</em></p>
<hr />
<h1>Přihlašování na seminář bylo ukončeno z důvodu naplnění kapacity sálu.</h1>
<p>Pro přihlášení využijte náš e-shop. Po odeslání objednávky na  seminář obdržíte potvrzení s informacemi o platbě. Program s informacemi lze vytisknout po kliknutí s odkazem na soubor níže nebo v e-shopu.</p>
<h1><a href="https://www.cai.cz/wp-content/uploads/2023/10/pozvanka-sem_Eurachem_PRAHA.pdf"><strong><span style="font-size: 14pt;">Pozvánka</span></strong></a></h1>
<hr />
<h3>Program semináře</h3>
<p>09:30-10:00<br />
<b>Registrace účastníků         </b></p>
<p>10:00-10:05<br />
<b>Úvodní slovo<br />
</b>(Ing. Jan Velíšek, ČIA)</p>
<p>10:05-10:35<br />
<b>Nejistota měření I —obecné informace a postup zdola nahoru<br />
</b>(RNDr. Václav Červený, Ph.D., Eurachem-ČR)</p>
<p>10:35-11:05<br />
<b>Nejistota měření II — postup  shora dolů a aktuální trendy<br />
</b>(doc. Ing. David Milde, Ph.D., Eurachem-ČR )</p>
<p>11:05-11:35<br />
<b>Práce s nejistotami v provozní vodohospodářské laboratoři</b><br />
(Ing. Jan Vilímec, Ing. Lenka Vavrušková, Ing. Jana Kabátová, Pražské vodovody a kanalizace, a.s.)</p>
<p>11:35-12:05<br />
<b>Používání CRM v laboratořích<br />
</b>(Ing. Martin Valenta, ČIA)</p>
<p>12:05-12:45<br />
<b>Přestávka</b></p>
<p>12:45-13:15<br />
<b>Použití informací o nejistotě k posuzování shody—pokyny Eurachem-ČR a ILAC G8<br />
</b>(doc. Ing. David Milde, Ph.D., Eurachem-ČR)</p>
<p>13:15-13:45<br />
<b>Výrok o shodě, stanoviska a interpretace podle normy ČSN EN ISO/IEC 17025:2018<br />
</b>(Mgr. Nicole Vinklová, ČIA)</p>
<p>13:45-14:15<br />
<b>Flexibilní rozsah akreditace</b><br />
(Ing. Jan Velíšek, ČIA)</p>
<p>14:15-14:45<br />
<b>Řízení neshod</b><br />
(Ing. Gor Petrosjan, ČIA)</p>
<p>14:45-15:15<br />
<b>Diskuse, zakončení semináře</b></p>
<p>&nbsp;</p>

<p>Vážení klienti, Český institut pro akreditaci, o.p.s. ve spolupráci s národní organizací Eurachem-ČR, z.s.  pro velký zájem opakuje říjnový seminář pro laboratoře akreditované dle normy&hellip;</p>
