{"id":2622,"date":"2019-02-14T12:42:10","date_gmt":"2019-02-14T11:42:10","guid":{"rendered":"http:\/\/srvwww1.cai.internal\/?post_type=tribe_events&#038;p=2622"},"modified":"2020-07-02T14:09:37","modified_gmt":"2020-07-02T12:09:37","slug":"pristup-k-cmc-a-vypocet-nejmensich-nejistot-obor-tlak","status":"publish","type":"tribe_events","link":"https:\/\/www.cai.cz\/?tribe_events=pristup-k-cmc-a-vypocet-nejmensich-nejistot-obor-tlak","title":{"rendered":"Semin\u00e1\u0159 P\u0159\u00edstup k CMC a v\u00fdpo\u010det nejmen\u0161\u00edch nejistot &#8211; obor &#8222;tlak&#8220;, 20. 3. 2019"},"content":{"rendered":"<p>\u010cesk\u00fd institut pro akreditaci, o.p.s. po\u0159\u00e1d\u00e1 semin\u00e1\u0159, jeho\u017e podstatou je sezn\u00e1men\u00ed s\u00a0v\u00fdsledky \u00fakolu z\u00a0programu rozvoje metrologie (PRM) za rok 2018 v\u00a0oboru tlak (\u010d. VII\/5\/18 \u201ePodklad pro pr\u016fb\u011b\u017en\u00e9 sjednocov\u00e1n\u00ed v\u00fdpo\u010dtu CMC v\u00a0akreditovan\u00fdch kalibra\u010dn\u00edch laborato\u0159\u00edch<br \/>\nv\u00a0oboru tlak\u201c) a kter\u00fd je ur\u010den\u00fd zejm\u00e9na pro pracovn\u00edky kalibra\u010dn\u00edch laborato\u0159\u00ed, p\u0159\u00edpadn\u011b zku\u0161ebn\u00edch laborato\u0159\u00ed prov\u00e1d\u011bj\u00edc\u00edch intern\u00ed kalibrace a dal\u0161\u00ed odborn\u00edky v\u00a0t\u00e9to oblasti.<\/p>\n<p>Tento semin\u00e1\u0159 je vhodnou vzd\u011bl\u00e1vac\u00ed a informa\u010dn\u00ed akc\u00ed pro v\u0161echny z\u00e1jemce o m\u011b\u0159en\u00ed<br \/>\na kalibrace v\u00a0oboru tlak, p\u0159edev\u0161\u00edm pracovn\u00edky kalibra\u010dn\u00edch laborato\u0159\u00ed, ale i pro jejich z\u00e1kazn\u00edky, kte\u0159\u00ed maj\u00ed z\u00e1jem kvalifikovan\u011b volit sv\u00e9 dodavatele.<\/p>\n<p>Bude zam\u011b\u0159en na kalibra\u010dn\u00ed postupy a vyhodnocen\u00ed kalibra\u010dn\u00ed a m\u011b\u0159ic\u00ed schopnosti laborato\u0159e v\u010d.\u00a0nejmen\u0161\u00ed ud\u00e1van\u00e9 hodnoty nejistoty (CMC) p\u0159i kalibrac\u00edch r\u016fzn\u00fdch druh\u016f m\u011b\u0159idel tlaku. Sjednocen\u00edm pohledu odborn\u00e9 ve\u0159ejnosti na v\u00fdznam jednotliv\u00fdch p\u0159\u00edsp\u011bvk\u016f k\u00a0nejistot\u011b kalibrace a na tvorbu rozpo\u010dtu nejistoty se zv\u00fd\u0161\u00ed porovnatelnost informac\u00ed obsa\u017een\u00fdch v\u00a0p\u0159\u00edloh\u00e1ch osv\u011bd\u010den\u00ed o akreditaci, a tedy objektivita hodnocen\u00ed vhodnosti jednotliv\u00fdch laborato\u0159\u00ed pro slu\u017ebu po\u017eadovanou z\u00e1kazn\u00edkem.<\/p>\n<p>T\u011b\u0161\u00edme se na osobn\u00ed setk\u00e1n\u00ed s V\u00e1mi!<\/p>\n<p style=\"text-align: center;\"><strong>Ing. Pavel Nosek<\/strong><\/p>\n<p style=\"text-align: center;\"><strong>\u0159editel odboru zku\u0161ebn\u00edch a kalibra\u010dn\u00edch laborato\u0159\u00ed<\/strong><\/p>\n<hr \/>\n<h2><a href=\"http:\/\/eshop.cai.cz\/\">E-shop \u010cIA &#8211; p\u0159ihl\u00e1\u0161ka na semin\u00e1\u0159<\/a><\/h2>\n<p>Pro p\u0159ihl\u00e1\u0161en\u00ed vyu\u017eijte n\u00e1\u0161 e-shop. Po odesl\u00e1n\u00ed objedn\u00e1vky na vybran\u00fd semin\u00e1\u0159 obdr\u017e\u00edte potvrzen\u00ed s informacemi o platb\u011b.<\/p>\n<hr \/>\n<h2>Program<\/h2>\n<table style=\"height: 387px;\" width=\"1049\">\n<tbody>\n<tr style=\"height: 24px;\">\n<td style=\"width: 935.483px; height: 24px;\"><span style=\"font-size: 12pt;\">Registrace \u00fa\u010dastn\u00edk\u016f<\/span><\/td>\n<td style=\"width: 46.7333px; height: 24px;\"><span style=\"font-size: 12pt;\">09:30<\/span><\/td>\n<td style=\"width: 45.45px; height: 24px;\"><span style=\"font-size: 12pt;\">10:00<\/span><\/td>\n<\/tr>\n<tr style=\"height: 80px;\">\n<td style=\"width: 935.483px; height: 51px;\"><span style=\"font-size: 12pt;\"><strong>\u00davodn\u00ed slovo\u00a0\u00a0<\/strong> Ing. Pavel Nosek<\/span><br \/>\n<span style=\"font-size: 12pt;\"><strong>Stanovov\u00e1n\u00ed CMC laborato\u0159\u00ed a sjednocov\u00e1n\u00ed metodiky v\u00fdpo\u010dtu nejistot pro obor tlak\u00a0\u00a0<\/strong> Ing. M. Valenta, \u010cIA<strong><br \/>\n<\/strong><\/span><\/td>\n<td style=\"width: 46.7333px; height: 51px;\"><span style=\"font-size: 12pt;\">10:00<\/span><\/td>\n<td style=\"width: 45.45px; height: 51px;\"><span style=\"font-size: 12pt;\">10:10<\/span><\/td>\n<\/tr>\n<tr style=\"height: 24px;\">\n<td style=\"width: 935.483px; height: 24px;\"><span style=\"font-size: 12pt;\"><strong>Stanoven\u00ed CMC a zp\u0159esn\u011bn\u00ed obsahu pojmu<\/strong>\u00a0\u00a0 Ing. M. Valenta, \u010cIA<\/span><\/td>\n<td style=\"width: 46.7333px; height: 24px;\"><span style=\"font-size: 12pt;\">10:10<\/span><\/td>\n<td style=\"width: 45.45px; height: 24px;\"><span style=\"font-size: 12pt;\">10:35<\/span><\/td>\n<\/tr>\n<tr style=\"height: 24px;\">\n<td style=\"width: 935.483px; height: 24px;\"><span style=\"font-size: 12pt;\"><strong>V\u00fdchodiska a zdroje nejistot\u00a0\u00a0 <\/strong>Ing. J. Vojt\u00ed\u0161ek, \u010cMI<\/span><\/td>\n<td style=\"width: 46.7333px; height: 24px;\"><span style=\"font-size: 12pt;\">10:35<\/span><\/td>\n<td style=\"width: 45.45px; height: 24px;\"><span style=\"font-size: 12pt;\">11:00<\/span><\/td>\n<\/tr>\n<tr style=\"height: 24px;\">\n<td style=\"width: 935.483px; height: 24px;\"><span style=\"font-size: 12pt;\">P\u0159est\u00e1vka<\/span><\/td>\n<td style=\"width: 46.7333px; height: 24px;\"><span style=\"font-size: 12pt;\">11:00<\/span><\/td>\n<td style=\"width: 45.45px; height: 24px;\"><span style=\"font-size: 12pt;\">11:10<\/span><\/td>\n<\/tr>\n<tr style=\"height: 24px;\">\n<td style=\"width: 935.483px; height: 24px;\"><span style=\"font-size: 12pt;\"><strong>Rozbor vybran\u00fdch zdroj\u016f nejistot\u00a0\u00a0 <\/strong>Ing. J. Vojt\u00ed\u0161ek, \u010cMI<\/span><\/td>\n<td style=\"width: 46.7333px; height: 24px;\"><span style=\"font-size: 12pt;\">11:10<\/span><\/td>\n<td style=\"width: 45.45px; height: 24px;\"><span style=\"font-size: 12pt;\">11:25<\/span><\/td>\n<\/tr>\n<tr style=\"height: 24px;\">\n<td style=\"width: 935.483px; height: 24px;\"><span style=\"font-size: 12pt;\"><strong>P\u0159\u00edstupy k\u00a0ur\u010dov\u00e1n\u00ed nejistoty m\u011b\u0159en\u00ed\u00a0\u00a0<\/strong> Ing. J. Vojt\u00ed\u0161ek, \u010cMI<\/span><\/td>\n<td style=\"width: 46.7333px; height: 24px;\"><span style=\"font-size: 12pt;\">11:25<\/span><\/td>\n<td style=\"width: 45.45px; height: 24px;\"><span style=\"font-size: 12pt;\">11:55<\/span><\/td>\n<\/tr>\n<tr style=\"height: 24px;\">\n<td style=\"width: 935.483px; height: 24px;\"><span style=\"font-size: 12pt;\">P\u0159est\u00e1vka na ob\u011bd<strong><br \/>\n<\/strong><\/span><\/td>\n<td style=\"width: 46.7333px; height: 24px;\"><span style=\"font-size: 12pt;\">11:55<\/span><\/td>\n<td style=\"width: 45.45px; height: 24px;\"><span style=\"font-size: 12pt;\">12:45<\/span><\/td>\n<\/tr>\n<tr style=\"height: 24px;\">\n<td style=\"width: 935.483px; height: 24px;\"><span style=\"font-size: 12pt;\"><strong>Doporu\u010den\u00ed pro stanoven\u00ed nejni\u017e\u0161\u00ed ud\u00e1van\u00e9 nejistoty p\u00edstov\u00e9ho tlakom\u011bru\u00a0\u00a0 <\/strong>Ing. J. Vojt\u00ed\u0161ek, \u010cMI<\/span><\/td>\n<td style=\"width: 46.7333px; height: 24px;\"><span style=\"font-size: 12pt;\">12:45<\/span><\/td>\n<td style=\"width: 45.45px; height: 24px;\"><span style=\"font-size: 12pt;\">13:30<\/span><\/td>\n<\/tr>\n<tr style=\"height: 24px;\">\n<td style=\"width: 935.483px; height: 24px;\"><span style=\"font-size: 12pt;\"><strong>Doporu\u010den\u00ed pro stanoven\u00ed nejni\u017e\u0161\u00ed ud\u00e1van\u00e9 nejistoty ostatn\u00edch m\u011b\u0159idel tlaku\u00a0\u00a0 <\/strong>Ing. J. Vojt\u00ed\u0161ek, \u010cMI<\/span><\/td>\n<td style=\"width: 46.7333px; height: 24px;\"><span style=\"font-size: 12pt;\">13:30<\/span><\/td>\n<td style=\"width: 45.45px; height: 24px;\"><span style=\"font-size: 12pt;\">14:15<\/span><\/td>\n<\/tr>\n<tr style=\"height: 24px;\">\n<td style=\"width: 935.483px; height: 24px;\"><span style=\"font-size: 12pt;\">P\u0159est\u00e1vka<\/span><\/td>\n<td style=\"width: 46.7333px; height: 24px;\"><span style=\"font-size: 12pt;\">14:15<\/span><\/td>\n<td style=\"width: 45.45px; height: 24px;\"><span style=\"font-size: 12pt;\">14:30<\/span><\/td>\n<\/tr>\n<tr style=\"height: 24px;\">\n<td style=\"width: 935.483px; height: 24px;\"><span style=\"font-size: 12pt;\"><strong>P\u0159\u00edstup ke stanoven\u00ed nejistoty m\u011b\u0159en\u00ed (p\u0159\u00edklad)\u00a0\u00a0<\/strong> Ing. J. Vojt\u00ed\u0161ek, \u010cMI<\/span><\/td>\n<td style=\"width: 46.7333px; height: 24px;\"><span style=\"font-size: 12pt;\">14:30<\/span><\/td>\n<td style=\"width: 45.45px; height: 24px;\"><span style=\"font-size: 12pt;\">14:45<\/span><\/td>\n<\/tr>\n<tr style=\"height: 24px;\">\n<td style=\"width: 935.483px; height: 24px;\"><span style=\"font-size: 12pt;\"><strong>V\u00fdstupy \u00fakolu PRM 2018 VII\/5\/18 a jejich implementace\u00a0\u00a0 <\/strong>Ing. M. Valenta, \u010cIA<\/span><\/td>\n<td style=\"width: 46.7333px; height: 24px;\"><span style=\"font-size: 12pt;\">14:45<\/span><\/td>\n<td style=\"width: 45.45px; height: 24px;\"><span style=\"font-size: 12pt;\">15:15<\/span><\/td>\n<\/tr>\n<tr style=\"height: 24px;\">\n<td style=\"width: 935.483px; height: 24px;\"><span style=\"font-size: 12pt;\"><strong>Diskuze a z\u00e1v\u011br\u00a0\u00a0 <\/strong>Ing. J. Vojt\u00ed\u0161ek, \u010cMI, Ing. M. Valenta, \u010cIA<\/span><\/td>\n<td style=\"width: 46.7333px; height: 24px;\"><span style=\"font-size: 12pt;\">15:15<\/span><\/td>\n<td style=\"width: 45.45px; height: 24px;\"><span style=\"font-size: 12pt;\">15:45<\/span><\/td>\n<\/tr>\n<tr style=\"height: 24px;\">\n<td style=\"width: 935.483px; height: 24px;\"><span style=\"font-size: 12pt;\">Zakon\u010den\u00ed semin\u00e1\u0159e<strong><br \/>\n<\/strong><\/span><\/td>\n<td style=\"width: 46.7333px; height: 24px;\"><\/td>\n<td style=\"width: 45.45px; height: 24px;\"><span style=\"font-size: 12pt;\">15:45<\/span><\/td>\n<\/tr>\n<\/tbody>\n<\/table>\n<hr \/>\n<h2><a href=\"https:\/\/www.cai.cz\/wp-content\/uploads\/2019\/02\/seminar_tlak.pdf\">Program ke sta\u017een\u00ed<\/a><\/h2>\n<hr \/>\n<h2>[wpforms id=&#8220;2236&#8243; title=&#8220;true&#8220;]<\/h2>\n","protected":false},"excerpt":{"rendered":"<p>\u010cesk\u00fd institut pro akreditaci, o.p.s. po\u0159\u00e1d\u00e1 semin\u00e1\u0159, jeho\u017e podstatou je sezn\u00e1men\u00ed s\u00a0v\u00fdsledky \u00fakolu z\u00a0programu rozvoje metrologie (PRM) za rok 2018 v\u00a0oboru tlak (\u010d. VII\/5\/18 \u201ePodklad&hellip;<\/p>\n","protected":false},"author":2,"featured_media":0,"template":"","meta":{"_acf_changed":false,"_price":"","_stock":"","_tribe_ticket_header":"","_tribe_default_ticket_provider":"","_tribe_ticket_capacity":"0","_ticket_start_date":"","_ticket_end_date":"","_tribe_ticket_show_description":"","_tribe_ticket_show_not_going":false,"_tribe_ticket_use_global_stock":"","_tribe_ticket_global_stock_level":"","_global_stock_mode":"","_global_stock_cap":"","_tribe_rsvp_for_event":"","_tribe_ticket_going_count":"","_tribe_ticket_not_going_count":"","_tribe_tickets_list":"[]","_tribe_ticket_has_attendee_info_fields":false,"_tribe_events_status":"","_tribe_events_status_reason":"","footnotes":"","_tec_slr_enabled":"","_tec_slr_layout":""},"tags":[79,99],"tribe_events_cat":[91],"class_list":["post-2622","tribe_events","type-tribe_events","status-publish","hentry","tag-seminar","tag-tlak","tribe_events_cat-seminar","cat_seminar"],"acf":[],"ticketed":false,"_links":{"self":[{"href":"https:\/\/www.cai.cz\/index.php?rest_route=\/wp\/v2\/tribe_events\/2622","targetHints":{"allow":["GET"]}}],"collection":[{"href":"https:\/\/www.cai.cz\/index.php?rest_route=\/wp\/v2\/tribe_events"}],"about":[{"href":"https:\/\/www.cai.cz\/index.php?rest_route=\/wp\/v2\/types\/tribe_events"}],"author":[{"embeddable":true,"href":"https:\/\/www.cai.cz\/index.php?rest_route=\/wp\/v2\/users\/2"}],"version-history":[{"count":10,"href":"https:\/\/www.cai.cz\/index.php?rest_route=\/wp\/v2\/tribe_events\/2622\/revisions"}],"predecessor-version":[{"id":4360,"href":"https:\/\/www.cai.cz\/index.php?rest_route=\/wp\/v2\/tribe_events\/2622\/revisions\/4360"}],"wp:attachment":[{"href":"https:\/\/www.cai.cz\/index.php?rest_route=%2Fwp%2Fv2%2Fmedia&parent=2622"}],"wp:term":[{"taxonomy":"post_tag","embeddable":true,"href":"https:\/\/www.cai.cz\/index.php?rest_route=%2Fwp%2Fv2%2Ftags&post=2622"},{"taxonomy":"tribe_events_cat","embeddable":true,"href":"https:\/\/www.cai.cz\/index.php?rest_route=%2Fwp%2Fv2%2Ftribe_events_cat&post=2622"}],"curies":[{"name":"wp","href":"https:\/\/api.w.org\/{rel}","templated":true}]}}

Seminář Přístup k CMC a výpočet nejmenších nejistot &#8211; obor &#8222;tlak&#8220;, 20. 3. 2019

<p>Český institut pro akreditaci, o.p.s. pořádá seminář, jehož podstatou je seznámení s výsledky úkolu z programu rozvoje metrologie (PRM) za rok 2018 v oboru tlak (č. VII/5/18 „Podklad pro průběžné sjednocování výpočtu CMC v akreditovaných kalibračních laboratořích<br />
v oboru tlak“) a který je určený zejména pro pracovníky kalibračních laboratoří, případně zkušebních laboratoří provádějících interní kalibrace a další odborníky v této oblasti.</p>
<p>Tento seminář je vhodnou vzdělávací a informační akcí pro všechny zájemce o měření<br />
a kalibrace v oboru tlak, především pracovníky kalibračních laboratoří, ale i pro jejich zákazníky, kteří mají zájem kvalifikovaně volit své dodavatele.</p>
<p>Bude zaměřen na kalibrační postupy a vyhodnocení kalibrační a měřicí schopnosti laboratoře vč. nejmenší udávané hodnoty nejistoty (CMC) při kalibracích různých druhů měřidel tlaku. Sjednocením pohledu odborné veřejnosti na význam jednotlivých příspěvků k nejistotě kalibrace a na tvorbu rozpočtu nejistoty se zvýší porovnatelnost informací obsažených v přílohách osvědčení o akreditaci, a tedy objektivita hodnocení vhodnosti jednotlivých laboratoří pro službu požadovanou zákazníkem.</p>
<p>Těšíme se na osobní setkání s Vámi!</p>
<p style="text-align: center;"><strong>Ing. Pavel Nosek</strong></p>
<p style="text-align: center;"><strong>ředitel odboru zkušebních a kalibračních laboratoří</strong></p>
<hr />
<h2><a href="http://eshop.cai.cz/">E-shop ČIA &#8211; přihláška na seminář</a></h2>
<p>Pro přihlášení využijte náš e-shop. Po odeslání objednávky na vybraný seminář obdržíte potvrzení s informacemi o platbě.</p>
<hr />
<h2>Program</h2>
<table style="height: 387px;" width="1049">
<tbody>
<tr style="height: 24px;">
<td style="width: 935.483px; height: 24px;"><span style="font-size: 12pt;">Registrace účastníků</span></td>
<td style="width: 46.7333px; height: 24px;"><span style="font-size: 12pt;">09:30</span></td>
<td style="width: 45.45px; height: 24px;"><span style="font-size: 12pt;">10:00</span></td>
</tr>
<tr style="height: 80px;">
<td style="width: 935.483px; height: 51px;"><span style="font-size: 12pt;"><strong>Úvodní slovo  </strong> Ing. Pavel Nosek</span><br />
<span style="font-size: 12pt;"><strong>Stanovování CMC laboratoří a sjednocování metodiky výpočtu nejistot pro obor tlak  </strong> Ing. M. Valenta, ČIA<strong><br />
</strong></span></td>
<td style="width: 46.7333px; height: 51px;"><span style="font-size: 12pt;">10:00</span></td>
<td style="width: 45.45px; height: 51px;"><span style="font-size: 12pt;">10:10</span></td>
</tr>
<tr style="height: 24px;">
<td style="width: 935.483px; height: 24px;"><span style="font-size: 12pt;"><strong>Stanovení CMC a zpřesnění obsahu pojmu</strong>   Ing. M. Valenta, ČIA</span></td>
<td style="width: 46.7333px; height: 24px;"><span style="font-size: 12pt;">10:10</span></td>
<td style="width: 45.45px; height: 24px;"><span style="font-size: 12pt;">10:35</span></td>
</tr>
<tr style="height: 24px;">
<td style="width: 935.483px; height: 24px;"><span style="font-size: 12pt;"><strong>Východiska a zdroje nejistot   </strong>Ing. J. Vojtíšek, ČMI</span></td>
<td style="width: 46.7333px; height: 24px;"><span style="font-size: 12pt;">10:35</span></td>
<td style="width: 45.45px; height: 24px;"><span style="font-size: 12pt;">11:00</span></td>
</tr>
<tr style="height: 24px;">
<td style="width: 935.483px; height: 24px;"><span style="font-size: 12pt;">Přestávka</span></td>
<td style="width: 46.7333px; height: 24px;"><span style="font-size: 12pt;">11:00</span></td>
<td style="width: 45.45px; height: 24px;"><span style="font-size: 12pt;">11:10</span></td>
</tr>
<tr style="height: 24px;">
<td style="width: 935.483px; height: 24px;"><span style="font-size: 12pt;"><strong>Rozbor vybraných zdrojů nejistot   </strong>Ing. J. Vojtíšek, ČMI</span></td>
<td style="width: 46.7333px; height: 24px;"><span style="font-size: 12pt;">11:10</span></td>
<td style="width: 45.45px; height: 24px;"><span style="font-size: 12pt;">11:25</span></td>
</tr>
<tr style="height: 24px;">
<td style="width: 935.483px; height: 24px;"><span style="font-size: 12pt;"><strong>Přístupy k určování nejistoty měření  </strong> Ing. J. Vojtíšek, ČMI</span></td>
<td style="width: 46.7333px; height: 24px;"><span style="font-size: 12pt;">11:25</span></td>
<td style="width: 45.45px; height: 24px;"><span style="font-size: 12pt;">11:55</span></td>
</tr>
<tr style="height: 24px;">
<td style="width: 935.483px; height: 24px;"><span style="font-size: 12pt;">Přestávka na oběd<strong><br />
</strong></span></td>
<td style="width: 46.7333px; height: 24px;"><span style="font-size: 12pt;">11:55</span></td>
<td style="width: 45.45px; height: 24px;"><span style="font-size: 12pt;">12:45</span></td>
</tr>
<tr style="height: 24px;">
<td style="width: 935.483px; height: 24px;"><span style="font-size: 12pt;"><strong>Doporučení pro stanovení nejnižší udávané nejistoty pístového tlakoměru   </strong>Ing. J. Vojtíšek, ČMI</span></td>
<td style="width: 46.7333px; height: 24px;"><span style="font-size: 12pt;">12:45</span></td>
<td style="width: 45.45px; height: 24px;"><span style="font-size: 12pt;">13:30</span></td>
</tr>
<tr style="height: 24px;">
<td style="width: 935.483px; height: 24px;"><span style="font-size: 12pt;"><strong>Doporučení pro stanovení nejnižší udávané nejistoty ostatních měřidel tlaku   </strong>Ing. J. Vojtíšek, ČMI</span></td>
<td style="width: 46.7333px; height: 24px;"><span style="font-size: 12pt;">13:30</span></td>
<td style="width: 45.45px; height: 24px;"><span style="font-size: 12pt;">14:15</span></td>
</tr>
<tr style="height: 24px;">
<td style="width: 935.483px; height: 24px;"><span style="font-size: 12pt;">Přestávka</span></td>
<td style="width: 46.7333px; height: 24px;"><span style="font-size: 12pt;">14:15</span></td>
<td style="width: 45.45px; height: 24px;"><span style="font-size: 12pt;">14:30</span></td>
</tr>
<tr style="height: 24px;">
<td style="width: 935.483px; height: 24px;"><span style="font-size: 12pt;"><strong>Přístup ke stanovení nejistoty měření (příklad)  </strong> Ing. J. Vojtíšek, ČMI</span></td>
<td style="width: 46.7333px; height: 24px;"><span style="font-size: 12pt;">14:30</span></td>
<td style="width: 45.45px; height: 24px;"><span style="font-size: 12pt;">14:45</span></td>
</tr>
<tr style="height: 24px;">
<td style="width: 935.483px; height: 24px;"><span style="font-size: 12pt;"><strong>Výstupy úkolu PRM 2018 VII/5/18 a jejich implementace   </strong>Ing. M. Valenta, ČIA</span></td>
<td style="width: 46.7333px; height: 24px;"><span style="font-size: 12pt;">14:45</span></td>
<td style="width: 45.45px; height: 24px;"><span style="font-size: 12pt;">15:15</span></td>
</tr>
<tr style="height: 24px;">
<td style="width: 935.483px; height: 24px;"><span style="font-size: 12pt;"><strong>Diskuze a závěr   </strong>Ing. J. Vojtíšek, ČMI, Ing. M. Valenta, ČIA</span></td>
<td style="width: 46.7333px; height: 24px;"><span style="font-size: 12pt;">15:15</span></td>
<td style="width: 45.45px; height: 24px;"><span style="font-size: 12pt;">15:45</span></td>
</tr>
<tr style="height: 24px;">
<td style="width: 935.483px; height: 24px;"><span style="font-size: 12pt;">Zakončení semináře<strong><br />
</strong></span></td>
<td style="width: 46.7333px; height: 24px;"></td>
<td style="width: 45.45px; height: 24px;"><span style="font-size: 12pt;">15:45</span></td>
</tr>
</tbody>
</table>
<hr />
<h2><a href="https://www.cai.cz/wp-content/uploads/2019/02/seminar_tlak.pdf">Program ke stažení</a></h2>
<hr />
<h2>[wpforms id=&#8220;2236&#8243; title=&#8220;true&#8220;]</h2>

<p>Český institut pro akreditaci, o.p.s. pořádá seminář, jehož podstatou je seznámení s výsledky úkolu z programu rozvoje metrologie (PRM) za rok 2018 v oboru tlak (č. VII/5/18 „Podklad&hellip;</p>
